{"id":923,"date":"2021-07-17T09:25:00","date_gmt":"2021-07-17T09:25:00","guid":{"rendered":"https:\/\/koraledetale.pl\/?post_type=product&#038;p=923"},"modified":"2024-11-11T11:18:59","modified_gmt":"2024-11-11T11:18:59","slug":"kolczyki-z-ametystami","status":"publish","type":"product","link":"https:\/\/koraledetale.pl\/?product=kolczyki-z-ametystami","title":{"rendered":"Kolczyki HARMONIA z ametystami"},"content":{"rendered":"<p>Wielko\u015b\u0107 ametyst\u00f3w &#8211; 9&#215;5 mm.<\/p>\n<p>\u015arednica k\u00f3\u0142ek &#8211; 14 mm.<\/p>\n<p>D\u0142ugo\u015b\u0107 kolczyk\u00f3w &#8211; 2 cm.<\/p>\n","protected":false},"excerpt":{"rendered":"<p>Malutkie k\u00f3\u0142ka z nieuczulaj\u0105cej stali chirurgicznej (szlachetnej) z krystalicznym ametystem.<\/p>\n","protected":false},"featured_media":916,"comment_status":"open","ping_status":"closed","template":"","meta":{"advanced_seo_description":"","jetpack_seo_html_title":"","jetpack_seo_noindex":false},"product_brand":[],"product_cat":[229],"product_tag":[383,385,107,108,384],"class_list":{"0":"post-923","1":"product","2":"type-product","3":"status-publish","4":"has-post-thumbnail","6":"product_cat-sprzedane","7":"product_tag-kolczyki-z-ametystami","8":"product_tag-kolczyki-z-krysztalami","9":"product_tag-kolczyki-ze-stali-chirurgicznej","10":"product_tag-kolczyki-ze-stali-szlachetnej","11":"product_tag-kolka-z-ametystami","13":"first","14":"outofstock","15":"shipping-taxable","16":"product-type-simple"},"jetpack_sharing_enabled":true,"_links":{"self":[{"href":"https:\/\/koraledetale.pl\/index.php?rest_route=\/wp\/v2\/product\/923","targetHints":{"allow":["GET"]}}],"collection":[{"href":"https:\/\/koraledetale.pl\/index.php?rest_route=\/wp\/v2\/product"}],"about":[{"href":"https:\/\/koraledetale.pl\/index.php?rest_route=\/wp\/v2\/types\/product"}],"replies":[{"embeddable":true,"href":"https:\/\/koraledetale.pl\/index.php?rest_route=%2Fwp%2Fv2%2Fcomments&post=923"}],"wp:featuredmedia":[{"embeddable":true,"href":"https:\/\/koraledetale.pl\/index.php?rest_route=\/wp\/v2\/media\/916"}],"wp:attachment":[{"href":"https:\/\/koraledetale.pl\/index.php?rest_route=%2Fwp%2Fv2%2Fmedia&parent=923"}],"wp:term":[{"taxonomy":"product_brand","embeddable":true,"href":"https:\/\/koraledetale.pl\/index.php?rest_route=%2Fwp%2Fv2%2Fproduct_brand&post=923"},{"taxonomy":"product_cat","embeddable":true,"href":"https:\/\/koraledetale.pl\/index.php?rest_route=%2Fwp%2Fv2%2Fproduct_cat&post=923"},{"taxonomy":"product_tag","embeddable":true,"href":"https:\/\/koraledetale.pl\/index.php?rest_route=%2Fwp%2Fv2%2Fproduct_tag&post=923"}],"curies":[{"name":"wp","href":"https:\/\/api.w.org\/{rel}","templated":true}]}}