{"id":8303,"date":"2026-02-13T15:48:02","date_gmt":"2026-02-13T15:48:02","guid":{"rendered":"https:\/\/koraledetale.pl\/?post_type=product&#038;p=8303"},"modified":"2026-02-13T15:48:02","modified_gmt":"2026-02-13T15:48:02","slug":"naszyjnik-kosmiczna-eksplozja-z-perlami","status":"publish","type":"product","link":"https:\/\/koraledetale.pl\/?product=naszyjnik-kosmiczna-eksplozja-z-perlami","title":{"rendered":"Naszyjnik KOSMICZNA EKSPLOZJA z per\u0142ami"},"content":{"rendered":"<p>Wielko\u015b\u0107 kamieni:<\/p>\n<ul>\n<li>per\u0142a \u2013 ok. 8-14\u00d78 mm,<\/li>\n<li>hematyt \u2013 3 mm.<\/li>\n<\/ul>\n<p>D\u0142ugo\u015b\u0107 naszyjnika: 49 cm + zawieszka 3,2 cm.<\/p>\n<p>Kamienie zasupe\u0142kowane s\u0105 na czerwonej, mocnej nici jubilerskiej.<\/p>\n<p>Wszystkie elementy metalowe wykonane s\u0105 z nieuczulaj\u0105cej stali szlachetnej w kolorze z\u0142otym.<\/p>\n<p>&nbsp;<\/p>\n","protected":false},"excerpt":{"rendered":"<p>Naszyjnik z nieregularnych pere\u0142, mieni\u0105cych si\u0119 odcieniami szaro\u015bci, be\u017cu, r\u00f3\u017cu i fioletu, zasupe\u0142kowanych, na czerwonej nici jubilerskiej. Zwie\u0144czeniem naszyjnika jest zjawiskowa, du\u017ca, orientalna luna. W sznur pere\u0142 wplecione s\u0105 hematyty i ozdobne elementy oraz zawieszka &#8211; hamsa, zdobiona pi\u0119knym grawerunkiem (jednostronnie, druga strona jest g\u0142adka).<\/p>\n","protected":false},"featured_media":8295,"comment_status":"open","ping_status":"closed","template":"","meta":{"advanced_seo_description":"","jetpack_seo_html_title":"","jetpack_seo_noindex":false},"product_brand":[],"product_cat":[15],"product_tag":[33,757,66,2996,2997,57,31],"class_list":{"0":"post-8303","1":"product","2":"type-product","3":"status-publish","4":"has-post-thumbnail","6":"product_cat-naszyjniki","7":"product_tag-hamsa","8":"product_tag-lunula","9":"product_tag-naszyjnik-z-kamieniami-naturalnymi","10":"product_tag-naszyjnik-z-perel-z-lunula-i-hamsa","11":"product_tag-naszyjnik-z-perlami-na-czerwonej-nitce","12":"product_tag-perla","13":"product_tag-zloty-hematyt","15":"first","16":"instock","17":"shipping-taxable","18":"purchasable","19":"product-type-simple"},"jetpack_sharing_enabled":true,"_links":{"self":[{"href":"https:\/\/koraledetale.pl\/index.php?rest_route=\/wp\/v2\/product\/8303","targetHints":{"allow":["GET"]}}],"collection":[{"href":"https:\/\/koraledetale.pl\/index.php?rest_route=\/wp\/v2\/product"}],"about":[{"href":"https:\/\/koraledetale.pl\/index.php?rest_route=\/wp\/v2\/types\/product"}],"replies":[{"embeddable":true,"href":"https:\/\/koraledetale.pl\/index.php?rest_route=%2Fwp%2Fv2%2Fcomments&post=8303"}],"wp:featuredmedia":[{"embeddable":true,"href":"https:\/\/koraledetale.pl\/index.php?rest_route=\/wp\/v2\/media\/8295"}],"wp:attachment":[{"href":"https:\/\/koraledetale.pl\/index.php?rest_route=%2Fwp%2Fv2%2Fmedia&parent=8303"}],"wp:term":[{"taxonomy":"product_brand","embeddable":true,"href":"https:\/\/koraledetale.pl\/index.php?rest_route=%2Fwp%2Fv2%2Fproduct_brand&post=8303"},{"taxonomy":"product_cat","embeddable":true,"href":"https:\/\/koraledetale.pl\/index.php?rest_route=%2Fwp%2Fv2%2Fproduct_cat&post=8303"},{"taxonomy":"product_tag","embeddable":true,"href":"https:\/\/koraledetale.pl\/index.php?rest_route=%2Fwp%2Fv2%2Fproduct_tag&post=8303"}],"curies":[{"name":"wp","href":"https:\/\/api.w.org\/{rel}","templated":true}]}}