{"id":8235,"date":"2026-01-16T16:23:25","date_gmt":"2026-01-16T16:23:25","guid":{"rendered":"https:\/\/koraledetale.pl\/?post_type=product&#038;p=8235"},"modified":"2026-01-16T16:45:06","modified_gmt":"2026-01-16T16:45:06","slug":"bransoletka-rownowazaca-z-kamieniami-naturalnymi","status":"publish","type":"product","link":"https:\/\/koraledetale.pl\/?product=bransoletka-rownowazaca-z-kamieniami-naturalnymi","title":{"rendered":"Bransoletka R\u00d3WNOWA\u017b\u0104CA z kamieniami naturalnymi"},"content":{"rendered":"<p>Wielko\u015b\u0107 kamieni:<\/p>\n<ul>\n<li>kolorowe kamienie \u2013 3-4 mm,<\/li>\n<li>hematyt \u2013 2 mm.<\/li>\n<\/ul>\n<p>D\u0142ugo\u015b\u0107 bransoletki: 17 \u2013 20 cm.<\/p>\n<p>Kamienie zasupe\u0142kowane s\u0105 na fioletowej, mocnej nici jubilerskiej.<\/p>\n<p>Wszystkie elementy metalowe wykonane s\u0105 z nieuczulaj\u0105cej stali szlachetnej w kolorze z\u0142otym.<\/p>\n","protected":false},"excerpt":{"rendered":"<p>Bransoletka z kolorowymi kamieniami naturalnymi (malachit, szafir, rodochrozyt, karneol, apatyt, cytryn, szmaragd, zoisyt, kwarc dymny, kryszta\u0142 g\u00f3rski, granat, lapis lazuli, sodalit, kwarc r\u00f3\u017cowy, kamie\u0144 ksi\u0119\u017cycowy, ametyst), przeplatanymi z\u0142otymi hematytami, z fioletowym chwo\u015bcikiem przy przed\u0142u\u017cce.<\/p>\n","protected":false},"featured_media":8237,"comment_status":"open","ping_status":"closed","template":"","meta":{"advanced_seo_description":"","jetpack_seo_html_title":"","jetpack_seo_noindex":false},"product_brand":[],"product_cat":[17],"product_tag":[2981,79,1949],"class_list":{"0":"post-8235","1":"product","2":"type-product","3":"status-publish","4":"has-post-thumbnail","6":"product_cat-bransoletki","7":"product_tag-bransoletka-rownowazaca-czakry","8":"product_tag-bransoletka-z-drobnych-kamieni","9":"product_tag-bransoletka-z-kolorowymi-kamieniami-naturalnymi","11":"first","12":"instock","13":"shipping-taxable","14":"purchasable","15":"product-type-simple"},"jetpack_sharing_enabled":true,"_links":{"self":[{"href":"https:\/\/koraledetale.pl\/index.php?rest_route=\/wp\/v2\/product\/8235","targetHints":{"allow":["GET"]}}],"collection":[{"href":"https:\/\/koraledetale.pl\/index.php?rest_route=\/wp\/v2\/product"}],"about":[{"href":"https:\/\/koraledetale.pl\/index.php?rest_route=\/wp\/v2\/types\/product"}],"replies":[{"embeddable":true,"href":"https:\/\/koraledetale.pl\/index.php?rest_route=%2Fwp%2Fv2%2Fcomments&post=8235"}],"wp:featuredmedia":[{"embeddable":true,"href":"https:\/\/koraledetale.pl\/index.php?rest_route=\/wp\/v2\/media\/8237"}],"wp:attachment":[{"href":"https:\/\/koraledetale.pl\/index.php?rest_route=%2Fwp%2Fv2%2Fmedia&parent=8235"}],"wp:term":[{"taxonomy":"product_brand","embeddable":true,"href":"https:\/\/koraledetale.pl\/index.php?rest_route=%2Fwp%2Fv2%2Fproduct_brand&post=8235"},{"taxonomy":"product_cat","embeddable":true,"href":"https:\/\/koraledetale.pl\/index.php?rest_route=%2Fwp%2Fv2%2Fproduct_cat&post=8235"},{"taxonomy":"product_tag","embeddable":true,"href":"https:\/\/koraledetale.pl\/index.php?rest_route=%2Fwp%2Fv2%2Fproduct_tag&post=8235"}],"curies":[{"name":"wp","href":"https:\/\/api.w.org\/{rel}","templated":true}]}}