{"id":8195,"date":"2026-01-06T16:11:24","date_gmt":"2026-01-06T16:11:24","guid":{"rendered":"https:\/\/koraledetale.pl\/?post_type=product&#038;p=8195"},"modified":"2026-04-27T17:56:13","modified_gmt":"2026-04-27T17:56:13","slug":"naszyjnik-moc-z-krysztalem-gorskim-czarnym-turmalinem-pirytem-i-hematytem","status":"publish","type":"product","link":"https:\/\/koraledetale.pl\/?product=naszyjnik-moc-z-krysztalem-gorskim-czarnym-turmalinem-pirytem-i-hematytem","title":{"rendered":"Naszyjnik MOC z kryszta\u0142em g\u00f3rskim, czarnym turmalinem, pirytem i hematytem"},"content":{"rendered":"<p>Wielko\u015b\u0107 kamieni:<\/p>\n<ul>\n<li>kryszta\u0142 g\u00f3rski \u2013 27,5&#215;8,5 mm,<\/li>\n<li>czarny turmalin \u2013 4 mm i 3 mm,<\/li>\n<li>piryt &#8211; 3 mm,<\/li>\n<li>hematyt \u2013 2 mm i 2\u00d71 mm.<\/li>\n<\/ul>\n<p>D\u0142ugo\u015b\u0107 naszyjnika \u2013 do 70 cm.<\/p>\n<p>Kamienie zasupe\u0142kowane s\u0105 na szarym, jedwabnym sznureczku.<\/p>\n","protected":false},"excerpt":{"rendered":"<p>Naszyjnik na jedwabnym sznureczku z dwoma najsilniejszymi kamieniami ochronnymi \u2013 kryszta\u0142em g\u00f3rskim i czarnym turmalinem, przeplatanymi pirytami oraz grafitowymi i z\u0142otymi hematytami. Zwie\u0144czeniem naszyjnika jest surowy grot kryszta\u0142u g\u00f3rskiego. Mo\u017cesz nosi\u0107 go tu\u017c przy szyi, na dekolcie lub jako \u015bredniej d\u0142ugo\u015bci naszyjnik.<\/p>\n","protected":false},"featured_media":8203,"comment_status":"open","ping_status":"closed","template":"","meta":{"advanced_seo_description":"","jetpack_seo_html_title":"","jetpack_seo_noindex":false},"product_brand":[],"product_cat":[15],"product_tag":[288,67,2429,702,2965,156,2966],"class_list":{"0":"post-8195","1":"product","2":"type-product","3":"status-publish","4":"has-post-thumbnail","6":"product_cat-naszyjniki","7":"product_tag-czarny-turmalin","8":"product_tag-hematyt","9":"product_tag-jedwabny-naszyjnik-z-kamieniami-naturalnymi","10":"product_tag-krysztal-gorski","11":"product_tag-naszyjnik-jedwabny-z-krysztalem-gorskim-czarnym-turmalinem-i-pirytem","12":"product_tag-piryt","13":"product_tag-regulowany-naszyjnik-z-kamieniami-ochronnymi","15":"first","16":"instock","17":"shipping-taxable","18":"purchasable","19":"product-type-simple"},"jetpack_sharing_enabled":true,"_links":{"self":[{"href":"https:\/\/koraledetale.pl\/index.php?rest_route=\/wp\/v2\/product\/8195","targetHints":{"allow":["GET"]}}],"collection":[{"href":"https:\/\/koraledetale.pl\/index.php?rest_route=\/wp\/v2\/product"}],"about":[{"href":"https:\/\/koraledetale.pl\/index.php?rest_route=\/wp\/v2\/types\/product"}],"replies":[{"embeddable":true,"href":"https:\/\/koraledetale.pl\/index.php?rest_route=%2Fwp%2Fv2%2Fcomments&post=8195"}],"wp:featuredmedia":[{"embeddable":true,"href":"https:\/\/koraledetale.pl\/index.php?rest_route=\/wp\/v2\/media\/8203"}],"wp:attachment":[{"href":"https:\/\/koraledetale.pl\/index.php?rest_route=%2Fwp%2Fv2%2Fmedia&parent=8195"}],"wp:term":[{"taxonomy":"product_brand","embeddable":true,"href":"https:\/\/koraledetale.pl\/index.php?rest_route=%2Fwp%2Fv2%2Fproduct_brand&post=8195"},{"taxonomy":"product_cat","embeddable":true,"href":"https:\/\/koraledetale.pl\/index.php?rest_route=%2Fwp%2Fv2%2Fproduct_cat&post=8195"},{"taxonomy":"product_tag","embeddable":true,"href":"https:\/\/koraledetale.pl\/index.php?rest_route=%2Fwp%2Fv2%2Fproduct_tag&post=8195"}],"curies":[{"name":"wp","href":"https:\/\/api.w.org\/{rel}","templated":true}]}}

Naszyjnik MOC z kryształem górskim, czarnym turmalinem, pirytem i hematytem

<p>Wielkość kamieni:</p>
<ul>
<li>kryształ górski – 27,5&#215;8,5 mm,</li>
<li>czarny turmalin – 4 mm i 3 mm,</li>
<li>piryt &#8211; 3 mm,</li>
<li>hematyt – 2 mm i 2×1 mm.</li>
</ul>
<p>Długość naszyjnika – do 70 cm.</p>
<p>Kamienie zasupełkowane są na szarym, jedwabnym sznureczku.</p>

<p>Naszyjnik na jedwabnym sznureczku z dwoma najsilniejszymi kamieniami ochronnymi – kryształem górskim i czarnym turmalinem, przeplatanymi pirytami oraz grafitowymi i złotymi hematytami. Zwieńczeniem naszyjnika jest surowy grot kryształu górskiego. Możesz nosić go tuż przy szyi, na dekolcie lub jako średniej długości naszyjnik.</p>
