{"id":8182,"date":"2026-01-03T17:28:15","date_gmt":"2026-01-03T17:28:15","guid":{"rendered":"https:\/\/koraledetale.pl\/?post_type=product&#038;p=8182"},"modified":"2026-01-03T17:32:33","modified_gmt":"2026-01-03T17:32:33","slug":"bransoletka-nowy-rok-z-szafirami-kamieniami-ksiezycowymi-i-akwamarynem","status":"publish","type":"product","link":"https:\/\/koraledetale.pl\/?product=bransoletka-nowy-rok-z-szafirami-kamieniami-ksiezycowymi-i-akwamarynem","title":{"rendered":"Bransoletka NOWY ROK z szafirami, kamieniami ksi\u0119\u017cycowymi i akwamarynem"},"content":{"rendered":"<p>Wielko\u015b\u0107 kamieni:<\/p>\n<ul>\n<li>szafir \u2013 3 mm,<\/li>\n<li>kamie\u0144 ksi\u0119\u017cycowy \u2013 3 mm,<\/li>\n<li>akwamaryn \u2013 5&#215;5 mm,<\/li>\n<li>hematyt \u2013 3\u00d71 mm i 2 mm.<\/li>\n<\/ul>\n<p>D\u0142ugo\u015b\u0107 bransoletki: 17 &#8211; 20 cm.<\/p>\n<p>Kamienie zasupe\u0142kowane s\u0105 na szarym, jedwabnym sznureczku.<\/p>\n","protected":false},"excerpt":{"rendered":"<p>Bransoletka z szafirami i kamieniami ksi\u0119\u017cycowymi, przeplatanymi z\u0142otymi hematytami, z kosteczk\u0105 akwamarynu oraz jedwabnym chwostem przy przed\u0142u\u017cce.<\/p>\n","protected":false},"featured_media":8184,"comment_status":"open","ping_status":"closed","template":"","meta":{"advanced_seo_description":"","jetpack_seo_html_title":"","jetpack_seo_noindex":false},"product_brand":[],"product_cat":[17],"product_tag":[93,80,2960,2961,64,25,31],"class_list":{"0":"post-8182","1":"product","2":"type-product","3":"status-publish","4":"has-post-thumbnail","6":"product_cat-bransoletki","7":"product_tag-akwamaryn","8":"product_tag-bransoletka-z-kamieniami-naturalnymi","9":"product_tag-bransoletka-z-szafirami-kamieniami-ksiezycowymi-i-akwamarynem","10":"product_tag-jedwabna-bransoletka-z-niebieskimi-kamieniami","11":"product_tag-kamien-ksiezycowy","12":"product_tag-szafir","13":"product_tag-zloty-hematyt","15":"first","16":"instock","17":"shipping-taxable","18":"purchasable","19":"product-type-simple"},"jetpack_sharing_enabled":true,"_links":{"self":[{"href":"https:\/\/koraledetale.pl\/index.php?rest_route=\/wp\/v2\/product\/8182","targetHints":{"allow":["GET"]}}],"collection":[{"href":"https:\/\/koraledetale.pl\/index.php?rest_route=\/wp\/v2\/product"}],"about":[{"href":"https:\/\/koraledetale.pl\/index.php?rest_route=\/wp\/v2\/types\/product"}],"replies":[{"embeddable":true,"href":"https:\/\/koraledetale.pl\/index.php?rest_route=%2Fwp%2Fv2%2Fcomments&post=8182"}],"wp:featuredmedia":[{"embeddable":true,"href":"https:\/\/koraledetale.pl\/index.php?rest_route=\/wp\/v2\/media\/8184"}],"wp:attachment":[{"href":"https:\/\/koraledetale.pl\/index.php?rest_route=%2Fwp%2Fv2%2Fmedia&parent=8182"}],"wp:term":[{"taxonomy":"product_brand","embeddable":true,"href":"https:\/\/koraledetale.pl\/index.php?rest_route=%2Fwp%2Fv2%2Fproduct_brand&post=8182"},{"taxonomy":"product_cat","embeddable":true,"href":"https:\/\/koraledetale.pl\/index.php?rest_route=%2Fwp%2Fv2%2Fproduct_cat&post=8182"},{"taxonomy":"product_tag","embeddable":true,"href":"https:\/\/koraledetale.pl\/index.php?rest_route=%2Fwp%2Fv2%2Fproduct_tag&post=8182"}],"curies":[{"name":"wp","href":"https:\/\/api.w.org\/{rel}","templated":true}]}}