{"id":8170,"date":"2025-12-29T19:36:34","date_gmt":"2025-12-29T19:36:34","guid":{"rendered":"https:\/\/koraledetale.pl\/?post_type=product&#038;p=8170"},"modified":"2026-03-02T07:10:26","modified_gmt":"2026-03-02T07:10:26","slug":"naszyjnik-czerwona-pelnia-z-jaspisami-i-bursztynami","status":"publish","type":"product","link":"https:\/\/koraledetale.pl\/?product=naszyjnik-czerwona-pelnia-z-jaspisami-i-bursztynami","title":{"rendered":"Naszyjnik CZERWONA PE\u0141NIA z jaspisami i bursztynami"},"content":{"rendered":"<p>Wielko\u015b\u0107 kamieni:<\/p>\n<ul>\n<li>jaspis \u2013 9 mm,<\/li>\n<li>bursztyn \u2013 ok. 35x15x10 mm i 14x11x4 mm,<\/li>\n<li>hematyt \u2013 3 mm, 3&#215;1 mm 4 mm i 7,5\u00d75 mm.<\/li>\n<\/ul>\n<p>D\u0142ugo\u015b\u0107 naszyjnika: 73 cm + zawieszka z k\u00f3\u0142kiem 5,5 cm.<\/p>\n<p>Wszystkie elementy metalowe wykonane s\u0105 z nieuczulaj\u0105cej stali szlachetnej w kolorze z\u0142otym.<\/p>\n","protected":false},"excerpt":{"rendered":"<p>Naszyjnik z czerwonymi jaspisami, przeplatanymi z\u0142otymi hematytami, z du\u017cym k\u00f3\u0142kiem, od kt\u00f3rego odchodzi zawieszka z du\u017cym bursztynem, oraz dwiema mniejszymi zawieszkami przy \u0142a\u0144cuchu \u2013 z bursztynu i jaspisu.<\/p>\n","protected":false},"featured_media":8171,"comment_status":"open","ping_status":"closed","template":"","meta":{"advanced_seo_description":"","jetpack_seo_html_title":"","jetpack_seo_noindex":false},"product_brand":[],"product_cat":[15],"product_tag":[1136,2922,2954,2924,972,31],"class_list":{"0":"post-8170","1":"product","2":"type-product","3":"status-publish","4":"has-post-thumbnail","6":"product_cat-naszyjniki","7":"product_tag-bursztyn","8":"product_tag-czerwony-jaspis","9":"product_tag-naszyjnik-z-czerwonymi-jaspisami-i-bursztynami","10":"product_tag-naszyjnik-z-czerwonymi-kamieniami-naturalnymi","11":"product_tag-naszyjnik-z-zawieszkami","12":"product_tag-zloty-hematyt","14":"first","15":"instock","16":"shipping-taxable","17":"purchasable","18":"product-type-simple"},"jetpack_sharing_enabled":true,"_links":{"self":[{"href":"https:\/\/koraledetale.pl\/index.php?rest_route=\/wp\/v2\/product\/8170","targetHints":{"allow":["GET"]}}],"collection":[{"href":"https:\/\/koraledetale.pl\/index.php?rest_route=\/wp\/v2\/product"}],"about":[{"href":"https:\/\/koraledetale.pl\/index.php?rest_route=\/wp\/v2\/types\/product"}],"replies":[{"embeddable":true,"href":"https:\/\/koraledetale.pl\/index.php?rest_route=%2Fwp%2Fv2%2Fcomments&post=8170"}],"wp:featuredmedia":[{"embeddable":true,"href":"https:\/\/koraledetale.pl\/index.php?rest_route=\/wp\/v2\/media\/8171"}],"wp:attachment":[{"href":"https:\/\/koraledetale.pl\/index.php?rest_route=%2Fwp%2Fv2%2Fmedia&parent=8170"}],"wp:term":[{"taxonomy":"product_brand","embeddable":true,"href":"https:\/\/koraledetale.pl\/index.php?rest_route=%2Fwp%2Fv2%2Fproduct_brand&post=8170"},{"taxonomy":"product_cat","embeddable":true,"href":"https:\/\/koraledetale.pl\/index.php?rest_route=%2Fwp%2Fv2%2Fproduct_cat&post=8170"},{"taxonomy":"product_tag","embeddable":true,"href":"https:\/\/koraledetale.pl\/index.php?rest_route=%2Fwp%2Fv2%2Fproduct_tag&post=8170"}],"curies":[{"name":"wp","href":"https:\/\/api.w.org\/{rel}","templated":true}]}}