{"id":8169,"date":"2025-12-29T19:36:21","date_gmt":"2025-12-29T19:36:21","guid":{"rendered":"https:\/\/koraledetale.pl\/?post_type=product&#038;p=8169"},"modified":"2026-03-06T14:33:46","modified_gmt":"2026-03-06T14:33:46","slug":"bransoletka-czerwona-pelnia-z-jaspisami-i-bursztynem","status":"publish","type":"product","link":"https:\/\/koraledetale.pl\/?product=bransoletka-czerwona-pelnia-z-jaspisami-i-bursztynem","title":{"rendered":"Bransoletka CZERWONA PE\u0141NIA z jaspisami i bursztynem"},"content":{"rendered":"<p>Wielko\u015b\u0107 kamieni:<\/p>\n<ul>\n<li>jaspis &#8211; 9 mm,<\/li>\n<li>bursztyn &#8211; ok. 16x13x5 mm,<\/li>\n<li>hematyt &#8211; 3 mm i 7,5&#215;5 mm.<\/li>\n<\/ul>\n<p>D\u0142ugo\u015b\u0107 bransoletki: 19,5 &#8211; 20,5 cm.<\/p>\n<p>Wszystkie elementy metalowe wykonane s\u0105 z nieuczulaj\u0105cej stali szlachetnej w kolorze z\u0142otym.<\/p>\n","protected":false},"excerpt":{"rendered":"<p>Bransoletka z czerwonymi jaspisami, przeplatanymi z\u0142otymi hematytami, z zapi\u0119ciem przy du\u017cym k\u00f3\u0142ku, oraz zawieszkami &#8211; z bursztynu i jaspisu.<\/p>\n","protected":false},"featured_media":8175,"comment_status":"open","ping_status":"closed","template":"","meta":{"advanced_seo_description":"","jetpack_seo_html_title":"","jetpack_seo_noindex":false},"product_brand":[],"product_cat":[229],"product_tag":[2956,916,503,2957,2922,31],"class_list":{"0":"post-8169","1":"product","2":"type-product","3":"status-publish","4":"has-post-thumbnail","6":"product_cat-sprzedane","7":"product_tag-bransoletka-z-czerwonymi-jaspisami-i-bursztynem","8":"product_tag-bransoletka-z-czerwonymi-kamieniami-naturalnymi","9":"product_tag-bransoletka-z-zawieszkami","10":"product_tag-bursztyn-koniakowy","11":"product_tag-czerwony-jaspis","12":"product_tag-zloty-hematyt","14":"first","15":"outofstock","16":"shipping-taxable","17":"purchasable","18":"product-type-simple"},"jetpack_sharing_enabled":true,"_links":{"self":[{"href":"https:\/\/koraledetale.pl\/index.php?rest_route=\/wp\/v2\/product\/8169","targetHints":{"allow":["GET"]}}],"collection":[{"href":"https:\/\/koraledetale.pl\/index.php?rest_route=\/wp\/v2\/product"}],"about":[{"href":"https:\/\/koraledetale.pl\/index.php?rest_route=\/wp\/v2\/types\/product"}],"replies":[{"embeddable":true,"href":"https:\/\/koraledetale.pl\/index.php?rest_route=%2Fwp%2Fv2%2Fcomments&post=8169"}],"wp:featuredmedia":[{"embeddable":true,"href":"https:\/\/koraledetale.pl\/index.php?rest_route=\/wp\/v2\/media\/8175"}],"wp:attachment":[{"href":"https:\/\/koraledetale.pl\/index.php?rest_route=%2Fwp%2Fv2%2Fmedia&parent=8169"}],"wp:term":[{"taxonomy":"product_brand","embeddable":true,"href":"https:\/\/koraledetale.pl\/index.php?rest_route=%2Fwp%2Fv2%2Fproduct_brand&post=8169"},{"taxonomy":"product_cat","embeddable":true,"href":"https:\/\/koraledetale.pl\/index.php?rest_route=%2Fwp%2Fv2%2Fproduct_cat&post=8169"},{"taxonomy":"product_tag","embeddable":true,"href":"https:\/\/koraledetale.pl\/index.php?rest_route=%2Fwp%2Fv2%2Fproduct_tag&post=8169"}],"curies":[{"name":"wp","href":"https:\/\/api.w.org\/{rel}","templated":true}]}}