{"id":8103,"date":"2025-11-11T08:43:21","date_gmt":"2025-11-11T08:43:21","guid":{"rendered":"https:\/\/koraledetale.pl\/?post_type=product&#038;p=8103"},"modified":"2026-04-27T17:50:51","modified_gmt":"2026-04-27T17:50:51","slug":"naszyjnik-ach-z-perlami-wersja-zlota","status":"publish","type":"product","link":"https:\/\/koraledetale.pl\/?product=naszyjnik-ach-z-perlami-wersja-zlota","title":{"rendered":"Naszyjnik ACH z per\u0142ami \u2013 wersja z\u0142ota"},"content":{"rendered":"<p>Wielko\u015b\u0107 pere\u0142 \u2013 ok. 16&#215;13,5 mm i 7,5\u00d77 mm.<\/p>\n<p>D\u0142ugo\u015b\u0107 naszyjnika \u2013 49 cm + zawieszka z k\u00f3\u0142kiem &#8211; 3,4 cm<\/p>\n<p>Wszystkie elementy metalowe wykonane s\u0105 z nieuczulaj\u0105cej stali szlachetnej w kolorze z\u0142otym.<\/p>\n","protected":false},"excerpt":{"rendered":"<p>\u0141a\u0144cuszek zwie\u0144czony per\u0142ami i zawieszk\u0105 z plecionym k\u00f3\u0142kiem, od kt\u00f3rego odchodzi du\u017ca per\u0142a barokowa.<\/p>\n","protected":false},"featured_media":8082,"comment_status":"open","ping_status":"closed","template":"","meta":{"advanced_seo_description":"","jetpack_seo_html_title":"","jetpack_seo_noindex":false},"product_brand":[],"product_cat":[15],"product_tag":[556,2937,2938,1424],"class_list":{"0":"post-8103","1":"product","2":"type-product","3":"status-publish","4":"has-post-thumbnail","6":"product_cat-naszyjniki","7":"product_tag-perla-barokowa","8":"product_tag-regulowany-naszyjnik-z-perla-barokowa","9":"product_tag-regulowany-lancuszek-z-perla-barokowa","10":"product_tag-lancuszek-z-perla-barokowa","12":"first","13":"instock","14":"shipping-taxable","15":"purchasable","16":"product-type-simple"},"jetpack_sharing_enabled":true,"_links":{"self":[{"href":"https:\/\/koraledetale.pl\/index.php?rest_route=\/wp\/v2\/product\/8103","targetHints":{"allow":["GET"]}}],"collection":[{"href":"https:\/\/koraledetale.pl\/index.php?rest_route=\/wp\/v2\/product"}],"about":[{"href":"https:\/\/koraledetale.pl\/index.php?rest_route=\/wp\/v2\/types\/product"}],"replies":[{"embeddable":true,"href":"https:\/\/koraledetale.pl\/index.php?rest_route=%2Fwp%2Fv2%2Fcomments&post=8103"}],"wp:featuredmedia":[{"embeddable":true,"href":"https:\/\/koraledetale.pl\/index.php?rest_route=\/wp\/v2\/media\/8082"}],"wp:attachment":[{"href":"https:\/\/koraledetale.pl\/index.php?rest_route=%2Fwp%2Fv2%2Fmedia&parent=8103"}],"wp:term":[{"taxonomy":"product_brand","embeddable":true,"href":"https:\/\/koraledetale.pl\/index.php?rest_route=%2Fwp%2Fv2%2Fproduct_brand&post=8103"},{"taxonomy":"product_cat","embeddable":true,"href":"https:\/\/koraledetale.pl\/index.php?rest_route=%2Fwp%2Fv2%2Fproduct_cat&post=8103"},{"taxonomy":"product_tag","embeddable":true,"href":"https:\/\/koraledetale.pl\/index.php?rest_route=%2Fwp%2Fv2%2Fproduct_tag&post=8103"}],"curies":[{"name":"wp","href":"https:\/\/api.w.org\/{rel}","templated":true}]}}