{"id":8100,"date":"2025-11-11T08:42:06","date_gmt":"2025-11-11T08:42:06","guid":{"rendered":"https:\/\/koraledetale.pl\/?post_type=product&#038;p=8100"},"modified":"2026-04-02T12:20:06","modified_gmt":"2026-04-02T12:20:06","slug":"naszyjnik-ach-regulowany-z-perlami-wersja-srebrna","status":"publish","type":"product","link":"https:\/\/koraledetale.pl\/?product=naszyjnik-ach-regulowany-z-perlami-wersja-srebrna","title":{"rendered":"Naszyjnik ACH regulowany z per\u0142ami \u2013 wersja srebrna"},"content":{"rendered":"<p>Wielko\u015b\u0107 pere\u0142 \u2013 ok. 15\u00d715 mm i 7,5&#215;7 mm.<\/p>\n<p>Naszyjnik zapniesz na dowolnym oczku. Maksymalna d\u0142ugo\u015b\u0107 naszyjnika \u2013 53 cm.<\/p>\n<p>Wszystkie elementy metalowe wykonane s\u0105 z nieuczulaj\u0105cej stali szlachetnej w kolorze srebrnym.<\/p>\n","protected":false},"excerpt":{"rendered":"<p>Naszyjnik z du\u017cymi, pod\u0142u\u017cnymi oczkami, zwie\u0144czony per\u0142\u0105 barokow\u0105 i mniejsz\u0105 pere\u0142k\u0105 po boku. Mo\u017cesz go dowolnie regulowa\u0107, tworz\u0105c kr\u00f3tszy lub d\u0142u\u017cszy zwis.<\/p>\n","protected":false},"featured_media":8094,"comment_status":"open","ping_status":"closed","template":"","meta":{"advanced_seo_description":"","jetpack_seo_html_title":"","jetpack_seo_noindex":false},"product_brand":[],"product_cat":[229],"product_tag":[556,2937,2938,1424],"class_list":{"0":"post-8100","1":"product","2":"type-product","3":"status-publish","4":"has-post-thumbnail","6":"product_cat-sprzedane","7":"product_tag-perla-barokowa","8":"product_tag-regulowany-naszyjnik-z-perla-barokowa","9":"product_tag-regulowany-lancuszek-z-perla-barokowa","10":"product_tag-lancuszek-z-perla-barokowa","12":"first","13":"outofstock","14":"shipping-taxable","15":"purchasable","16":"product-type-simple"},"jetpack_sharing_enabled":true,"_links":{"self":[{"href":"https:\/\/koraledetale.pl\/index.php?rest_route=\/wp\/v2\/product\/8100","targetHints":{"allow":["GET"]}}],"collection":[{"href":"https:\/\/koraledetale.pl\/index.php?rest_route=\/wp\/v2\/product"}],"about":[{"href":"https:\/\/koraledetale.pl\/index.php?rest_route=\/wp\/v2\/types\/product"}],"replies":[{"embeddable":true,"href":"https:\/\/koraledetale.pl\/index.php?rest_route=%2Fwp%2Fv2%2Fcomments&post=8100"}],"wp:featuredmedia":[{"embeddable":true,"href":"https:\/\/koraledetale.pl\/index.php?rest_route=\/wp\/v2\/media\/8094"}],"wp:attachment":[{"href":"https:\/\/koraledetale.pl\/index.php?rest_route=%2Fwp%2Fv2%2Fmedia&parent=8100"}],"wp:term":[{"taxonomy":"product_brand","embeddable":true,"href":"https:\/\/koraledetale.pl\/index.php?rest_route=%2Fwp%2Fv2%2Fproduct_brand&post=8100"},{"taxonomy":"product_cat","embeddable":true,"href":"https:\/\/koraledetale.pl\/index.php?rest_route=%2Fwp%2Fv2%2Fproduct_cat&post=8100"},{"taxonomy":"product_tag","embeddable":true,"href":"https:\/\/koraledetale.pl\/index.php?rest_route=%2Fwp%2Fv2%2Fproduct_tag&post=8100"}],"curies":[{"name":"wp","href":"https:\/\/api.w.org\/{rel}","templated":true}]}}