{"id":8026,"date":"2025-10-28T18:11:44","date_gmt":"2025-10-28T18:11:44","guid":{"rendered":"https:\/\/koraledetale.pl\/?post_type=product&#038;p=8026"},"modified":"2026-03-02T08:04:03","modified_gmt":"2026-03-02T08:04:03","slug":"bransoletka-prorok-z-czarnymi-turmalinami-2","status":"publish","type":"product","link":"https:\/\/koraledetale.pl\/?product=bransoletka-prorok-z-czarnymi-turmalinami-2","title":{"rendered":"Bransoletka PROROK z czarnymi turmalinami"},"content":{"rendered":"<p>Wielko\u015b\u0107 turmalin\u00f3w \u2013 6 mm<\/p>\n<p>\u015arednica zawieszki \u2013 1,2 cm.<\/p>\n<p>D\u0142ugo\u015b\u0107 bransoletki: 17,5 \u2013 19,5 cm.<\/p>\n<p>Kamienie zasupe\u0142kowane s\u0105 na czerwonej, mocnej nici jubilerskiej.<\/p>\n<p>Wszystkie elementy metalowe wykonane s\u0105 z nieuczulaj\u0105cej stali szlachetnej w kolorze z\u0142otym.<\/p>\n","protected":false},"excerpt":{"rendered":"<p>Bransoletka z g\u0142adkich kulek czarnego turmalinu z okr\u0105g\u0142\u0105 zawieszk\u0105 z symbolem trzeciego oka i ochronn\u0105 czerwon\u0105 nitk\u0105.<\/p>\n","protected":false},"featured_media":8024,"comment_status":"open","ping_status":"closed","template":"","meta":{"advanced_seo_description":"","jetpack_seo_html_title":"","jetpack_seo_noindex":false},"product_brand":[],"product_cat":[229],"product_tag":[861,608,1339,859,2925,1340,80,769,288,262,1290,862,2044],"class_list":{"0":"post-8026","1":"product","2":"type-product","3":"status-publish","4":"has-post-thumbnail","6":"product_cat-sprzedane","7":"product_tag-amulet","8":"product_tag-bransoletka-z-czarnych-kamieni","9":"product_tag-bransoletka-z-czarnych-turmalinow-z-okiem-opatrznosci","10":"product_tag-bransoletka-z-czarnymi-turmalinami","11":"product_tag-bransoletka-z-czarnymi-turmalinami-i-trzecim-okiem","12":"product_tag-bransoletka-z-duzych-kamieni","13":"product_tag-bransoletka-z-kamieniami-naturalnymi","14":"product_tag-bransoletka-z-okiem-opatrznosci","15":"product_tag-czarny-turmalin","16":"product_tag-oko-opatrznosci","17":"product_tag-symbol","18":"product_tag-talizman","19":"product_tag-trzecie-oko","21":"first","22":"outofstock","23":"shipping-taxable","24":"purchasable","25":"product-type-simple"},"jetpack_sharing_enabled":true,"_links":{"self":[{"href":"https:\/\/koraledetale.pl\/index.php?rest_route=\/wp\/v2\/product\/8026","targetHints":{"allow":["GET"]}}],"collection":[{"href":"https:\/\/koraledetale.pl\/index.php?rest_route=\/wp\/v2\/product"}],"about":[{"href":"https:\/\/koraledetale.pl\/index.php?rest_route=\/wp\/v2\/types\/product"}],"replies":[{"embeddable":true,"href":"https:\/\/koraledetale.pl\/index.php?rest_route=%2Fwp%2Fv2%2Fcomments&post=8026"}],"wp:featuredmedia":[{"embeddable":true,"href":"https:\/\/koraledetale.pl\/index.php?rest_route=\/wp\/v2\/media\/8024"}],"wp:attachment":[{"href":"https:\/\/koraledetale.pl\/index.php?rest_route=%2Fwp%2Fv2%2Fmedia&parent=8026"}],"wp:term":[{"taxonomy":"product_brand","embeddable":true,"href":"https:\/\/koraledetale.pl\/index.php?rest_route=%2Fwp%2Fv2%2Fproduct_brand&post=8026"},{"taxonomy":"product_cat","embeddable":true,"href":"https:\/\/koraledetale.pl\/index.php?rest_route=%2Fwp%2Fv2%2Fproduct_cat&post=8026"},{"taxonomy":"product_tag","embeddable":true,"href":"https:\/\/koraledetale.pl\/index.php?rest_route=%2Fwp%2Fv2%2Fproduct_tag&post=8026"}],"curies":[{"name":"wp","href":"https:\/\/api.w.org\/{rel}","templated":true}]}}