{"id":792,"date":"2021-06-26T15:14:22","date_gmt":"2021-06-26T15:14:22","guid":{"rendered":"https:\/\/koraledetale.pl\/?post_type=product&#038;p=792"},"modified":"2024-11-11T11:14:11","modified_gmt":"2024-11-11T11:14:11","slug":"naszyjnik-delfin-z-laimarem-i-apatytem","status":"publish","type":"product","link":"https:\/\/koraledetale.pl\/?product=naszyjnik-delfin-z-laimarem-i-apatytem","title":{"rendered":"Naszyjnik DELFIN z laimarem i apatytem"},"content":{"rendered":"<p>Wielko\u015b\u0107 kamieni:<\/p>\n<ul>\n<li>larimar &#8211; 2,5 mm,<\/li>\n<li>apatyt &#8211; 4 mm, 14&#215;10 mm,<\/li>\n<li>hematyt &#8211; 2 mm, 3&#215;2 mm, 4&#215;1 mm.<\/li>\n<\/ul>\n<p>D\u0142ugo\u015b\u0107 naszyjnika &#8211; 52 cm + zawieszka 2,2 cm.<\/p>\n","protected":false},"excerpt":{"rendered":"<p>\u015aredniej d\u0142ugo\u015bci naszyjnik z larimar\u00f3w z dodatkiem apatyt\u00f3w i z\u0142otych hematyt\u00f3w. Zwie\u0144czeniem naszyjnika jest zawieszka ze szlifowanego apatytu i larimaru.<\/p>\n","protected":false},"featured_media":795,"comment_status":"open","ping_status":"closed","template":"","meta":{"advanced_seo_description":"","jetpack_seo_html_title":"","jetpack_seo_noindex":false},"product_brand":[],"product_cat":[229],"product_tag":[334,332,333],"class_list":{"0":"post-792","1":"product","2":"type-product","3":"status-publish","4":"has-post-thumbnail","6":"product_cat-sprzedane","7":"product_tag-naszyjnik-z-apatytem","8":"product_tag-naszyjnik-z-blekitnych-kamieni","9":"product_tag-naszyjnik-z-larimarem","11":"first","12":"outofstock","13":"shipping-taxable","14":"product-type-simple"},"jetpack_sharing_enabled":true,"_links":{"self":[{"href":"https:\/\/koraledetale.pl\/index.php?rest_route=\/wp\/v2\/product\/792","targetHints":{"allow":["GET"]}}],"collection":[{"href":"https:\/\/koraledetale.pl\/index.php?rest_route=\/wp\/v2\/product"}],"about":[{"href":"https:\/\/koraledetale.pl\/index.php?rest_route=\/wp\/v2\/types\/product"}],"replies":[{"embeddable":true,"href":"https:\/\/koraledetale.pl\/index.php?rest_route=%2Fwp%2Fv2%2Fcomments&post=792"}],"wp:featuredmedia":[{"embeddable":true,"href":"https:\/\/koraledetale.pl\/index.php?rest_route=\/wp\/v2\/media\/795"}],"wp:attachment":[{"href":"https:\/\/koraledetale.pl\/index.php?rest_route=%2Fwp%2Fv2%2Fmedia&parent=792"}],"wp:term":[{"taxonomy":"product_brand","embeddable":true,"href":"https:\/\/koraledetale.pl\/index.php?rest_route=%2Fwp%2Fv2%2Fproduct_brand&post=792"},{"taxonomy":"product_cat","embeddable":true,"href":"https:\/\/koraledetale.pl\/index.php?rest_route=%2Fwp%2Fv2%2Fproduct_cat&post=792"},{"taxonomy":"product_tag","embeddable":true,"href":"https:\/\/koraledetale.pl\/index.php?rest_route=%2Fwp%2Fv2%2Fproduct_tag&post=792"}],"curies":[{"name":"wp","href":"https:\/\/api.w.org\/{rel}","templated":true}]}}