{"id":7883,"date":"2025-10-03T13:34:59","date_gmt":"2025-10-03T13:34:59","guid":{"rendered":"https:\/\/koraledetale.pl\/?post_type=product&#038;p=7883"},"modified":"2026-02-26T11:14:20","modified_gmt":"2026-02-26T11:14:20","slug":"bransoletka-czulosc-z-jaspisami-i-tygrysim-okiem","status":"publish","type":"product","link":"https:\/\/koraledetale.pl\/?product=bransoletka-czulosc-z-jaspisami-i-tygrysim-okiem","title":{"rendered":"Bransoletka CZU\u0141O\u015a\u0106 z jaspisami i tygrysim okiem"},"content":{"rendered":"<p>Wielko\u015b\u0107 kamieni:<\/p>\n<ul>\n<li>jaspis \u2013 ok. 8,5 mm,<\/li>\n<li>tygrysie oko &#8211; 4,5&#215;3 mm,<\/li>\n<li>hematyt \u2013 2 mm, 4\u00d72 mm.<\/li>\n<\/ul>\n<p>Bransoletka pasuje na nadgarstek 16 \u2013 18 cm.<\/p>\n","protected":false},"excerpt":{"rendered":"<p>Bransoletka na gumce z kuleczkami jaspisu obrazkowego, przeplatanego ma\u0142ymi hematytami, z wplecionymi plastrami tygrysiego oka oraz z zawieszk\u0105 &#8211; okr\u0105g\u0142\u0105 blaszk\u0105.<\/p>\n","protected":false},"featured_media":7878,"comment_status":"open","ping_status":"closed","template":"","meta":{"advanced_seo_description":"","jetpack_seo_html_title":"","jetpack_seo_noindex":false},"product_brand":[],"product_cat":[229],"product_tag":[2871,2870,2872,2873,2418,31],"class_list":{"0":"post-7883","1":"product","2":"type-product","3":"status-publish","4":"has-post-thumbnail","6":"product_cat-sprzedane","7":"product_tag-bransoletka-na-gumce-z-brazowymi-kamieniami-naturalnymi","8":"product_tag-bransoletka-z-jaspisami-obrazkowymi-i-tygrysim-okiem","9":"product_tag-elastyczna-bransoletka-z-kamieniami-i-zawieszka","10":"product_tag-jaspis-obrazkowy","11":"product_tag-tygrysie-oko","12":"product_tag-zloty-hematyt","14":"first","15":"outofstock","16":"shipping-taxable","17":"purchasable","18":"product-type-simple"},"jetpack_sharing_enabled":true,"_links":{"self":[{"href":"https:\/\/koraledetale.pl\/index.php?rest_route=\/wp\/v2\/product\/7883","targetHints":{"allow":["GET"]}}],"collection":[{"href":"https:\/\/koraledetale.pl\/index.php?rest_route=\/wp\/v2\/product"}],"about":[{"href":"https:\/\/koraledetale.pl\/index.php?rest_route=\/wp\/v2\/types\/product"}],"replies":[{"embeddable":true,"href":"https:\/\/koraledetale.pl\/index.php?rest_route=%2Fwp%2Fv2%2Fcomments&post=7883"}],"wp:featuredmedia":[{"embeddable":true,"href":"https:\/\/koraledetale.pl\/index.php?rest_route=\/wp\/v2\/media\/7878"}],"wp:attachment":[{"href":"https:\/\/koraledetale.pl\/index.php?rest_route=%2Fwp%2Fv2%2Fmedia&parent=7883"}],"wp:term":[{"taxonomy":"product_brand","embeddable":true,"href":"https:\/\/koraledetale.pl\/index.php?rest_route=%2Fwp%2Fv2%2Fproduct_brand&post=7883"},{"taxonomy":"product_cat","embeddable":true,"href":"https:\/\/koraledetale.pl\/index.php?rest_route=%2Fwp%2Fv2%2Fproduct_cat&post=7883"},{"taxonomy":"product_tag","embeddable":true,"href":"https:\/\/koraledetale.pl\/index.php?rest_route=%2Fwp%2Fv2%2Fproduct_tag&post=7883"}],"curies":[{"name":"wp","href":"https:\/\/api.w.org\/{rel}","templated":true}]}}