{"id":7826,"date":"2025-09-25T13:42:34","date_gmt":"2025-09-25T13:42:34","guid":{"rendered":"https:\/\/koraledetale.pl\/?post_type=product&#038;p=7826"},"modified":"2026-01-28T18:57:35","modified_gmt":"2026-01-28T18:57:35","slug":"mala-na-harmonie-z-kamieniami-rzecznymi","status":"publish","type":"product","link":"https:\/\/koraledetale.pl\/?product=mala-na-harmonie-z-kamieniami-rzecznymi","title":{"rendered":"Mala NA R\u00d3WNOWAG\u0118 EMOCJONALN\u0104 z kamieniami rzecznymi"},"content":{"rendered":"<p>Wielko\u015b\u0107 kamieni rzecznych \u2013 5 mm.<\/p>\n<p>D\u0142ugo\u015b\u0107 naszyjnika: 66 cm + 5 cm guru z chwostem.<\/p>\n<p>Kamienie zasupe\u0142kowane s\u0105 na pomara\u0144czowej, mocnej nici jubilerskiej.<\/p>\n","protected":false},"excerpt":{"rendered":"<p>Mala z niedu\u017cymi, matowymi kuleczkami kamieni rzecznych, zasupe\u0142kowanych na pomara\u0144czowej nici, zwie\u0144czona\u00a0 pomara\u0144czowym chwostem.<\/p>\n","protected":false},"featured_media":7821,"comment_status":"open","ping_status":"closed","template":"","meta":{"advanced_seo_description":"","jetpack_seo_html_title":"","jetpack_seo_noindex":false},"product_brand":[],"product_cat":[229],"product_tag":[2855,2853,2852,2854,2856],"class_list":{"0":"post-7826","1":"product","2":"type-product","3":"status-publish","4":"has-post-thumbnail","6":"product_cat-sprzedane","7":"product_tag-kamien-rzeczny","8":"product_tag-mala-z-bialymi-kamieniami-naturalnymi","9":"product_tag-mala-z-kamieniami-rzecznymi-i-pomaranczowym-chwostem","10":"product_tag-naszyjnik-do-medytacji-z-bialymi-kamieniami-naturalnymi-i-pomaranczowym-chwostem","11":"product_tag-pomaranczowy-chwost","13":"first","14":"outofstock","15":"shipping-taxable","16":"purchasable","17":"product-type-simple"},"jetpack_sharing_enabled":true,"_links":{"self":[{"href":"https:\/\/koraledetale.pl\/index.php?rest_route=\/wp\/v2\/product\/7826","targetHints":{"allow":["GET"]}}],"collection":[{"href":"https:\/\/koraledetale.pl\/index.php?rest_route=\/wp\/v2\/product"}],"about":[{"href":"https:\/\/koraledetale.pl\/index.php?rest_route=\/wp\/v2\/types\/product"}],"replies":[{"embeddable":true,"href":"https:\/\/koraledetale.pl\/index.php?rest_route=%2Fwp%2Fv2%2Fcomments&post=7826"}],"wp:featuredmedia":[{"embeddable":true,"href":"https:\/\/koraledetale.pl\/index.php?rest_route=\/wp\/v2\/media\/7821"}],"wp:attachment":[{"href":"https:\/\/koraledetale.pl\/index.php?rest_route=%2Fwp%2Fv2%2Fmedia&parent=7826"}],"wp:term":[{"taxonomy":"product_brand","embeddable":true,"href":"https:\/\/koraledetale.pl\/index.php?rest_route=%2Fwp%2Fv2%2Fproduct_brand&post=7826"},{"taxonomy":"product_cat","embeddable":true,"href":"https:\/\/koraledetale.pl\/index.php?rest_route=%2Fwp%2Fv2%2Fproduct_cat&post=7826"},{"taxonomy":"product_tag","embeddable":true,"href":"https:\/\/koraledetale.pl\/index.php?rest_route=%2Fwp%2Fv2%2Fproduct_tag&post=7826"}],"curies":[{"name":"wp","href":"https:\/\/api.w.org\/{rel}","templated":true}]}}