{"id":7533,"date":"2025-07-14T09:43:22","date_gmt":"2025-07-14T09:43:22","guid":{"rendered":"https:\/\/koraledetale.pl\/?post_type=product&#038;p=7533"},"modified":"2025-12-01T09:20:58","modified_gmt":"2025-12-01T09:20:58","slug":"bransoletka-boskie-szarosci-z-labradorytami-i-kwarcami-truskwakowymi","status":"publish","type":"product","link":"https:\/\/koraledetale.pl\/?product=bransoletka-boskie-szarosci-z-labradorytami-i-kwarcami-truskwakowymi","title":{"rendered":"Bransoletka BOSKIE SZARO\u015aCI z labradorytami i kwarcami truskwakowymi"},"content":{"rendered":"<p>Wielko\u015b\u0107 kamieni:<\/p>\n<ul>\n<li>labradoryt: 2,5 mm,<\/li>\n<li>kwarc truskawkowy: ok. 6&#215;4 mm i 3 mm,<\/li>\n<li>hematyt: 2 mm.<\/li>\n<\/ul>\n<p>D\u0142ugo\u015b\u0107 bransoletki: 16,5-19,5 cm.<\/p>\n<p>Kamienie zasupe\u0142kowane s\u0105 na szarej, mocnej nici jubilerskiej.<\/p>\n<p>Wszystkie elementy metalowe wykonane s\u0105 ze stali szlachetnej w kolorze z\u0142otym.<\/p>\n<p>Bransoletka jest bezpieczna przy u\u017cywaniu zgodnie z jej zastosowaniem.<\/p>\n","protected":false},"excerpt":{"rendered":"<p>Supe\u0142kowa bransoletka z drobnymi labradorytami, w kt\u00f3re wplecione s\u0105 dwa kwarce truskawkowe &#8211; w kszta\u0142cie poduszki i wi\u0119ksza kuleczka, oraz z\u0142ote hematyty<\/p>\n","protected":false},"featured_media":7530,"comment_status":"open","ping_status":"closed","template":"","meta":{"advanced_seo_description":"","jetpack_seo_html_title":"","jetpack_seo_noindex":false},"product_brand":[],"product_cat":[229],"product_tag":[2072,2750,1769,58,56,31],"class_list":{"0":"post-7533","1":"product","2":"type-product","3":"status-publish","4":"has-post-thumbnail","6":"product_cat-sprzedane","7":"product_tag-bransoletka-z-drobnymi-kamieniami-naturalnymi","8":"product_tag-bransoletka-z-labradorytami-i-kwarcami-truskwakowymi","9":"product_tag-bransoletka-z-szarymi-kamieniami-naturalnymi","10":"product_tag-kwarc-truskawkowy","11":"product_tag-labradoryt","12":"product_tag-zloty-hematyt","14":"first","15":"outofstock","16":"shipping-taxable","17":"purchasable","18":"product-type-simple"},"jetpack_sharing_enabled":true,"_links":{"self":[{"href":"https:\/\/koraledetale.pl\/index.php?rest_route=\/wp\/v2\/product\/7533","targetHints":{"allow":["GET"]}}],"collection":[{"href":"https:\/\/koraledetale.pl\/index.php?rest_route=\/wp\/v2\/product"}],"about":[{"href":"https:\/\/koraledetale.pl\/index.php?rest_route=\/wp\/v2\/types\/product"}],"replies":[{"embeddable":true,"href":"https:\/\/koraledetale.pl\/index.php?rest_route=%2Fwp%2Fv2%2Fcomments&post=7533"}],"wp:featuredmedia":[{"embeddable":true,"href":"https:\/\/koraledetale.pl\/index.php?rest_route=\/wp\/v2\/media\/7530"}],"wp:attachment":[{"href":"https:\/\/koraledetale.pl\/index.php?rest_route=%2Fwp%2Fv2%2Fmedia&parent=7533"}],"wp:term":[{"taxonomy":"product_brand","embeddable":true,"href":"https:\/\/koraledetale.pl\/index.php?rest_route=%2Fwp%2Fv2%2Fproduct_brand&post=7533"},{"taxonomy":"product_cat","embeddable":true,"href":"https:\/\/koraledetale.pl\/index.php?rest_route=%2Fwp%2Fv2%2Fproduct_cat&post=7533"},{"taxonomy":"product_tag","embeddable":true,"href":"https:\/\/koraledetale.pl\/index.php?rest_route=%2Fwp%2Fv2%2Fproduct_tag&post=7533"}],"curies":[{"name":"wp","href":"https:\/\/api.w.org\/{rel}","templated":true}]}}