{"id":7506,"date":"2025-07-11T11:04:27","date_gmt":"2025-07-11T11:04:27","guid":{"rendered":"https:\/\/koraledetale.pl\/?post_type=product&#038;p=7506"},"modified":"2026-03-07T11:26:27","modified_gmt":"2026-03-07T11:26:27","slug":"naszyjnik-skrzyp-polny-ze-spinelami-i-howlitem","status":"publish","type":"product","link":"https:\/\/koraledetale.pl\/?product=naszyjnik-skrzyp-polny-ze-spinelami-i-howlitem","title":{"rendered":"Naszyjnik SKRZYP POLNY ze spinelami i howlitem"},"content":{"rendered":"<p>Wielko\u015b\u0107 kamieni:<\/p>\n<ul>\n<li>spinel \u2013 2 mm,<\/li>\n<li>howlit \u2013 10x9x4,5 mm (przy zawieszce),<\/li>\n<li>hematyt \u2013 2 mm.<\/li>\n<\/ul>\n<p>D\u0142ugo\u015b\u0107 naszyjnika: 88 cm + zawieszka \u2013 3 cm.<\/p>\n<p>Kamienie zasupe\u0142kowane s\u0105 na zielonej, mocnej nici jubilerskiej.<\/p>\n<p>Wszystkie elementy metalowe wykonane s\u0105 z nieuczulaj\u0105cej stali szlachetnej w kolorze z\u0142otym.<\/p>\n<p>Naszyjnik jest bezpieczny przy u\u017cywaniu zgodnie z jego zastosowaniem.<\/p>\n","protected":false},"excerpt":{"rendered":"<p>D\u0142ugi, delikatny naszyjnik supe\u0142kowy z drobnymi spinelami MYSTIC (wyj\u0105tkowo l\u015bni\u0105cymi) i z\u0142otymi hematytami. Zwie\u0144czeniem naszyjnika jest zawieszka \u2013 a\u017curowa rozetka z g\u0142adk\u0105 \u0142ezk\u0105 howlitu. Baz\u0105 naszyjnika jest zielona, mocna ni\u0107 jubilerska.<\/p>\n","protected":false},"featured_media":7507,"comment_status":"open","ping_status":"closed","template":"","meta":{"advanced_seo_description":"","jetpack_seo_html_title":"","jetpack_seo_noindex":false},"product_brand":[],"product_cat":[229],"product_tag":[2738,2736,2737,2731,2739,31],"class_list":{"0":"post-7506","1":"product","2":"type-product","3":"status-publish","4":"has-post-thumbnail","6":"product_cat-sprzedane","7":"product_tag-dlugi-naszyjnik-z-czarnymi-i-zielonymi-kamieniami-naturalnymi","8":"product_tag-dlugi-naszyjnik-z-drobnymi-kamieniami","9":"product_tag-dlugi-naszyjnik-ze-spinelami-i-zielonym-howlitem","10":"product_tag-spinel-mystic","11":"product_tag-zielony-howlit","12":"product_tag-zloty-hematyt","14":"first","15":"outofstock","16":"shipping-taxable","17":"purchasable","18":"product-type-simple"},"jetpack_sharing_enabled":true,"_links":{"self":[{"href":"https:\/\/koraledetale.pl\/index.php?rest_route=\/wp\/v2\/product\/7506","targetHints":{"allow":["GET"]}}],"collection":[{"href":"https:\/\/koraledetale.pl\/index.php?rest_route=\/wp\/v2\/product"}],"about":[{"href":"https:\/\/koraledetale.pl\/index.php?rest_route=\/wp\/v2\/types\/product"}],"replies":[{"embeddable":true,"href":"https:\/\/koraledetale.pl\/index.php?rest_route=%2Fwp%2Fv2%2Fcomments&post=7506"}],"wp:featuredmedia":[{"embeddable":true,"href":"https:\/\/koraledetale.pl\/index.php?rest_route=\/wp\/v2\/media\/7507"}],"wp:attachment":[{"href":"https:\/\/koraledetale.pl\/index.php?rest_route=%2Fwp%2Fv2%2Fmedia&parent=7506"}],"wp:term":[{"taxonomy":"product_brand","embeddable":true,"href":"https:\/\/koraledetale.pl\/index.php?rest_route=%2Fwp%2Fv2%2Fproduct_brand&post=7506"},{"taxonomy":"product_cat","embeddable":true,"href":"https:\/\/koraledetale.pl\/index.php?rest_route=%2Fwp%2Fv2%2Fproduct_cat&post=7506"},{"taxonomy":"product_tag","embeddable":true,"href":"https:\/\/koraledetale.pl\/index.php?rest_route=%2Fwp%2Fv2%2Fproduct_tag&post=7506"}],"curies":[{"name":"wp","href":"https:\/\/api.w.org\/{rel}","templated":true}]}}