{"id":7179,"date":"2025-05-20T10:19:47","date_gmt":"2025-05-20T10:19:47","guid":{"rendered":"https:\/\/koraledetale.pl\/?post_type=product&#038;p=7179"},"modified":"2025-08-10T19:07:04","modified_gmt":"2025-08-10T19:07:04","slug":"bransoletka-flaming-z-perlami-kamieniami-slonecznymi-i-ksiezycowymi","status":"publish","type":"product","link":"https:\/\/koraledetale.pl\/?product=bransoletka-flaming-z-perlami-kamieniami-slonecznymi-i-ksiezycowymi","title":{"rendered":"Bransoletka FLAMING z per\u0142ami, kamieniami s\u0142onecznymi i ksi\u0119\u017cycowymi"},"content":{"rendered":"<p>Wielko\u015b\u0107 kamieni:<\/p>\n<ul>\n<li>kamienie s\u0142oneczne \u2013 4,5 mm, ok. 6-8x4x6 mm,<\/li>\n<li>kamienie ksi\u0119\u017cycowe \u2013 ok. 6-8x4x6 mm<\/li>\n<li>per\u0142y \u2013 ok.7-8\u00d75,5\u00a0 mm,<\/li>\n<li>hematyty \u2013 2,5\u00d71,5 mm i 2 mm.<\/li>\n<\/ul>\n<p>D\u0142ugo\u015b\u0107 bransoletki: 19-20,5 cm.<\/p>\n<p>Kamienie zasupe\u0142kowane s\u0105 na r\u00f3\u017cowej, mocnej nici jubilerskiej.<\/p>\n<p>Wszystkie elementy metalowe wykonane s\u0105 z nieuczulaj\u0105cej stali szlachetnej.<\/p>\n<p>Bransoletka jest bezpieczna przy u\u017cywaniu zgodnie z jej zastosowaniem.<\/p>\n","protected":false},"excerpt":{"rendered":"<p>Bransoletka z pudrowo-r\u00f3\u017cowo-be\u017cowo-szarymi kamieniami: ksi\u0119\u017cycowymi i s\u0142onecznymi oraz per\u0142ami, przeplatanymi z\u0142otymi hematytami,<\/p>\n","protected":false},"featured_media":7174,"comment_status":"open","ping_status":"closed","template":"","meta":{"advanced_seo_description":"","jetpack_seo_html_title":"","jetpack_seo_noindex":false},"product_brand":[],"product_cat":[229],"product_tag":[2575,2598,64,94,57,31],"class_list":{"0":"post-7179","1":"product","2":"type-product","3":"status-publish","4":"has-post-thumbnail","6":"product_cat-sprzedane","7":"product_tag-bransoletka-z-kamieniami-slonecznymi-i-perlami","8":"product_tag-bransoletka-z-pudrowymi-kamieniami-naturalnymi","9":"product_tag-kamien-ksiezycowy","10":"product_tag-kamien-sloneczny","11":"product_tag-perla","12":"product_tag-zloty-hematyt","14":"first","15":"outofstock","16":"shipping-taxable","17":"purchasable","18":"product-type-simple"},"jetpack_sharing_enabled":true,"_links":{"self":[{"href":"https:\/\/koraledetale.pl\/index.php?rest_route=\/wp\/v2\/product\/7179","targetHints":{"allow":["GET"]}}],"collection":[{"href":"https:\/\/koraledetale.pl\/index.php?rest_route=\/wp\/v2\/product"}],"about":[{"href":"https:\/\/koraledetale.pl\/index.php?rest_route=\/wp\/v2\/types\/product"}],"replies":[{"embeddable":true,"href":"https:\/\/koraledetale.pl\/index.php?rest_route=%2Fwp%2Fv2%2Fcomments&post=7179"}],"wp:featuredmedia":[{"embeddable":true,"href":"https:\/\/koraledetale.pl\/index.php?rest_route=\/wp\/v2\/media\/7174"}],"wp:attachment":[{"href":"https:\/\/koraledetale.pl\/index.php?rest_route=%2Fwp%2Fv2%2Fmedia&parent=7179"}],"wp:term":[{"taxonomy":"product_brand","embeddable":true,"href":"https:\/\/koraledetale.pl\/index.php?rest_route=%2Fwp%2Fv2%2Fproduct_brand&post=7179"},{"taxonomy":"product_cat","embeddable":true,"href":"https:\/\/koraledetale.pl\/index.php?rest_route=%2Fwp%2Fv2%2Fproduct_cat&post=7179"},{"taxonomy":"product_tag","embeddable":true,"href":"https:\/\/koraledetale.pl\/index.php?rest_route=%2Fwp%2Fv2%2Fproduct_tag&post=7179"}],"curies":[{"name":"wp","href":"https:\/\/api.w.org\/{rel}","templated":true}]}}