{"id":7166,"date":"2025-05-19T15:39:18","date_gmt":"2025-05-19T15:39:18","guid":{"rendered":"https:\/\/koraledetale.pl\/?post_type=product&#038;p=7166"},"modified":"2025-06-06T11:28:08","modified_gmt":"2025-06-06T11:28:08","slug":"naszyjnik-perly-z-sercem-vi","status":"publish","type":"product","link":"https:\/\/koraledetale.pl\/?product=naszyjnik-perly-z-sercem-vi","title":{"rendered":"Naszyjnik PER\u0141Y Z SERCEM VI"},"content":{"rendered":"<p>Wielko\u015b\u0107 kamieni:<\/p>\n<ul>\n<li>per\u0142a \u2013 ok. 8\u00d76 mm,<\/li>\n<li>hematyt \u2013 2 mm.<\/li>\n<\/ul>\n<p>D\u0142ugo\u015b\u0107 naszyjnika \u2013 42 cm + zawieszka 1,8 cm.<\/p>\n<p>Wszystkie elementy metalowe wykonane s\u0105 z nieuczulaj\u0105cej stali szlachetnej.<\/p>\n<p>Kamienie zasupe\u0142kowane s\u0105 na szarej, mocnej nici jubilerskiej.<\/p>\n<p>Naszyjnik jest bezpieczny przy u\u017cywaniu zgodnie z jego zastosowaniem.<\/p>\n","protected":false},"excerpt":{"rendered":"<p>Choker z pere\u0142 t\u0119czowych, z wplecionymi gdzieniegdzie z\u0142otymi hematytami, z ozdobnym zapi\u0119ciem typu toggle, z zawieszk\u0105 w kszta\u0142cie serca i okr\u0105g\u0142ym elementem dodaj\u0105cym naszyjnikowi nowoczesnego charakteru. Choker idealnie dope\u0142ni ka\u017cd\u0105 stylizacj\u0119 \u2013 pocz\u0105wszy od jeans\u00f3w i trampek, na wyj\u015bciowej sukni i szpilkach ko\u0144cz\u0105c.<\/p>\n","protected":false},"featured_media":7159,"comment_status":"open","ping_status":"closed","template":"","meta":{"advanced_seo_description":"","jetpack_seo_html_title":"","jetpack_seo_noindex":false},"product_brand":[],"product_cat":[15],"product_tag":[2594,2592,2593,319,520,31],"class_list":{"0":"post-7166","1":"product","2":"type-product","3":"status-publish","4":"has-post-thumbnail","6":"product_cat-naszyjniki","7":"product_tag-choker-z-perel-teczowych-z-sercem","8":"product_tag-naszyjnik-z-perlami-i-sercem","9":"product_tag-naszyjnik-z-perle-teczowych","10":"product_tag-perla-teczowa","11":"product_tag-serce","12":"product_tag-zloty-hematyt","14":"first","15":"instock","16":"shipping-taxable","17":"purchasable","18":"product-type-simple"},"jetpack_sharing_enabled":true,"_links":{"self":[{"href":"https:\/\/koraledetale.pl\/index.php?rest_route=\/wp\/v2\/product\/7166","targetHints":{"allow":["GET"]}}],"collection":[{"href":"https:\/\/koraledetale.pl\/index.php?rest_route=\/wp\/v2\/product"}],"about":[{"href":"https:\/\/koraledetale.pl\/index.php?rest_route=\/wp\/v2\/types\/product"}],"replies":[{"embeddable":true,"href":"https:\/\/koraledetale.pl\/index.php?rest_route=%2Fwp%2Fv2%2Fcomments&post=7166"}],"wp:featuredmedia":[{"embeddable":true,"href":"https:\/\/koraledetale.pl\/index.php?rest_route=\/wp\/v2\/media\/7159"}],"wp:attachment":[{"href":"https:\/\/koraledetale.pl\/index.php?rest_route=%2Fwp%2Fv2%2Fmedia&parent=7166"}],"wp:term":[{"taxonomy":"product_brand","embeddable":true,"href":"https:\/\/koraledetale.pl\/index.php?rest_route=%2Fwp%2Fv2%2Fproduct_brand&post=7166"},{"taxonomy":"product_cat","embeddable":true,"href":"https:\/\/koraledetale.pl\/index.php?rest_route=%2Fwp%2Fv2%2Fproduct_cat&post=7166"},{"taxonomy":"product_tag","embeddable":true,"href":"https:\/\/koraledetale.pl\/index.php?rest_route=%2Fwp%2Fv2%2Fproduct_tag&post=7166"}],"curies":[{"name":"wp","href":"https:\/\/api.w.org\/{rel}","templated":true}]}}