{"id":7096,"date":"2025-04-30T09:39:32","date_gmt":"2025-04-30T09:39:32","guid":{"rendered":"https:\/\/koraledetale.pl\/?post_type=product&#038;p=7096"},"modified":"2025-07-28T06:40:59","modified_gmt":"2025-07-28T06:40:59","slug":"naszyjnik-przeplyw-ii-z-czarnymi-turmalinami","status":"publish","type":"product","link":"https:\/\/koraledetale.pl\/?product=naszyjnik-przeplyw-ii-z-czarnymi-turmalinami","title":{"rendered":"Naszyjnik PRZEP\u0141YW II z czarnymi turmalinami"},"content":{"rendered":"<p>Wielko\u015b\u0107 kamieni:<\/p>\n<ul>\n<li>turmalin \u2013 4,5 mm,<\/li>\n<li>hematyt \u2013 4,5\u00d71 mm<\/li>\n<\/ul>\n<p>D\u0142ugo\u015b\u0107 naszyjnika \u2013 80 cm.<\/p>\n<p>Wszystkie elementy metalowe wykonane s\u0105 z nieuczulaj\u0105cej stali szlachetnej.<\/p>\n<p><strong>Czarny turmalin<\/strong>\u00a0jest silnie energetycznym kamieniem o pot\u0119\u017cnych w\u0142a\u015bciwo\u015bciach:<\/p>\n<ul>\n<li><strong>Ochrona przed negatywn\u0105 energi\u0105<\/strong>\u00a0\u2013 absorbuje i odbija negatywn\u0105 energi\u0119 oraz chroni przed z\u0142ymi wp\u0142ywami zewn\u0119trznymi (takimi jak z\u0142o\u015bliwe spojrzenia, wampiryzm energetyczny, kl\u0105twy czy negatywna energia generowana przez innych ludzi). Jest u\u017cywany do oczyszczania i ochrony aury oraz przestrzeni \u017cyciowej przed negatywnymi wibracjami.<\/li>\n<li><strong>Oczyszczanie\u00a0<\/strong>emocjonalne i energetyczne, usuwanie toksycznych my\u015bli i uczu\u0107 oraz neutralizowanie szkodliwej energii.<\/li>\n<li><strong>Wzmacnianie ochrony energetycznej<\/strong>\u00a0innych kamieni lub przedmiot\u00f3w.<\/li>\n<li><strong>Ugruntowanie i stabilizacja\u00a0 \u2013\u00a0<\/strong>ugruntowanie energii i zapewnienie stabilno\u015bci emocjonalnej, mentalnej i fizycznej. Jest u\u017cywany do redukcji stresu, poprawy koncentracji i zwi\u0119kszenia poczucia r\u00f3wnowagi, pomocny r\u00f3wnie\u017c podczas medytacji.<\/li>\n<li><strong>Odblokowywanie energii<\/strong>\u00a0w ciele, co wspiera proces uzdrawiania i przep\u0142yw energii \u017cyciowej.<\/li>\n<li><strong>Ochrona przed promieniowaniem elektromagnetycznym<\/strong>\u00a0\u2013 ochronie przed szkodliwym wp\u0142ywem promieniowania elektromagnetycznego emitowanego przez urz\u0105dzenia elektroniczne.<\/li>\n<li><strong>Przyci\u0105ganie dobrej energii\u00a0<\/strong>\u2013 opr\u00f3cz ochrony przed negatywn\u0105 energi\u0105, czarny turmalin przyci\u0105ga dobr\u0105 energi\u0119 i pozytywne do\u015bwiadczenia.<\/li>\n<li><strong>Zwi\u0119kszenie psychicznych zdolno\u015bci \u2013\u00a0<\/strong>wspiera rozw\u00f3j psychiczny, zwi\u0119ksza intuicj\u0119 oraz umo\u017cliwia dost\u0119p do g\u0142\u0119bszych poziom\u00f3w \u015bwiadomo\u015bci podczas praktyk medytacyjnych i ezoterycznych.<\/li>\n<\/ul>\n<p>&nbsp;<\/p>\n<p>Naszyjnik jest bezpieczny przy u\u017cytkowaniu zgodnie z jego przeznaczeniem.<\/p>\n","protected":false},"excerpt":{"rendered":"<p>D\u0142ugi naszyjnik z matowymi kuleczkami czarnego turmalinu, dyskretnie przeplecionymi z\u0142otymi hematytami, zwie\u0144czony zawieszk\u0105 z symbolem s\u0142o\u0144ca z czerwon\u0105 nitk\u0105, zawieszon\u0105 na k\u00f3\u0142eczku.<\/p>\n","protected":false},"featured_media":7097,"comment_status":"open","ping_status":"closed","template":"","meta":{"advanced_seo_description":"","jetpack_seo_html_title":"","jetpack_seo_noindex":false},"product_brand":[],"product_cat":[229],"product_tag":[288,606,2573,2574,2285],"class_list":{"0":"post-7096","1":"product","2":"type-product","3":"status-publish","4":"has-post-thumbnail","6":"product_cat-sprzedane","7":"product_tag-czarny-turmalin","8":"product_tag-czerwona-nitka","9":"product_tag-dlugi-naszyjnik-z-kamieniami-ochronnymi","10":"product_tag-naszyjnik-z-matowymi-czarnymi-kamieniami-naturalnymi","11":"product_tag-ochronny-naszyjnik-z-czarnymi-turmalinami","13":"first","14":"outofstock","15":"shipping-taxable","16":"purchasable","17":"product-type-simple"},"jetpack_sharing_enabled":true,"_links":{"self":[{"href":"https:\/\/koraledetale.pl\/index.php?rest_route=\/wp\/v2\/product\/7096","targetHints":{"allow":["GET"]}}],"collection":[{"href":"https:\/\/koraledetale.pl\/index.php?rest_route=\/wp\/v2\/product"}],"about":[{"href":"https:\/\/koraledetale.pl\/index.php?rest_route=\/wp\/v2\/types\/product"}],"replies":[{"embeddable":true,"href":"https:\/\/koraledetale.pl\/index.php?rest_route=%2Fwp%2Fv2%2Fcomments&post=7096"}],"wp:featuredmedia":[{"embeddable":true,"href":"https:\/\/koraledetale.pl\/index.php?rest_route=\/wp\/v2\/media\/7097"}],"wp:attachment":[{"href":"https:\/\/koraledetale.pl\/index.php?rest_route=%2Fwp%2Fv2%2Fmedia&parent=7096"}],"wp:term":[{"taxonomy":"product_brand","embeddable":true,"href":"https:\/\/koraledetale.pl\/index.php?rest_route=%2Fwp%2Fv2%2Fproduct_brand&post=7096"},{"taxonomy":"product_cat","embeddable":true,"href":"https:\/\/koraledetale.pl\/index.php?rest_route=%2Fwp%2Fv2%2Fproduct_cat&post=7096"},{"taxonomy":"product_tag","embeddable":true,"href":"https:\/\/koraledetale.pl\/index.php?rest_route=%2Fwp%2Fv2%2Fproduct_tag&post=7096"}],"curies":[{"name":"wp","href":"https:\/\/api.w.org\/{rel}","templated":true}]}}