{"id":7039,"date":"2025-04-20T19:40:27","date_gmt":"2025-04-20T19:40:27","guid":{"rendered":"https:\/\/koraledetale.pl\/?post_type=product&#038;p=7039"},"modified":"2025-04-23T09:13:36","modified_gmt":"2025-04-23T09:13:36","slug":"bransoletka-mech-i-paproc-ii","status":"publish","type":"product","link":"https:\/\/koraledetale.pl\/?product=bransoletka-mech-i-paproc-ii","title":{"rendered":"Bransoletka MECH I PAPRO\u0106 II"},"content":{"rendered":"<p>Wielko\u015b\u0107 kamieni:<\/p>\n<ul>\n<li>diopsyd \u2013 4,5&#215;2,5 mm,<\/li>\n<li>labradoryt -3,5 mm,<\/li>\n<li>frenit \u2013 3,5 mm,<\/li>\n<li>turmalin \u2013 3,5 mm i 4&#215;2,5 mm (pastylka),<\/li>\n<li>cytryn \u2013 3,5 mm i 3 mm,<\/li>\n<li>oliwin \u2013 2,5 mm,<\/li>\n<li>zielony granat \u2013 3,5 mm,<\/li>\n<li>kwarc dymny &#8211; 3,5 mm,<\/li>\n<li>hematyt \u2013 2 mm, 2\u00d71 mm.<\/li>\n<\/ul>\n<p>Zawieszka \u2013 ksi\u0119\u017cyc: 11\u00d711 mm.<\/p>\n<p>D\u0142ugo\u015b\u0107 bransoletki: 16-20,5 cm.<\/p>\n<p>Bransoletk\u0119 zapniesz na ogniwku przed k\u00f3\u0142kiem, na k\u00f3\u0142ku lub dowolnym oczku \u0142a\u0144cuszka.<\/p>\n<p>Kamienie zasupe\u0142kowane s\u0105 na zielonej, mocnej nici jubilerskiej.<\/p>\n<p>Wszystkie elementy metalowe wykonane s\u0105 z nieuczulaj\u0105cej stali szlachetnej.<\/p>\n<p>Bransoletka jest bezpieczna przy u\u017cywaniu zgodnie z jej zastosowaniem.<\/p>\n","protected":false},"excerpt":{"rendered":"<p>Bransoletka z zielonymi kamieniami: diopsydami, frenitami, turmalinami, granatami, oliwinami oraz cytrynami, labradorytami i kwarcami dymnymi, przeplatanymi z\u0142otymi hematytami.\u00a0 Przy zapi\u0119ciu \u2013 k\u00f3\u0142ku, przewieszone s\u0105 zawieszki: lunula i \u0142a\u0144cuszek z pastylk\u0105 turmalinu.<\/p>\n","protected":false},"featured_media":7040,"comment_status":"open","ping_status":"closed","template":"","meta":{"advanced_seo_description":"","jetpack_seo_html_title":"","jetpack_seo_noindex":false},"product_brand":[],"product_cat":[229],"product_tag":[890,503,656,29,125,63,56,30,87,86,31],"class_list":{"0":"post-7039","1":"product","2":"type-product","3":"status-publish","4":"has-post-thumbnail","6":"product_cat-sprzedane","7":"product_tag-bransoletka-z-lunula","8":"product_tag-bransoletka-z-zawieszkami","9":"product_tag-bransoletka-z-zielonymi-kamieniami-naturalnymi","10":"product_tag-diopsyd","11":"product_tag-frenit","12":"product_tag-kwarc-dymny","13":"product_tag-labradoryt","14":"product_tag-oliwin","15":"product_tag-turmalin","16":"product_tag-zielony-granat","17":"product_tag-zloty-hematyt","19":"first","20":"outofstock","21":"shipping-taxable","22":"purchasable","23":"product-type-simple"},"jetpack_sharing_enabled":true,"_links":{"self":[{"href":"https:\/\/koraledetale.pl\/index.php?rest_route=\/wp\/v2\/product\/7039","targetHints":{"allow":["GET"]}}],"collection":[{"href":"https:\/\/koraledetale.pl\/index.php?rest_route=\/wp\/v2\/product"}],"about":[{"href":"https:\/\/koraledetale.pl\/index.php?rest_route=\/wp\/v2\/types\/product"}],"replies":[{"embeddable":true,"href":"https:\/\/koraledetale.pl\/index.php?rest_route=%2Fwp%2Fv2%2Fcomments&post=7039"}],"wp:featuredmedia":[{"embeddable":true,"href":"https:\/\/koraledetale.pl\/index.php?rest_route=\/wp\/v2\/media\/7040"}],"wp:attachment":[{"href":"https:\/\/koraledetale.pl\/index.php?rest_route=%2Fwp%2Fv2%2Fmedia&parent=7039"}],"wp:term":[{"taxonomy":"product_brand","embeddable":true,"href":"https:\/\/koraledetale.pl\/index.php?rest_route=%2Fwp%2Fv2%2Fproduct_brand&post=7039"},{"taxonomy":"product_cat","embeddable":true,"href":"https:\/\/koraledetale.pl\/index.php?rest_route=%2Fwp%2Fv2%2Fproduct_cat&post=7039"},{"taxonomy":"product_tag","embeddable":true,"href":"https:\/\/koraledetale.pl\/index.php?rest_route=%2Fwp%2Fv2%2Fproduct_tag&post=7039"}],"curies":[{"name":"wp","href":"https:\/\/api.w.org\/{rel}","templated":true}]}}