{"id":6930,"date":"2025-03-25T12:40:24","date_gmt":"2025-03-25T12:40:24","guid":{"rendered":"https:\/\/koraledetale.pl\/?post_type=product&#038;p=6930"},"modified":"2025-07-26T05:50:18","modified_gmt":"2025-07-26T05:50:18","slug":"naszyjnik-wir-przemian-z-labradorytami-szmaragdami-i-chryzoprazem","status":"publish","type":"product","link":"https:\/\/koraledetale.pl\/?product=naszyjnik-wir-przemian-z-labradorytami-szmaragdami-i-chryzoprazem","title":{"rendered":"Naszyjnik WIR PRZEMIAN z labradorytami, szmaragdami i chryzoprazem"},"content":{"rendered":"<p>Wielko\u015b\u0107 kamieni:<\/p>\n<ul>\n<li>labradoryt \u2013 10,5 mm i 8&#215;4 mm,<\/li>\n<li>szmaragd &#8211; 10&#215;6 mm i 6 mm,<\/li>\n<li>hematyt \u2013 4&#215;2 mm, 3&#215;2 mm i 2\u00d71 mm.<\/li>\n<\/ul>\n<p>D\u0142ugo\u015b\u0107 naszyjnika: 49-58,5 cm + zawieszka (mierz\u0105c od sznura) 4,7 cm.<\/p>\n<p>Kamienie zasupe\u0142kowane s\u0105 na czarnej, mocnej nici jubilerskiej.<\/p>\n<p>Wszystkie elementy metalowe wykonane s\u0105 z nieuczulaj\u0105cej stali szlachetnej.<\/p>\n<p>Naszyjnik jest bezpieczny przy u\u017cywaniu zgodnie z jego zastosowaniem.<\/p>\n","protected":false},"excerpt":{"rendered":"<p>Okaza\u0142y naszyjnik z du\u017cymi, ciemnymi kulkami labradorytu, przeplatanymi fasetowanymi oponkami ja\u015bniejszego labradorytu, kuleczkami i wa\u0142eczkiem szmaragdu, oraz z\u0142otymi hematytami. Zwie\u0144czeniem naszyjnika jest du\u017cy chryzopraz.<\/p>\n","protected":false},"featured_media":6933,"comment_status":"open","ping_status":"closed","template":"","meta":{"advanced_seo_description":"","jetpack_seo_html_title":"","jetpack_seo_noindex":false},"product_brand":[],"product_cat":[229],"product_tag":[119,56,2521,2522,143,31],"class_list":{"0":"post-6930","1":"product","2":"type-product","3":"status-publish","4":"has-post-thumbnail","6":"product_cat-sprzedane","7":"product_tag-chryzopraz","8":"product_tag-labradoryt","9":"product_tag-naszyjnik-z-duzymi-kamieniami-naturalnymi","10":"product_tag-naszyjnik-z-labradorytami-szmaragdami-i-chryzoprazem","11":"product_tag-szmaragd","12":"product_tag-zloty-hematyt","14":"first","15":"outofstock","16":"shipping-taxable","17":"purchasable","18":"product-type-simple"},"jetpack_sharing_enabled":true,"_links":{"self":[{"href":"https:\/\/koraledetale.pl\/index.php?rest_route=\/wp\/v2\/product\/6930","targetHints":{"allow":["GET"]}}],"collection":[{"href":"https:\/\/koraledetale.pl\/index.php?rest_route=\/wp\/v2\/product"}],"about":[{"href":"https:\/\/koraledetale.pl\/index.php?rest_route=\/wp\/v2\/types\/product"}],"replies":[{"embeddable":true,"href":"https:\/\/koraledetale.pl\/index.php?rest_route=%2Fwp%2Fv2%2Fcomments&post=6930"}],"wp:featuredmedia":[{"embeddable":true,"href":"https:\/\/koraledetale.pl\/index.php?rest_route=\/wp\/v2\/media\/6933"}],"wp:attachment":[{"href":"https:\/\/koraledetale.pl\/index.php?rest_route=%2Fwp%2Fv2%2Fmedia&parent=6930"}],"wp:term":[{"taxonomy":"product_brand","embeddable":true,"href":"https:\/\/koraledetale.pl\/index.php?rest_route=%2Fwp%2Fv2%2Fproduct_brand&post=6930"},{"taxonomy":"product_cat","embeddable":true,"href":"https:\/\/koraledetale.pl\/index.php?rest_route=%2Fwp%2Fv2%2Fproduct_cat&post=6930"},{"taxonomy":"product_tag","embeddable":true,"href":"https:\/\/koraledetale.pl\/index.php?rest_route=%2Fwp%2Fv2%2Fproduct_tag&post=6930"}],"curies":[{"name":"wp","href":"https:\/\/api.w.org\/{rel}","templated":true}]}}