{"id":6593,"date":"2025-01-07T16:52:01","date_gmt":"2025-01-07T16:52:01","guid":{"rendered":"https:\/\/koraledetale.pl\/?post_type=product&#038;p=6593"},"modified":"2025-05-11T07:35:37","modified_gmt":"2025-05-11T07:35:37","slug":"naszyjnik-romantycznosc-z-perlami-i-kwarcem-truskawkowym","status":"publish","type":"product","link":"https:\/\/koraledetale.pl\/?product=naszyjnik-romantycznosc-z-perlami-i-kwarcem-truskawkowym","title":{"rendered":"Naszyjnik ROMANTYCZNO\u015a\u0106 z per\u0142ami i kwarcem truskawkowym"},"content":{"rendered":"<p>Wielko\u015b\u0107 kamieni:<\/p>\n<ul>\n<li>per\u0142y \u2013 ok. 7\u00d73,5 mm,<\/li>\n<li>kwarc truskawkowy \u2013 11x12x4,5 mm,<\/li>\n<li>hematyt \u2013 2 mm.<\/li>\n<\/ul>\n<p>D\u0142ugo\u015b\u0107 naszyjnika: 41 \u2013 46 cm.<\/p>\n<p>Wszystkie elementy metalowe wykonane s\u0105 z nieuczulaj\u0105cej stali szlachetnej.<\/p>\n<p>Naszyjnik jest bezpieczny przy u\u017cywaniu zgodnie z jego zastosowaniem.<\/p>\n","protected":false},"excerpt":{"rendered":"<p>Naszyjnik z pod\u0142u\u017cnych, r\u00f3\u017cowych pere\u0142ek, przeplatanych z\u0142otymi hematytami. Zwie\u0144czeniem naszyjnika jest zawieszka z kwarcem truskawkowym w kszta\u0142cie serca.<\/p>\n","protected":false},"featured_media":6587,"comment_status":"open","ping_status":"closed","template":"","meta":{"advanced_seo_description":"","jetpack_seo_html_title":"","jetpack_seo_noindex":false},"product_brand":[],"product_cat":[229],"product_tag":[2394,58,2395,885,75,31],"class_list":{"0":"post-6593","1":"product","2":"type-product","3":"status-publish","4":"has-post-thumbnail","6":"product_cat-sprzedane","7":"product_tag-delikatny-naszyjnik-z-perlami-i-sercem","8":"product_tag-kwarc-truskawkowy","9":"product_tag-naszyjnik-z-perlami-i-kwarcem-truskawkowym","10":"product_tag-naszyjnik-z-rozowych-perel","11":"product_tag-rozowa-perla","12":"product_tag-zloty-hematyt","14":"first","15":"outofstock","16":"shipping-taxable","17":"purchasable","18":"product-type-simple"},"jetpack_sharing_enabled":true,"_links":{"self":[{"href":"https:\/\/koraledetale.pl\/index.php?rest_route=\/wp\/v2\/product\/6593","targetHints":{"allow":["GET"]}}],"collection":[{"href":"https:\/\/koraledetale.pl\/index.php?rest_route=\/wp\/v2\/product"}],"about":[{"href":"https:\/\/koraledetale.pl\/index.php?rest_route=\/wp\/v2\/types\/product"}],"replies":[{"embeddable":true,"href":"https:\/\/koraledetale.pl\/index.php?rest_route=%2Fwp%2Fv2%2Fcomments&post=6593"}],"wp:featuredmedia":[{"embeddable":true,"href":"https:\/\/koraledetale.pl\/index.php?rest_route=\/wp\/v2\/media\/6587"}],"wp:attachment":[{"href":"https:\/\/koraledetale.pl\/index.php?rest_route=%2Fwp%2Fv2%2Fmedia&parent=6593"}],"wp:term":[{"taxonomy":"product_brand","embeddable":true,"href":"https:\/\/koraledetale.pl\/index.php?rest_route=%2Fwp%2Fv2%2Fproduct_brand&post=6593"},{"taxonomy":"product_cat","embeddable":true,"href":"https:\/\/koraledetale.pl\/index.php?rest_route=%2Fwp%2Fv2%2Fproduct_cat&post=6593"},{"taxonomy":"product_tag","embeddable":true,"href":"https:\/\/koraledetale.pl\/index.php?rest_route=%2Fwp%2Fv2%2Fproduct_tag&post=6593"}],"curies":[{"name":"wp","href":"https:\/\/api.w.org\/{rel}","templated":true}]}}