{"id":6301,"date":"2024-11-05T10:02:10","date_gmt":"2024-11-05T10:02:10","guid":{"rendered":"https:\/\/koraledetale.pl\/?post_type=product&#038;p=6301"},"modified":"2024-12-07T19:06:36","modified_gmt":"2024-12-07T19:06:36","slug":"naszyjnik-chwila-ze-spinelami","status":"publish","type":"product","link":"https:\/\/koraledetale.pl\/?product=naszyjnik-chwila-ze-spinelami","title":{"rendered":"Naszyjnik CHWILA ze spinelami"},"content":{"rendered":"<p>Wielko\u015b\u0107 kamieni:<\/p>\n<ul>\n<li>spinel &#8211; 4 mm,<\/li>\n<li>granat &#8211; 9&#215;5 mm,<\/li>\n<li>hematyt &#8211; 3&#215;2 mm, 4&#215;2 mm, 2&#215;1 mm i 2 mm.<\/li>\n<\/ul>\n<p>D\u0142ugo\u015b\u0107 naszyjnika &#8211; 96 cm.<\/p>\n<p>Wszystkie elementy metalowe wykonane s\u0105 z nieuczulaj\u0105cej stali szlachetnej.<\/p>\n","protected":false},"excerpt":{"rendered":"<p>D\u0142ugi naszyjnik z cieniowanymi spinelami, przeplatanymi z\u0142otymi hematytami, z \u0142a\u0144cuszkiem o du\u017cych, karbowanych oczkach, z zawieszkami &#8211; \u0142ezk\u0105 granatu, kuleczk\u0105 spinelu, sznureczkiem z hematytami oraz ksi\u0119\u017cycem na karabi\u0144czyku (kt\u00f3ry mo\u017cesz dopi\u0105\u0107 w dowolnym miejscu).<\/p>\n<p>Sznur mo\u017cesz nosi\u0107 w dowolny spos\u00f3b: jako d\u0142ugi naszyjnik z \u0142a\u0144cuszkiem u do\u0142u, po boku lub z ty\u0142u, ksi\u0119\u017cycem w dowolym miejscu (lub bez). Mo\u017cesz te\u017c dwukrotnie owin\u0105\u0107 naszyjnik wok\u00f3\u0142 szyi, tworz\u0105c warstwy z zawieszkami. Mo\u017cliwo\u015bci jest wiele &#8211; wszytsko zale\u017cy od Twojej fantazji.<\/p>\n","protected":false},"featured_media":6304,"comment_status":"open","ping_status":"closed","template":"","meta":{"advanced_seo_description":"","jetpack_seo_html_title":"","jetpack_seo_noindex":false},"product_brand":[],"product_cat":[229],"product_tag":[2290,2291,2292,2293,71,501,39,2296,2294,2295,2297,31],"class_list":{"0":"post-6301","1":"product","2":"type-product","3":"status-publish","4":"has-post-thumbnail","6":"product_cat-sprzedane","7":"product_tag-dlugi-naszyjnik-z-czerwonymi-spinelami","8":"product_tag-dlugi-naszyjnik-z-kolorowymi-spinelami","9":"product_tag-dlugi-naszyjnik-z-rozowymi-kamieniami-naturalnymi","10":"product_tag-dlugi-nszyjnik-z-cieniowanymi-kamieniami-naturalnymi","11":"product_tag-granat","12":"product_tag-ksiezyc","13":"product_tag-spinel","14":"product_tag-warstwowy-naszyjnik-z-cieniowanymi-spinelami","15":"product_tag-warstwowy-naszyjnik-z-kamieniami-naturalnymi","16":"product_tag-warstwowy-naszyjnik-z-kolorowymi-spinelami","17":"product_tag-warstwowy-naszyjnik-z-zawieszkami","18":"product_tag-zloty-hematyt","20":"first","21":"outofstock","22":"shipping-taxable","23":"purchasable","24":"product-type-simple"},"jetpack_sharing_enabled":true,"_links":{"self":[{"href":"https:\/\/koraledetale.pl\/index.php?rest_route=\/wp\/v2\/product\/6301","targetHints":{"allow":["GET"]}}],"collection":[{"href":"https:\/\/koraledetale.pl\/index.php?rest_route=\/wp\/v2\/product"}],"about":[{"href":"https:\/\/koraledetale.pl\/index.php?rest_route=\/wp\/v2\/types\/product"}],"replies":[{"embeddable":true,"href":"https:\/\/koraledetale.pl\/index.php?rest_route=%2Fwp%2Fv2%2Fcomments&post=6301"}],"wp:featuredmedia":[{"embeddable":true,"href":"https:\/\/koraledetale.pl\/index.php?rest_route=\/wp\/v2\/media\/6304"}],"wp:attachment":[{"href":"https:\/\/koraledetale.pl\/index.php?rest_route=%2Fwp%2Fv2%2Fmedia&parent=6301"}],"wp:term":[{"taxonomy":"product_brand","embeddable":true,"href":"https:\/\/koraledetale.pl\/index.php?rest_route=%2Fwp%2Fv2%2Fproduct_brand&post=6301"},{"taxonomy":"product_cat","embeddable":true,"href":"https:\/\/koraledetale.pl\/index.php?rest_route=%2Fwp%2Fv2%2Fproduct_cat&post=6301"},{"taxonomy":"product_tag","embeddable":true,"href":"https:\/\/koraledetale.pl\/index.php?rest_route=%2Fwp%2Fv2%2Fproduct_tag&post=6301"}],"curies":[{"name":"wp","href":"https:\/\/api.w.org\/{rel}","templated":true}]}}