{"id":6299,"date":"2024-11-04T14:40:23","date_gmt":"2024-11-04T14:40:23","guid":{"rendered":"https:\/\/koraledetale.pl\/?post_type=product&#038;p=6299"},"modified":"2024-11-11T20:43:34","modified_gmt":"2024-11-11T20:43:34","slug":"naszyjnik-herkimer-z-czarnymi-turmalinami-i-krysztalami-gorskimi","status":"publish","type":"product","link":"https:\/\/koraledetale.pl\/?product=naszyjnik-herkimer-z-czarnymi-turmalinami-i-krysztalami-gorskimi","title":{"rendered":"Naszyjnik HERKIMER z czarnymi turmalinami i kryszta\u0142ami g\u00f3rskimi"},"content":{"rendered":"<p>Wielko\u015b\u0107 kamieni:<\/p>\n<ul>\n<li>turmalin \u2013 4 mm, 3 mm i 2,5&#215;2,5 mm,<\/li>\n<li>kryszta\u0142 g\u00f3rski &#8211; 3,5 mm i 4 mm,<\/li>\n<li>herkimer \u2013 11\u00d75 mm,<\/li>\n<li>hematyt \u2013 3&#215;1 mm, 2\u00d71 mm i 2 mm.<\/li>\n<\/ul>\n<p>D\u0142ugo\u015b\u0107 naszyjnika: 39 \u2013 44 cm.<\/p>\n<p>Wszystkie elementy metalowe wykonane s\u0105 z nieuczulaj\u0105cej stali szlachetnej.<\/p>\n<p>Diament z Herkimer, zwany te\u017c potocznie po prostu herkimerem, to kryszta\u0142 g\u00f3rski o niebywa\u0142ym blasku. St\u0105d w\u0142a\u015bnie por\u00f3wnanie do diamentu. Wydobywany jest wy\u0142\u0105cznie w kopalni w Herkimer (USA). Jego naturalny, geometryczny kszta\u0142t oraz wysoka twardo\u015b\u0107 wyr\u00f3\u017cnia go w\u015br\u00f3d pozosta\u0142ych kwarc\u00f3w.<\/p>\n<p>Po\u0142\u0105czenie herkimera i czarnego turmalinu w bransoletce ma synergiczny efekt:<\/p>\n<ul>\n<li><strong>Ochrona i oczyszczanie energetyczne:<\/strong>\u00a0Czarny turmalin chroni przed negatywn\u0105 energi\u0105, podczas gdy herkimer wzmacnia t\u0119 ochron\u0119. Noszenie naszyjnika z tymi kamieniami pomaga w utrzymaniu czystej i pozytywnej atmosfery energetycznej w Twoim otoczeniu.<\/li>\n<li><strong>Wzmacnianie intencji:<\/strong>\u00a0Herkimer wzmacnia intencj\u0119, a czarny turmalin usuwa przeszkody energetyczne, kt\u00f3re wstrzymuj\u0105 realizacj\u0119 tych intencji. Po\u0142\u0105czenie obu kamieni stwarza pot\u0119\u017cne narz\u0119dzie do manifestowania cel\u00f3w i pragnie\u0144.<\/li>\n<li><strong>Poprawa jasno\u015bci my\u015bli:<\/strong>\u00a0Herkimer jest kojarzony z jasno\u015bci\u0105 my\u015bli i koncentracj\u0105, podczas gdy czarny turmalin pomaga w usuwaniu negatywnych my\u015bli i wp\u0142yw\u00f3w. Noszenie bi\u017cuterii z tymi kamieniami pomaga w poprawie koncentracji i klarowno\u015bci umys\u0142u.<\/li>\n<li><strong>Wzmacnianie duchowego wzrostu:<\/strong>\u00a0Herkimer u\u017cywany jest do wspierania duchowego wzrostu i rozwoju, a czarny turmalin pomaga w oczyszczaniu dr\u00f3g energetycznych, u\u0142atwiaj\u0105c przep\u0142yw duchowej energii. Noszenie naszyjnika z oboma kamieniami wspiera duchowy rozw\u00f3j i samodoskonalenie.<\/li>\n<\/ul>\n<p>Pami\u0119taj, \u017ce energia kamieni mo\u017ce oddzia\u0142ywa\u0107 z r\u00f3\u017cn\u0105 intensywno\u015bci\u0105 na ka\u017cdego z nas (w zale\u017cno\u015bci od naszej gotowo\u015bci i otwarto\u015bci). Wa\u017cne jest, aby\u015b po\u0142\u0105czy\u0142a si\u0119 z energi\u0105 kamieni poprzez medytacj\u0119 lub intencj\u0119,\u00a0 Dodatkowo, regularnie oczyszczaj i \u0142aduj kamienie, aby utrzyma\u0107 ich skuteczno\u015b\u0107.<\/p>\n","protected":false},"excerpt":{"rendered":"<p>Naszyjnik \/ choker z czarnymi turmalinami i kryszta\u0142ami g\u00f3rskimi, przeplatanymi z\u0142otymi hematytami, z pojedynczym herkimerem w centrum.<\/p>\n","protected":false},"featured_media":6295,"comment_status":"open","ping_status":"closed","template":"","meta":{"advanced_seo_description":"","jetpack_seo_html_title":"","jetpack_seo_noindex":false},"product_brand":[],"product_cat":[229],"product_tag":[2288,2289,288,1252,702,2285,2287,2143,2286,31],"class_list":{"0":"post-6299","1":"product","2":"type-product","3":"status-publish","4":"has-post-thumbnail","6":"product_cat-sprzedane","7":"product_tag-choker-z-czarnymi-turmalinami-i-krysztalami-gorskimi","8":"product_tag-choker-z-herkimerem","9":"product_tag-czarny-turmalin","10":"product_tag-herkimer","11":"product_tag-krysztal-gorski","12":"product_tag-ochronny-naszyjnik-z-czarnymi-turmalinami","13":"product_tag-ochronny-naszyjnik-z-herkimerem","14":"product_tag-ochronny-naszyjnik-z-kamieniami-naturalnymi","15":"product_tag-ochronny-naszyjnik-z-krysztalami-gorskimi","16":"product_tag-zloty-hematyt","18":"first","19":"outofstock","20":"shipping-taxable","21":"purchasable","22":"product-type-simple"},"jetpack_sharing_enabled":true,"_links":{"self":[{"href":"https:\/\/koraledetale.pl\/index.php?rest_route=\/wp\/v2\/product\/6299","targetHints":{"allow":["GET"]}}],"collection":[{"href":"https:\/\/koraledetale.pl\/index.php?rest_route=\/wp\/v2\/product"}],"about":[{"href":"https:\/\/koraledetale.pl\/index.php?rest_route=\/wp\/v2\/types\/product"}],"replies":[{"embeddable":true,"href":"https:\/\/koraledetale.pl\/index.php?rest_route=%2Fwp%2Fv2%2Fcomments&post=6299"}],"wp:featuredmedia":[{"embeddable":true,"href":"https:\/\/koraledetale.pl\/index.php?rest_route=\/wp\/v2\/media\/6295"}],"wp:attachment":[{"href":"https:\/\/koraledetale.pl\/index.php?rest_route=%2Fwp%2Fv2%2Fmedia&parent=6299"}],"wp:term":[{"taxonomy":"product_brand","embeddable":true,"href":"https:\/\/koraledetale.pl\/index.php?rest_route=%2Fwp%2Fv2%2Fproduct_brand&post=6299"},{"taxonomy":"product_cat","embeddable":true,"href":"https:\/\/koraledetale.pl\/index.php?rest_route=%2Fwp%2Fv2%2Fproduct_cat&post=6299"},{"taxonomy":"product_tag","embeddable":true,"href":"https:\/\/koraledetale.pl\/index.php?rest_route=%2Fwp%2Fv2%2Fproduct_tag&post=6299"}],"curies":[{"name":"wp","href":"https:\/\/api.w.org\/{rel}","templated":true}]}}

Naszyjnik HERKIMER z czarnymi turmalinami i kryształami górskimi

<p>Wielkość kamieni:</p>
<ul>
<li>turmalin – 4 mm, 3 mm i 2,5&#215;2,5 mm,</li>
<li>kryształ górski &#8211; 3,5 mm i 4 mm,</li>
<li>herkimer – 11×5 mm,</li>
<li>hematyt – 3&#215;1 mm, 2×1 mm i 2 mm.</li>
</ul>
<p>Długość naszyjnika: 39 – 44 cm.</p>
<p>Wszystkie elementy metalowe wykonane są z nieuczulającej stali szlachetnej.</p>
<p>Diament z Herkimer, zwany też potocznie po prostu herkimerem, to kryształ górski o niebywałym blasku. Stąd właśnie porównanie do diamentu. Wydobywany jest wyłącznie w kopalni w Herkimer (USA). Jego naturalny, geometryczny kształt oraz wysoka twardość wyróżnia go wśród pozostałych kwarców.</p>
<p>Połączenie herkimera i czarnego turmalinu w bransoletce ma synergiczny efekt:</p>
<ul>
<li><strong>Ochrona i oczyszczanie energetyczne:</strong> Czarny turmalin chroni przed negatywną energią, podczas gdy herkimer wzmacnia tę ochronę. Noszenie naszyjnika z tymi kamieniami pomaga w utrzymaniu czystej i pozytywnej atmosfery energetycznej w Twoim otoczeniu.</li>
<li><strong>Wzmacnianie intencji:</strong> Herkimer wzmacnia intencję, a czarny turmalin usuwa przeszkody energetyczne, które wstrzymują realizację tych intencji. Połączenie obu kamieni stwarza potężne narzędzie do manifestowania celów i pragnień.</li>
<li><strong>Poprawa jasności myśli:</strong> Herkimer jest kojarzony z jasnością myśli i koncentracją, podczas gdy czarny turmalin pomaga w usuwaniu negatywnych myśli i wpływów. Noszenie biżuterii z tymi kamieniami pomaga w poprawie koncentracji i klarowności umysłu.</li>
<li><strong>Wzmacnianie duchowego wzrostu:</strong> Herkimer używany jest do wspierania duchowego wzrostu i rozwoju, a czarny turmalin pomaga w oczyszczaniu dróg energetycznych, ułatwiając przepływ duchowej energii. Noszenie naszyjnika z oboma kamieniami wspiera duchowy rozwój i samodoskonalenie.</li>
</ul>
<p>Pamiętaj, że energia kamieni może oddziaływać z różną intensywnością na każdego z nas (w zależności od naszej gotowości i otwartości). Ważne jest, abyś połączyła się z energią kamieni poprzez medytację lub intencję,  Dodatkowo, regularnie oczyszczaj i ładuj kamienie, aby utrzymać ich skuteczność.</p>

<p>Naszyjnik / choker z czarnymi turmalinami i kryształami górskimi, przeplatanymi złotymi hematytami, z pojedynczym herkimerem w centrum.</p>
