{"id":6226,"date":"2024-10-23T11:10:31","date_gmt":"2024-10-23T11:10:31","guid":{"rendered":"https:\/\/koraledetale.pl\/?post_type=product&#038;p=6226"},"modified":"2024-10-25T06:15:46","modified_gmt":"2024-10-25T06:15:46","slug":"mala-na-harmonizacje-yin-i-yang","status":"publish","type":"product","link":"https:\/\/koraledetale.pl\/?product=mala-na-harmonizacje-yin-i-yang","title":{"rendered":"Mala NA HARMONIZACJ\u0118 YIN I YANG"},"content":{"rendered":"<p>Wielko\u015b\u0107 kamieni:<\/p>\n<ul>\n<li>agat &#8211; 6,5 mm,<\/li>\n<li>drewno egzotyczne &#8211; 6,5 mm<\/li>\n<\/ul>\n<p>D\u0142ugo\u015b\u0107 mali &#8211; 75 cm + 12,5 cm &#8211; guru z mandal\u0105 i chwostem.<\/p>\n<p>Wszystkie elementy metalowe wykonane s\u0105 z nieuczulaj\u0105cej stali szlachetnej.<\/p>\n","protected":false},"excerpt":{"rendered":"<p>Mala z ciemnymi kuleczkami drewna egzotycznego, z wplecionymi zielonymi agatami oraz dyskretnymi przek\u0142adkami, zasupe\u0142kowanymi na zielonej, mocnej nici jubilerskiej. zwie\u0144czeniem naszyjnika jest du\u017ca, a\u017curowa mandala z zielonym chwostem.<\/p>\n","protected":false},"featured_media":6229,"comment_status":"open","ping_status":"closed","template":"","meta":{"advanced_seo_description":"","jetpack_seo_html_title":"","jetpack_seo_noindex":false},"product_brand":[],"product_cat":[229],"product_tag":[127,2269,2268,2267,772,774,184],"class_list":{"0":"post-6226","1":"product","2":"type-product","3":"status-publish","4":"has-post-thumbnail","6":"product_cat-sprzedane","7":"product_tag-agat","8":"product_tag-drewno-egzotyczne","9":"product_tag-mala-z-chwostem-i-mandala","10":"product_tag-mala-z-drewnem-egzotycznym-i-agatami","11":"product_tag-naszyjnik-do-medytacji","12":"product_tag-naszyjnik-z-chwostem","13":"product_tag-naszyjnik-z-mandala","15":"first","16":"outofstock","17":"shipping-taxable","18":"purchasable","19":"product-type-simple"},"jetpack_sharing_enabled":true,"_links":{"self":[{"href":"https:\/\/koraledetale.pl\/index.php?rest_route=\/wp\/v2\/product\/6226","targetHints":{"allow":["GET"]}}],"collection":[{"href":"https:\/\/koraledetale.pl\/index.php?rest_route=\/wp\/v2\/product"}],"about":[{"href":"https:\/\/koraledetale.pl\/index.php?rest_route=\/wp\/v2\/types\/product"}],"replies":[{"embeddable":true,"href":"https:\/\/koraledetale.pl\/index.php?rest_route=%2Fwp%2Fv2%2Fcomments&post=6226"}],"wp:featuredmedia":[{"embeddable":true,"href":"https:\/\/koraledetale.pl\/index.php?rest_route=\/wp\/v2\/media\/6229"}],"wp:attachment":[{"href":"https:\/\/koraledetale.pl\/index.php?rest_route=%2Fwp%2Fv2%2Fmedia&parent=6226"}],"wp:term":[{"taxonomy":"product_brand","embeddable":true,"href":"https:\/\/koraledetale.pl\/index.php?rest_route=%2Fwp%2Fv2%2Fproduct_brand&post=6226"},{"taxonomy":"product_cat","embeddable":true,"href":"https:\/\/koraledetale.pl\/index.php?rest_route=%2Fwp%2Fv2%2Fproduct_cat&post=6226"},{"taxonomy":"product_tag","embeddable":true,"href":"https:\/\/koraledetale.pl\/index.php?rest_route=%2Fwp%2Fv2%2Fproduct_tag&post=6226"}],"curies":[{"name":"wp","href":"https:\/\/api.w.org\/{rel}","templated":true}]}}