{"id":6179,"date":"2024-10-08T10:54:23","date_gmt":"2024-10-08T10:54:23","guid":{"rendered":"https:\/\/koraledetale.pl\/?post_type=product&#038;p=6179"},"modified":"2025-09-29T06:02:13","modified_gmt":"2025-09-29T06:02:13","slug":"naszyjnik-sol-ii-z-kamieniami-ksiezycowo-slonecznymi","status":"publish","type":"product","link":"https:\/\/koraledetale.pl\/?product=naszyjnik-sol-ii-z-kamieniami-ksiezycowo-slonecznymi","title":{"rendered":"Naszyjnik SOL II z kamieniami ksi\u0119\u017cycowo-s\u0142onecznymi"},"content":{"rendered":"<p>Wielko\u015b\u0107 kamieni:<\/p>\n<ul>\n<li>kamienie ksi\u0119\u017cycowo-s\u0142oneczne \u2013 6 x 4,5 mm,<\/li>\n<li>kwarc dymny &#8211; 11&#215;7 mm,<\/li>\n<li>hematyt \u2013 2,5 mm i 3 x 1 mm.<\/li>\n<\/ul>\n<p>D\u0142ugo\u015b\u0107 naszyjnika: 42-47 cm.<\/p>\n<p>D\u0142ugo\u015b\u0107 zawieszki z kwarcem dymnym (mierzona z karabi\u0144czykiem) &#8211; 2,5 cm.<\/p>\n<p>Wszystkie elementy metalowe wykonane s\u0105 z nieuczulaj\u0105cej stali szlachetnej.<\/p>\n<p>Kamienie zasupe\u0142kowane s\u0105 na br\u0105zowej, mocnej nici jubilerskiej.<\/p>\n","protected":false},"excerpt":{"rendered":"<p>Wielofunkcyjny naszyjnik z fasetowanymi oponkami kamieni ksi\u0119\u017cycowo-s\u0142onecznych, przeplatanymi z\u0142otymi hematytami. Naszyjnik ma doczepiony \u0142a\u0144cuszek z zawieszk\u0105 (pe\u0142ni\u0105cy r\u00f3wnie\u017c rol\u0119 przed\u0142u\u017cki) dzi\u0119ki kt\u00f3remu mo\u017cesz nosi\u0107 naszyjnik na wiele sposob\u00f3w. Do naszyjnika dodana jest zawieszka z kropl\u0105 kwarcu dymnego, kt\u00f3r\u0105 mo\u017cesz doczepia\u0107 w dowolnym miejscu naszyjnika lub nosi\u0107 go bez zawieszki.<\/p>\n","protected":false},"featured_media":6175,"comment_status":"open","ping_status":"closed","template":"","meta":{"advanced_seo_description":"","jetpack_seo_html_title":"","jetpack_seo_noindex":false},"product_brand":[],"product_cat":[229],"product_tag":[2250,231,1002,63,972,2249,72,31],"class_list":{"0":"post-6179","1":"product","2":"type-product","3":"status-publish","4":"has-post-thumbnail","6":"product_cat-sprzedane","7":"product_tag-choker-z-kamieniami-ksiezycowymi-i-slonecznymi","8":"product_tag-kamienie-ksiezycowe","9":"product_tag-kamienie-sloneczne","10":"product_tag-kwarc-dymny","11":"product_tag-naszyjnik-z-zawieszkami","12":"product_tag-wielofunkcyjny-naszyjnik-z-kamieniami-ksiezycowymi-i-slonecznymi","13":"product_tag-zawieszka","14":"product_tag-zloty-hematyt","16":"first","17":"outofstock","18":"shipping-taxable","19":"purchasable","20":"product-type-simple"},"jetpack_sharing_enabled":true,"_links":{"self":[{"href":"https:\/\/koraledetale.pl\/index.php?rest_route=\/wp\/v2\/product\/6179","targetHints":{"allow":["GET"]}}],"collection":[{"href":"https:\/\/koraledetale.pl\/index.php?rest_route=\/wp\/v2\/product"}],"about":[{"href":"https:\/\/koraledetale.pl\/index.php?rest_route=\/wp\/v2\/types\/product"}],"replies":[{"embeddable":true,"href":"https:\/\/koraledetale.pl\/index.php?rest_route=%2Fwp%2Fv2%2Fcomments&post=6179"}],"wp:featuredmedia":[{"embeddable":true,"href":"https:\/\/koraledetale.pl\/index.php?rest_route=\/wp\/v2\/media\/6175"}],"wp:attachment":[{"href":"https:\/\/koraledetale.pl\/index.php?rest_route=%2Fwp%2Fv2%2Fmedia&parent=6179"}],"wp:term":[{"taxonomy":"product_brand","embeddable":true,"href":"https:\/\/koraledetale.pl\/index.php?rest_route=%2Fwp%2Fv2%2Fproduct_brand&post=6179"},{"taxonomy":"product_cat","embeddable":true,"href":"https:\/\/koraledetale.pl\/index.php?rest_route=%2Fwp%2Fv2%2Fproduct_cat&post=6179"},{"taxonomy":"product_tag","embeddable":true,"href":"https:\/\/koraledetale.pl\/index.php?rest_route=%2Fwp%2Fv2%2Fproduct_tag&post=6179"}],"curies":[{"name":"wp","href":"https:\/\/api.w.org\/{rel}","templated":true}]}}

Naszyjnik SOL II z kamieniami księżycowo-słonecznymi

<p>Wielkość kamieni:</p>
<ul>
<li>kamienie księżycowo-słoneczne – 6 x 4,5 mm,</li>
<li>kwarc dymny &#8211; 11&#215;7 mm,</li>
<li>hematyt – 2,5 mm i 3 x 1 mm.</li>
</ul>
<p>Długość naszyjnika: 42-47 cm.</p>
<p>Długość zawieszki z kwarcem dymnym (mierzona z karabińczykiem) &#8211; 2,5 cm.</p>
<p>Wszystkie elementy metalowe wykonane są z nieuczulającej stali szlachetnej.</p>
<p>Kamienie zasupełkowane są na brązowej, mocnej nici jubilerskiej.</p>

<p>Wielofunkcyjny naszyjnik z fasetowanymi oponkami kamieni księżycowo-słonecznych, przeplatanymi złotymi hematytami. Naszyjnik ma doczepiony łańcuszek z zawieszką (pełniący również rolę przedłużki) dzięki któremu możesz nosić naszyjnik na wiele sposobów. Do naszyjnika dodana jest zawieszka z kroplą kwarcu dymnego, którą możesz doczepiać w dowolnym miejscu naszyjnika lub nosić go bez zawieszki.</p>
