{"id":6014,"date":"2024-09-05T08:36:06","date_gmt":"2024-09-05T08:36:06","guid":{"rendered":"https:\/\/koraledetale.pl\/?post_type=product&#038;p=6014"},"modified":"2024-10-05T14:42:17","modified_gmt":"2024-10-05T14:42:17","slug":"naszyjnik-moment-z-szafirami-i-kamieniami-ksiezycowymi","status":"publish","type":"product","link":"https:\/\/koraledetale.pl\/?product=naszyjnik-moment-z-szafirami-i-kamieniami-ksiezycowymi","title":{"rendered":"Naszyjnik MOMENT z szafirami i kamieniami ksi\u0119\u017cycowymi"},"content":{"rendered":"<p>Wielko\u015b\u0107 kamieni:<\/p>\n<ul>\n<li>szafir &#8211; 3 mm (kulka) i 4&#215;4 mm (kosteczka),<\/li>\n<li>kamie\u0144 ksi\u0119\u017cycowy &#8211; 3 mm (kulka), ok. 3&#215;2 mm (plasterek), 4,5&#215;4 mm i 14x9x4 mm (\u0142ezka),<\/li>\n<li>hematyt &#8211; 2 mm, 2&#215;1 mm i 3&#215;2 mm.<\/li>\n<\/ul>\n<p>D\u0142ugo\u015b\u0107 naszyjnika: 39,5 &#8211; 44 cm.<\/p>\n<p>Wszystkie elementy metalowe wykonane s\u0105 z nieuczulaj\u0105cej stali szlachetnej.<\/p>\n","protected":false},"excerpt":{"rendered":"<p>Naszyjnik z fasetowanych kuleczek, kosteczek i plasterk\u00f3w szafiru oraz kamienia ksi\u0119\u017cycowego, przeplatanych z\u0142otymi hematytami. Zwie\u0144czeniem naszyjnika jest \u0142ezka kamienia ksi\u0119\u017cycowego.<\/p>\n","protected":false},"featured_media":6018,"comment_status":"open","ping_status":"closed","template":"","meta":{"advanced_seo_description":"","jetpack_seo_html_title":"","jetpack_seo_noindex":false},"product_brand":[],"product_cat":[229],"product_tag":[2203,66,2204,2205,31],"class_list":{"0":"post-6014","1":"product","2":"type-product","3":"status-publish","4":"has-post-thumbnail","6":"product_cat-sprzedane","7":"product_tag-choker-z-szafirami-i-kamieniami-ksiezycowymi","8":"product_tag-naszyjnik-z-kamieniami-naturalnymi","9":"product_tag-naszyjnik-z-szafirami-i-kamieniami-ksiezycowymi","10":"product_tag-szafir-kamien-ksiezycowy","11":"product_tag-zloty-hematyt","13":"first","14":"outofstock","15":"shipping-taxable","16":"purchasable","17":"product-type-simple"},"jetpack_sharing_enabled":true,"_links":{"self":[{"href":"https:\/\/koraledetale.pl\/index.php?rest_route=\/wp\/v2\/product\/6014","targetHints":{"allow":["GET"]}}],"collection":[{"href":"https:\/\/koraledetale.pl\/index.php?rest_route=\/wp\/v2\/product"}],"about":[{"href":"https:\/\/koraledetale.pl\/index.php?rest_route=\/wp\/v2\/types\/product"}],"replies":[{"embeddable":true,"href":"https:\/\/koraledetale.pl\/index.php?rest_route=%2Fwp%2Fv2%2Fcomments&post=6014"}],"wp:featuredmedia":[{"embeddable":true,"href":"https:\/\/koraledetale.pl\/index.php?rest_route=\/wp\/v2\/media\/6018"}],"wp:attachment":[{"href":"https:\/\/koraledetale.pl\/index.php?rest_route=%2Fwp%2Fv2%2Fmedia&parent=6014"}],"wp:term":[{"taxonomy":"product_brand","embeddable":true,"href":"https:\/\/koraledetale.pl\/index.php?rest_route=%2Fwp%2Fv2%2Fproduct_brand&post=6014"},{"taxonomy":"product_cat","embeddable":true,"href":"https:\/\/koraledetale.pl\/index.php?rest_route=%2Fwp%2Fv2%2Fproduct_cat&post=6014"},{"taxonomy":"product_tag","embeddable":true,"href":"https:\/\/koraledetale.pl\/index.php?rest_route=%2Fwp%2Fv2%2Fproduct_tag&post=6014"}],"curies":[{"name":"wp","href":"https:\/\/api.w.org\/{rel}","templated":true}]}}