{"id":5955,"date":"2024-08-26T11:24:15","date_gmt":"2024-08-26T11:24:15","guid":{"rendered":"https:\/\/koraledetale.pl\/?post_type=product&#038;p=5955"},"modified":"2024-11-18T07:19:59","modified_gmt":"2024-11-18T07:19:59","slug":"naszyjnik-dary-morza-ii-z-rozowymi-koralami-i-perla","status":"publish","type":"product","link":"https:\/\/koraledetale.pl\/?product=naszyjnik-dary-morza-ii-z-rozowymi-koralami-i-perla","title":{"rendered":"Naszyjnik DARY MORZA II z r\u00f3\u017cowymi koralami i per\u0142\u0105"},"content":{"rendered":"<p>Wielko\u015b\u0107 kamieni:<\/p>\n<ul>\n<li>koral \u2013 ok. 5x5x4,5 mm,<\/li>\n<li>per\u0142a \u2013 20x16x5,5 mm.<\/li>\n<\/ul>\n<p>D\u0142ugo\u015b\u0107 naszyjnika \u2013 41 cm + zapi\u0119cie z per\u0142\u0105 4 cm.<\/p>\n","protected":false},"excerpt":{"rendered":"<p>Naszyjnik z nieregularnego r\u00f3\u017cowego koralu z du\u017c\u0105 per\u0142\u0105 przy zapi\u0119ciu.<\/p>\n","protected":false},"featured_media":5960,"comment_status":"open","ping_status":"closed","template":"","meta":{"advanced_seo_description":"","jetpack_seo_html_title":"","jetpack_seo_noindex":false},"product_brand":[],"product_cat":[229],"product_tag":[1944,1942,1759,57,97],"class_list":{"0":"post-5955","1":"product","2":"type-product","3":"status-publish","4":"has-post-thumbnail","6":"product_cat-sprzedane","7":"product_tag-koralowy-naszyjnik-z-perla","8":"product_tag-naszyjnik-z-koralem-i-perla","9":"product_tag-naszyjnik-z-rozowymi-kamieniami-naturalnymi","10":"product_tag-perla","11":"product_tag-rozowy-koral","13":"first","14":"outofstock","15":"shipping-taxable","16":"purchasable","17":"product-type-simple"},"jetpack_sharing_enabled":true,"_links":{"self":[{"href":"https:\/\/koraledetale.pl\/index.php?rest_route=\/wp\/v2\/product\/5955","targetHints":{"allow":["GET"]}}],"collection":[{"href":"https:\/\/koraledetale.pl\/index.php?rest_route=\/wp\/v2\/product"}],"about":[{"href":"https:\/\/koraledetale.pl\/index.php?rest_route=\/wp\/v2\/types\/product"}],"replies":[{"embeddable":true,"href":"https:\/\/koraledetale.pl\/index.php?rest_route=%2Fwp%2Fv2%2Fcomments&post=5955"}],"wp:featuredmedia":[{"embeddable":true,"href":"https:\/\/koraledetale.pl\/index.php?rest_route=\/wp\/v2\/media\/5960"}],"wp:attachment":[{"href":"https:\/\/koraledetale.pl\/index.php?rest_route=%2Fwp%2Fv2%2Fmedia&parent=5955"}],"wp:term":[{"taxonomy":"product_brand","embeddable":true,"href":"https:\/\/koraledetale.pl\/index.php?rest_route=%2Fwp%2Fv2%2Fproduct_brand&post=5955"},{"taxonomy":"product_cat","embeddable":true,"href":"https:\/\/koraledetale.pl\/index.php?rest_route=%2Fwp%2Fv2%2Fproduct_cat&post=5955"},{"taxonomy":"product_tag","embeddable":true,"href":"https:\/\/koraledetale.pl\/index.php?rest_route=%2Fwp%2Fv2%2Fproduct_tag&post=5955"}],"curies":[{"name":"wp","href":"https:\/\/api.w.org\/{rel}","templated":true}]}}

Naszyjnik DARY MORZA II z różowymi koralami i perłą

<p>Wielkość kamieni:</p>
<ul>
<li>koral – ok. 5x5x4,5 mm,</li>
<li>perła – 20x16x5,5 mm.</li>
</ul>
<p>Długość naszyjnika – 41 cm + zapięcie z perłą 4 cm.</p>

<p>Naszyjnik z nieregularnego różowego koralu z dużą perłą przy zapięciu.</p>
