{"id":5668,"date":"2024-06-08T17:02:30","date_gmt":"2024-06-08T17:02:30","guid":{"rendered":"https:\/\/koraledetale.pl\/?post_type=product&#038;p=5668"},"modified":"2024-06-26T14:50:43","modified_gmt":"2024-06-26T14:50:43","slug":"naszyjnik-ocean-wpomnien-z-perlami-i-jadeitami","status":"publish","type":"product","link":"https:\/\/koraledetale.pl\/?product=naszyjnik-ocean-wpomnien-z-perlami-i-jadeitami","title":{"rendered":"Naszyjnik OCEAN WPOMNIE\u0143 z per\u0142ami i jadeitami"},"content":{"rendered":"<p>Wielko\u015b\u0107 kamieni:<\/p>\n<ul>\n<li>per\u0142a &#8211; ok. 7x6x5 mm,<\/li>\n<li>jadeit &#8211; 4,5 mm,<\/li>\n<li>fluoryt &#8211; 13x11x6 mm,<\/li>\n<li>hematyt &#8211; 2 mm.<\/li>\n<\/ul>\n<p>D\u0142ugo\u015b\u0107 naszyjnika: 90 cm + zawieszka z zapi\u0119ciem &#8211; 5,4 cm.<\/p>\n<p>Wszystkie elementy metalowe wykonane s\u0105 z nieuczulaj\u0105cej stali szlachetnej.<\/p>\n<p>&nbsp;<\/p>\n","protected":false},"excerpt":{"rendered":"<p>D\u0142ugi naszyjnik z szarymi, nieregularnymi per\u0142ami, b\u0142\u0119kitnymi, \u0142agodnie fasetowanymi jadeitami, oraz srebrnymi hematytami. Zwie\u0144czeniem naszyjnika jest ozdobne zapi\u0119cie oraz zawieszka &#8211; p\u00f3\u0142ksi\u0119\u017cyc z \u0142ezk\u0105 morskiego fluorytu. Kamienie zasupe\u0142kowane s\u0105 na mocnej nici jubilerskiej.<\/p>\n<p>Naszyjnik mo\u017cesz nosi\u0107 jako d\u0142ugi lub owin\u0105\u0107 go podw\u00f3jnie wok\u00f3\u0142 szyi, z zawieszk\u0105 lub bez.<\/p>\n","protected":false},"featured_media":5678,"comment_status":"open","ping_status":"closed","template":"","meta":{"advanced_seo_description":"","jetpack_seo_html_title":"","jetpack_seo_noindex":false},"product_brand":[],"product_cat":[229],"product_tag":[456,24,775,501,2105,61,2106,2104],"class_list":{"0":"post-5668","1":"product","2":"type-product","3":"status-publish","4":"has-post-thumbnail","6":"product_cat-sprzedane","7":"product_tag-dlugi-naszyjnik-z-kamieniami-naturalnymi","8":"product_tag-fluoryt","9":"product_tag-jadeit","10":"product_tag-ksiezyc","11":"product_tag-naszyjnik-z-ksiezycem-perlami-i-jadeitami","12":"product_tag-szara-perla","13":"product_tag-warstwowy-naszyjnik-z-morskimi-kamieniami","14":"product_tag-wielofunkcyjny-naszyjnik-z-perlami-i-jadeitami","16":"first","17":"outofstock","18":"shipping-taxable","19":"purchasable","20":"product-type-simple"},"jetpack_sharing_enabled":true,"_links":{"self":[{"href":"https:\/\/koraledetale.pl\/index.php?rest_route=\/wp\/v2\/product\/5668","targetHints":{"allow":["GET"]}}],"collection":[{"href":"https:\/\/koraledetale.pl\/index.php?rest_route=\/wp\/v2\/product"}],"about":[{"href":"https:\/\/koraledetale.pl\/index.php?rest_route=\/wp\/v2\/types\/product"}],"replies":[{"embeddable":true,"href":"https:\/\/koraledetale.pl\/index.php?rest_route=%2Fwp%2Fv2%2Fcomments&post=5668"}],"wp:featuredmedia":[{"embeddable":true,"href":"https:\/\/koraledetale.pl\/index.php?rest_route=\/wp\/v2\/media\/5678"}],"wp:attachment":[{"href":"https:\/\/koraledetale.pl\/index.php?rest_route=%2Fwp%2Fv2%2Fmedia&parent=5668"}],"wp:term":[{"taxonomy":"product_brand","embeddable":true,"href":"https:\/\/koraledetale.pl\/index.php?rest_route=%2Fwp%2Fv2%2Fproduct_brand&post=5668"},{"taxonomy":"product_cat","embeddable":true,"href":"https:\/\/koraledetale.pl\/index.php?rest_route=%2Fwp%2Fv2%2Fproduct_cat&post=5668"},{"taxonomy":"product_tag","embeddable":true,"href":"https:\/\/koraledetale.pl\/index.php?rest_route=%2Fwp%2Fv2%2Fproduct_tag&post=5668"}],"curies":[{"name":"wp","href":"https:\/\/api.w.org\/{rel}","templated":true}]}}

Naszyjnik OCEAN WPOMNIEŃ z perłami i jadeitami

<p>Wielkość kamieni:</p>
<ul>
<li>perła &#8211; ok. 7x6x5 mm,</li>
<li>jadeit &#8211; 4,5 mm,</li>
<li>fluoryt &#8211; 13x11x6 mm,</li>
<li>hematyt &#8211; 2 mm.</li>
</ul>
<p>Długość naszyjnika: 90 cm + zawieszka z zapięciem &#8211; 5,4 cm.</p>
<p>Wszystkie elementy metalowe wykonane są z nieuczulającej stali szlachetnej.</p>
<p>&nbsp;</p>

<p>Długi naszyjnik z szarymi, nieregularnymi perłami, błękitnymi, łagodnie fasetowanymi jadeitami, oraz srebrnymi hematytami. Zwieńczeniem naszyjnika jest ozdobne zapięcie oraz zawieszka &#8211; półksiężyc z łezką morskiego fluorytu. Kamienie zasupełkowane są na mocnej nici jubilerskiej.</p>
<p>Naszyjnik możesz nosić jako długi lub owinąć go podwójnie wokół szyi, z zawieszką lub bez.</p>
