{"id":5583,"date":"2024-05-19T09:57:03","date_gmt":"2024-05-19T09:57:03","guid":{"rendered":"https:\/\/koraledetale.pl\/?post_type=product&#038;p=5583"},"modified":"2024-05-19T10:22:16","modified_gmt":"2024-05-19T10:22:16","slug":"naszyjnik-trzy-z-granatami","status":"publish","type":"product","link":"https:\/\/koraledetale.pl\/?product=naszyjnik-trzy-z-granatami","title":{"rendered":"Naszyjnik TRZY z granatami"},"content":{"rendered":"<p>Wielko\u015b\u0107 kamieni:<\/p>\n<ul>\n<li>granat &#8211; 10x7x4 mm, 8x6x3,5 mm, 3,5 mm, 3 mm i 2 mm,<\/li>\n<li>hematyt &#8211; 2&#215;1 mm.<\/li>\n<\/ul>\n<p>D\u0142ugo\u015b\u0107 naszyjnika: 40-45 cm.<\/p>\n<p>Wszystkie elementy metalowe wykonane s\u0105 z nieuczulaj\u0105cej stali szlachetnej.<\/p>\n<p>&nbsp;<\/p>\n<p><strong>Granat<\/strong> jest kamieniem ochronnym, wykorzystywanym dawniej przez wojownik\u00f3w jako talizman na polu bitwy. Zwi\u0119ksza poziom energii, witalno\u015bci i wytrzyma\u0142o\u015bci osoby, kt\u00f3ra go nosi. Jest to kamie\u0144 motywacji, odwagi i determinacji. Granat jest r\u00f3wnie\u017c symbolem mi\u0142o\u015bci, nami\u0119tno\u015bci i oddania, wzmacnia uczucia i relacje, a tak\u017ce przynosi harmoni\u0119 i zrozumienie w zwi\u0105zkach. Jest r\u00f3wnie\u017c zwi\u0105zany z procesami transformacji i odnowy, pomagaj\u0105c w przezwyci\u0119\u017caniu trudno\u015bci i zmianach \u017cyciowych. Stabilizuje emocje, zmniejsza stres i niepok\u00f3j, wprowadza spok\u00f3j i harmoni\u0119 wewn\u0119trzn\u0105.<\/p>\n","protected":false},"excerpt":{"rendered":"<p>Naszyjnik z granatami &#8211; g\u0142adkimi \u0142ezkami i fasetowanymi kuleczkami, z hematytowymi przek\u0142adkami, zasupe\u0142kowanymi na mocnej nici jubilerskiej.<\/p>\n","protected":false},"featured_media":5572,"comment_status":"open","ping_status":"closed","template":"","meta":{"advanced_seo_description":"","jetpack_seo_html_title":"","jetpack_seo_noindex":false},"product_brand":[],"product_cat":[15],"product_tag":[71,2075,540,66,31],"class_list":{"0":"post-5583","1":"product","2":"type-product","3":"status-publish","4":"has-post-thumbnail","6":"product_cat-naszyjniki","7":"product_tag-granat","8":"product_tag-naszyjnik-z-bordowymi-kamieniami","9":"product_tag-naszyjnik-z-granatami","10":"product_tag-naszyjnik-z-kamieniami-naturalnymi","11":"product_tag-zloty-hematyt","13":"first","14":"instock","15":"shipping-taxable","16":"purchasable","17":"product-type-simple"},"jetpack_sharing_enabled":true,"_links":{"self":[{"href":"https:\/\/koraledetale.pl\/index.php?rest_route=\/wp\/v2\/product\/5583","targetHints":{"allow":["GET"]}}],"collection":[{"href":"https:\/\/koraledetale.pl\/index.php?rest_route=\/wp\/v2\/product"}],"about":[{"href":"https:\/\/koraledetale.pl\/index.php?rest_route=\/wp\/v2\/types\/product"}],"replies":[{"embeddable":true,"href":"https:\/\/koraledetale.pl\/index.php?rest_route=%2Fwp%2Fv2%2Fcomments&post=5583"}],"wp:featuredmedia":[{"embeddable":true,"href":"https:\/\/koraledetale.pl\/index.php?rest_route=\/wp\/v2\/media\/5572"}],"wp:attachment":[{"href":"https:\/\/koraledetale.pl\/index.php?rest_route=%2Fwp%2Fv2%2Fmedia&parent=5583"}],"wp:term":[{"taxonomy":"product_brand","embeddable":true,"href":"https:\/\/koraledetale.pl\/index.php?rest_route=%2Fwp%2Fv2%2Fproduct_brand&post=5583"},{"taxonomy":"product_cat","embeddable":true,"href":"https:\/\/koraledetale.pl\/index.php?rest_route=%2Fwp%2Fv2%2Fproduct_cat&post=5583"},{"taxonomy":"product_tag","embeddable":true,"href":"https:\/\/koraledetale.pl\/index.php?rest_route=%2Fwp%2Fv2%2Fproduct_tag&post=5583"}],"curies":[{"name":"wp","href":"https:\/\/api.w.org\/{rel}","templated":true}]}}