{"id":554,"date":"2021-05-07T08:18:04","date_gmt":"2021-05-07T08:18:04","guid":{"rendered":"https:\/\/koraledetale.pl\/?post_type=product&#038;p=554"},"modified":"2024-11-11T11:03:07","modified_gmt":"2024-11-11T11:03:07","slug":"lancuszek-z-kwarcem-truskawkowym-i-perla","status":"publish","type":"product","link":"https:\/\/koraledetale.pl\/?product=lancuszek-z-kwarcem-truskawkowym-i-perla","title":{"rendered":"\u0141a\u0144cuszek z kwarcem truskawkowym i per\u0142\u0105"},"content":{"rendered":"<p>Wielko\u015b\u0107 kamieni:<\/p>\n<ul>\n<li>kwarc truskawkowy &#8211; 10&#215;7 mm, 3,5 mm,<\/li>\n<li>per\u0142a &#8211; 5&#215;3 mm,<\/li>\n<li>hematyt &#8211; 3&#215;1 mm.<\/li>\n<\/ul>\n<p>\u015arednica okr\u0105g\u0142ej zawieszki &#8211; 16 mm.<\/p>\n<p>D\u0142ugo\u015b\u0107 zawieszki z k\u00f3\u0142kiem i kamieniami &#8211; 37 mm.<\/p>\n<p>Maksymalna d\u0142ugo\u015b\u0107 \u0142a\u0144cuszka (licz\u0105c z zawieszkami) &#8211; 84 cm.<\/p>\n","protected":false},"excerpt":{"rendered":"<p>Fiku\u015bny, d\u0142ugi \u0142a\u0144cuszek z wa\u0142eczkiem kwarcu truskawkowego i szarej per\u0142y oraz okr\u0105g\u0142ej zawieszki m\u0142otkowanej z jednej strony (druga strona g\u0142adka). Po bokach \u0142a\u0144cuszka s\u0105 zawieszki z mniejszych kwarc\u00f3w truskawkowych i z\u0142otych hematyt\u00f3w. Cz\u0119\u015b\u0107 z okr\u0105g\u0142\u0105 zawieszk\u0105 jest ruchoma, co pozwala na noszenie \u0142a\u0144cuszka na wiele sposob\u00f3w. Wszystkie elementy metalowe wykonane s\u0105 z nieuczulaj\u0105cej stali chirurgicznej (szlachetnej).<\/p>\n","protected":false},"featured_media":559,"comment_status":"open","ping_status":"closed","template":"","meta":{"advanced_seo_description":"","jetpack_seo_html_title":"","jetpack_seo_noindex":false},"product_brand":[],"product_cat":[229],"product_tag":[52,219,223,222,224,225,220,221],"class_list":{"0":"post-554","1":"product","2":"type-product","3":"status-publish","4":"has-post-thumbnail","6":"product_cat-sprzedane","7":"product_tag-dlugi-naszyjnik-z-kamieni-naturalnych","8":"product_tag-dlugi-lancuszek","9":"product_tag-naszyjnik-z-kwarcem-truskawkowym","10":"product_tag-naszyjnik-z-perla","11":"product_tag-naszyjnik-ze-stali-chirurgicznej","12":"product_tag-naszyjnik-ze-stali-szlachetnej","13":"product_tag-lancuszek-z-kwarcem-truskawkowym","14":"product_tag-lancuszek-z-perla","16":"first","17":"outofstock","18":"shipping-taxable","19":"product-type-simple"},"jetpack_sharing_enabled":true,"_links":{"self":[{"href":"https:\/\/koraledetale.pl\/index.php?rest_route=\/wp\/v2\/product\/554","targetHints":{"allow":["GET"]}}],"collection":[{"href":"https:\/\/koraledetale.pl\/index.php?rest_route=\/wp\/v2\/product"}],"about":[{"href":"https:\/\/koraledetale.pl\/index.php?rest_route=\/wp\/v2\/types\/product"}],"replies":[{"embeddable":true,"href":"https:\/\/koraledetale.pl\/index.php?rest_route=%2Fwp%2Fv2%2Fcomments&post=554"}],"wp:featuredmedia":[{"embeddable":true,"href":"https:\/\/koraledetale.pl\/index.php?rest_route=\/wp\/v2\/media\/559"}],"wp:attachment":[{"href":"https:\/\/koraledetale.pl\/index.php?rest_route=%2Fwp%2Fv2%2Fmedia&parent=554"}],"wp:term":[{"taxonomy":"product_brand","embeddable":true,"href":"https:\/\/koraledetale.pl\/index.php?rest_route=%2Fwp%2Fv2%2Fproduct_brand&post=554"},{"taxonomy":"product_cat","embeddable":true,"href":"https:\/\/koraledetale.pl\/index.php?rest_route=%2Fwp%2Fv2%2Fproduct_cat&post=554"},{"taxonomy":"product_tag","embeddable":true,"href":"https:\/\/koraledetale.pl\/index.php?rest_route=%2Fwp%2Fv2%2Fproduct_tag&post=554"}],"curies":[{"name":"wp","href":"https:\/\/api.w.org\/{rel}","templated":true}]}}