{"id":5385,"date":"2024-04-03T14:18:31","date_gmt":"2024-04-03T14:18:31","guid":{"rendered":"https:\/\/koraledetale.pl\/?post_type=product&#038;p=5385"},"modified":"2026-01-28T15:25:19","modified_gmt":"2026-01-28T15:25:19","slug":"kolczyki-wazki-z-lapis-lazuli-i-howlitem","status":"publish","type":"product","link":"https:\/\/koraledetale.pl\/?product=kolczyki-wazki-z-lapis-lazuli-i-howlitem","title":{"rendered":"Kolczyki WA\u017bKI z lapis lazuli i howlitem"},"content":{"rendered":"<p>Wielko\u015b\u0107 kamieni:<\/p>\n<ul>\n<li>\u00a0lapis lazuli &#8211; 3,5 mm,<\/li>\n<li>howlit &#8211; 3 mm,<\/li>\n<li>hematyt &#8211; 2,5&#215;2 mm.<\/li>\n<\/ul>\n<p>D\u0142ugo\u015b\u0107 kolczyk\u00f3w &#8211; 4 cm.<\/p>\n<p>Wszystkie elementy metalowe wykonane s\u0105 z nieuczulaj\u0105cej stali szlachetnej.<\/p>\n","protected":false},"excerpt":{"rendered":"<p>Kolczyki &#8211; k\u00f3\u0142ka z du\u017c\u0105 wa\u017ck\u0105 i niebieskimi kamieniami &#8211; lapis lazuli i howlitami turkusowymi oraz z\u0142otymi hematytami.<\/p>\n","protected":false},"featured_media":5382,"comment_status":"open","ping_status":"closed","template":"","meta":{"advanced_seo_description":"","jetpack_seo_html_title":"","jetpack_seo_noindex":false},"product_brand":[],"product_cat":[18],"product_tag":[463,1978,1979,107,108,1409,1579,31],"class_list":{"0":"post-5385","1":"product","2":"type-product","3":"status-publish","4":"has-post-thumbnail","6":"product_cat-kolczyki","7":"product_tag-howlit-turkusowy","8":"product_tag-kolczyki-kolka-z-niebieskimi-kamieniami-i-wazka","9":"product_tag-kolczyki-z-wazkami-i-kamieniami-naturalnymi","10":"product_tag-kolczyki-ze-stali-chirurgicznej","11":"product_tag-kolczyki-ze-stali-szlachetnej","12":"product_tag-lapis-lazuli","13":"product_tag-wazka","14":"product_tag-zloty-hematyt","16":"first","17":"instock","18":"shipping-taxable","19":"purchasable","20":"product-type-simple"},"jetpack_sharing_enabled":true,"_links":{"self":[{"href":"https:\/\/koraledetale.pl\/index.php?rest_route=\/wp\/v2\/product\/5385","targetHints":{"allow":["GET"]}}],"collection":[{"href":"https:\/\/koraledetale.pl\/index.php?rest_route=\/wp\/v2\/product"}],"about":[{"href":"https:\/\/koraledetale.pl\/index.php?rest_route=\/wp\/v2\/types\/product"}],"replies":[{"embeddable":true,"href":"https:\/\/koraledetale.pl\/index.php?rest_route=%2Fwp%2Fv2%2Fcomments&post=5385"}],"wp:featuredmedia":[{"embeddable":true,"href":"https:\/\/koraledetale.pl\/index.php?rest_route=\/wp\/v2\/media\/5382"}],"wp:attachment":[{"href":"https:\/\/koraledetale.pl\/index.php?rest_route=%2Fwp%2Fv2%2Fmedia&parent=5385"}],"wp:term":[{"taxonomy":"product_brand","embeddable":true,"href":"https:\/\/koraledetale.pl\/index.php?rest_route=%2Fwp%2Fv2%2Fproduct_brand&post=5385"},{"taxonomy":"product_cat","embeddable":true,"href":"https:\/\/koraledetale.pl\/index.php?rest_route=%2Fwp%2Fv2%2Fproduct_cat&post=5385"},{"taxonomy":"product_tag","embeddable":true,"href":"https:\/\/koraledetale.pl\/index.php?rest_route=%2Fwp%2Fv2%2Fproduct_tag&post=5385"}],"curies":[{"name":"wp","href":"https:\/\/api.w.org\/{rel}","templated":true}]}}