{"id":5340,"date":"2024-03-26T10:42:27","date_gmt":"2024-03-26T10:42:27","guid":{"rendered":"https:\/\/koraledetale.pl\/?post_type=product&#038;p=5340"},"modified":"2026-04-25T12:19:06","modified_gmt":"2026-04-25T12:19:06","slug":"lancuszek-z-czarnym-turmalinem","status":"publish","type":"product","link":"https:\/\/koraledetale.pl\/?product=lancuszek-z-czarnym-turmalinem","title":{"rendered":"\u0141a\u0144cuszek POT\u0118GA z czarnym turmalinem"},"content":{"rendered":"<p>Wielko\u015b\u0107 turmalinu: 18,5 x 5 mm.<\/p>\n<p>D\u0142ugo\u015b\u0107 \u0142a\u0144cuszka: 40 &#8211; 46,5 cm.<\/p>\n<p>Wszystkie elementy metalowe wykonane s\u0105 z nieuczulaj\u0105cej stali szlachetnej.<\/p>\n<p><strong>Czarny turmalin<\/strong> jest silnie energetycznym kamieniem o pot\u0119\u017cnych w\u0142a\u015bciwo\u015bciach:<\/p>\n<ul>\n<li><strong>Ochrona przed negatywn\u0105 energi\u0105<\/strong> &#8211; absorbuje i odbija negatywn\u0105 energi\u0119 oraz chroni przed z\u0142ymi wp\u0142ywami zewn\u0119trznymi (takimi jak z\u0142o\u015bliwe spojrzenia, wampiryzm energetyczny, kl\u0105twy czy negatywna energia generowana przez innych ludzi). Jest u\u017cywany do oczyszczania i ochrony aury oraz przestrzeni \u017cyciowej przed negatywnymi wibracjami.<\/li>\n<li><strong>Oczyszczanie <\/strong>emocjonalne i energetyczne, usuwanie toksycznych my\u015bli i uczu\u0107 oraz neutralizowanie szkodliwej energii.<\/li>\n<li><strong>Wzmacnianie ochrony energetycznej<\/strong> innych kamieni lub przedmiot\u00f3w.<\/li>\n<li><strong>Ugruntowanie i stabilizacja\u00a0 &#8211; <\/strong>ugruntowanie energii i zapewnienie stabilno\u015bci emocjonalnej, mentalnej i fizycznej. Jest u\u017cywany do redukcji stresu, poprawy koncentracji i zwi\u0119kszenia poczucia r\u00f3wnowagi, pomocny r\u00f3wnie\u017c podczas medytacji.<\/li>\n<li><strong>Odblokowywanie energii<\/strong> w ciele, co wspiera proces uzdrawiania i przep\u0142yw energii \u017cyciowej.<\/li>\n<li><strong>Ochrona przed promieniowaniem elektromagnetycznym<\/strong> &#8211; ochronie przed szkodliwym wp\u0142ywem promieniowania elektromagnetycznego emitowanego przez urz\u0105dzenia elektroniczne.<\/li>\n<li><strong>Przyci\u0105ganie dobrej energii <\/strong>&#8211; opr\u00f3cz ochrony przed negatywn\u0105 energi\u0105, czarny turmalin przyci\u0105ga dobr\u0105 energi\u0119 i pozytywne do\u015bwiadczenia.<\/li>\n<li><strong>Zwi\u0119kszenie psychicznych zdolno\u015bci &#8211; <\/strong>wspiera rozw\u00f3j psychiczny, zwi\u0119ksza intuicj\u0119 oraz umo\u017cliwia dost\u0119p do g\u0142\u0119bszych poziom\u00f3w \u015bwiadomo\u015bci podczas praktyk medytacyjnych i ezoterycznych.\u0142<\/li>\n<\/ul>\n","protected":false},"excerpt":{"rendered":"<p>\u0141a\u0144cuszek z surowym, czarnym turmalinem.<\/p>\n","protected":false},"featured_media":5342,"comment_status":"open","ping_status":"closed","template":"","meta":{"advanced_seo_description":"","jetpack_seo_html_title":"","jetpack_seo_noindex":false},"product_brand":[],"product_cat":[229],"product_tag":[291,288,506,1966,1053],"class_list":{"0":"post-5340","1":"product","2":"type-product","3":"status-publish","4":"has-post-thumbnail","6":"product_cat-sprzedane","7":"product_tag-amulet-z-czarnym-turmalinem","8":"product_tag-czarny-turmalin","9":"product_tag-naszyjnik-z-czarnym-turmalinem","10":"product_tag-talizman-z-czarnym-turmalinem","11":"product_tag-lancuszek-z-czarnym-turmalinem","13":"first","14":"outofstock","15":"shipping-taxable","16":"purchasable","17":"product-type-simple"},"jetpack_sharing_enabled":true,"_links":{"self":[{"href":"https:\/\/koraledetale.pl\/index.php?rest_route=\/wp\/v2\/product\/5340","targetHints":{"allow":["GET"]}}],"collection":[{"href":"https:\/\/koraledetale.pl\/index.php?rest_route=\/wp\/v2\/product"}],"about":[{"href":"https:\/\/koraledetale.pl\/index.php?rest_route=\/wp\/v2\/types\/product"}],"replies":[{"embeddable":true,"href":"https:\/\/koraledetale.pl\/index.php?rest_route=%2Fwp%2Fv2%2Fcomments&post=5340"}],"wp:featuredmedia":[{"embeddable":true,"href":"https:\/\/koraledetale.pl\/index.php?rest_route=\/wp\/v2\/media\/5342"}],"wp:attachment":[{"href":"https:\/\/koraledetale.pl\/index.php?rest_route=%2Fwp%2Fv2%2Fmedia&parent=5340"}],"wp:term":[{"taxonomy":"product_brand","embeddable":true,"href":"https:\/\/koraledetale.pl\/index.php?rest_route=%2Fwp%2Fv2%2Fproduct_brand&post=5340"},{"taxonomy":"product_cat","embeddable":true,"href":"https:\/\/koraledetale.pl\/index.php?rest_route=%2Fwp%2Fv2%2Fproduct_cat&post=5340"},{"taxonomy":"product_tag","embeddable":true,"href":"https:\/\/koraledetale.pl\/index.php?rest_route=%2Fwp%2Fv2%2Fproduct_tag&post=5340"}],"curies":[{"name":"wp","href":"https:\/\/api.w.org\/{rel}","templated":true}]}}