{"id":5217,"date":"2024-02-24T17:45:18","date_gmt":"2024-02-24T17:45:18","guid":{"rendered":"https:\/\/koraledetale.pl\/?post_type=product&#038;p=5217"},"modified":"2024-03-04T15:05:31","modified_gmt":"2024-03-04T15:05:31","slug":"naszyjnik-adalligatum-z-krysztalem-gorskim-i-czarnym-turmalinem","status":"publish","type":"product","link":"https:\/\/koraledetale.pl\/?product=naszyjnik-adalligatum-z-krysztalem-gorskim-i-czarnym-turmalinem","title":{"rendered":"Naszyjnik ADALLIGATUM z kryszta\u0142em g\u00f3rskim i czarnym turmalinem"},"content":{"rendered":"<p>Wielko\u015b\u0107 kamieni:<\/p>\n<ul>\n<li>kryszta\u0142 g\u00f3rski \u2013 3,5 mm i 37&#215;6 mm,<\/li>\n<li>czarny turmalin \u2013 3,2 mm,<\/li>\n<li>hematyt \u2013 2,5 mm i 2\u00d71 mm.<\/li>\n<\/ul>\n<p>D\u0142ugo\u015b\u0107 naszyjnika \u2013 do 63 cm.<\/p>\n","protected":false},"excerpt":{"rendered":"<p>Naszyjnik na sznureczku z dwoma najsilniejszymi kamieniami ochronnymi \u2013 kryszta\u0142em g\u00f3rskim i czarnym turmalinem, z przek\u0142adkami ze z\u0142otego hematytu. Zwie\u0144czeniem naszyjnika jest surowy grot kryszta\u0142u g\u00f3rskiego. Mo\u017cesz nosi\u0107 go tu\u017c przy szyi, na dekolcie lub jako \u015bredniej d\u0142ugo\u015bci naszyjnik.<\/p>\n","protected":false},"featured_media":5215,"comment_status":"open","ping_status":"closed","template":"","meta":{"advanced_seo_description":"","jetpack_seo_html_title":"","jetpack_seo_noindex":false},"product_brand":[],"product_cat":[229],"product_tag":[388,66,1356,1917],"class_list":{"0":"post-5217","1":"product","2":"type-product","3":"status-publish","4":"has-post-thumbnail","6":"product_cat-sprzedane","7":"product_tag-naszyjnik-na-sznureczku","8":"product_tag-naszyjnik-z-kamieniami-naturalnymi","9":"product_tag-naszyjnik-z-kamieniami-ochronnymi","10":"product_tag-regulowany-naszyjnik-z-krysztalem-gorskim-i-czarnym-turmalinem","12":"first","13":"outofstock","14":"shipping-taxable","15":"purchasable","16":"product-type-simple"},"jetpack_sharing_enabled":true,"_links":{"self":[{"href":"https:\/\/koraledetale.pl\/index.php?rest_route=\/wp\/v2\/product\/5217","targetHints":{"allow":["GET"]}}],"collection":[{"href":"https:\/\/koraledetale.pl\/index.php?rest_route=\/wp\/v2\/product"}],"about":[{"href":"https:\/\/koraledetale.pl\/index.php?rest_route=\/wp\/v2\/types\/product"}],"replies":[{"embeddable":true,"href":"https:\/\/koraledetale.pl\/index.php?rest_route=%2Fwp%2Fv2%2Fcomments&post=5217"}],"wp:featuredmedia":[{"embeddable":true,"href":"https:\/\/koraledetale.pl\/index.php?rest_route=\/wp\/v2\/media\/5215"}],"wp:attachment":[{"href":"https:\/\/koraledetale.pl\/index.php?rest_route=%2Fwp%2Fv2%2Fmedia&parent=5217"}],"wp:term":[{"taxonomy":"product_brand","embeddable":true,"href":"https:\/\/koraledetale.pl\/index.php?rest_route=%2Fwp%2Fv2%2Fproduct_brand&post=5217"},{"taxonomy":"product_cat","embeddable":true,"href":"https:\/\/koraledetale.pl\/index.php?rest_route=%2Fwp%2Fv2%2Fproduct_cat&post=5217"},{"taxonomy":"product_tag","embeddable":true,"href":"https:\/\/koraledetale.pl\/index.php?rest_route=%2Fwp%2Fv2%2Fproduct_tag&post=5217"}],"curies":[{"name":"wp","href":"https:\/\/api.w.org\/{rel}","templated":true}]}}