{"id":5144,"date":"2024-02-12T07:22:41","date_gmt":"2024-02-12T07:22:41","guid":{"rendered":"https:\/\/koraledetale.pl\/?post_type=product&#038;p=5144"},"modified":"2024-02-22T17:26:36","modified_gmt":"2024-02-22T17:26:36","slug":"bransoletka-powitanie-wiosny-z-ametystami-kunzytami-spinelami-i-fosfosyderytami","status":"publish","type":"product","link":"https:\/\/koraledetale.pl\/?product=bransoletka-powitanie-wiosny-z-ametystami-kunzytami-spinelami-i-fosfosyderytami","title":{"rendered":"Bransoletka POWITANIE WIOSNY z ametystami, kunzytami, spinelami i fosfosyderytami"},"content":{"rendered":"<p>Wielko\u015b\u0107 kamieni:<\/p>\n<ul>\n<li>ametyst &#8211; 2 mm,<\/li>\n<li>spinel &#8211; 2,5 mm,<\/li>\n<li>kunzyt &#8211; 2 mm,<\/li>\n<li>fosfosyderyt &#8211; 2 mm,<\/li>\n<li>hematyt &#8211; 2,5 mm.<\/li>\n<\/ul>\n<p>D\u0142ugo\u015b\u0107 bransoletki: 16 &#8211; 19 cm.<\/p>\n<p>Wszystkie elementy metalowe wykonane s\u0105 z nieuczulaj\u0105cej stali szlachetnej.<\/p>\n","protected":false},"excerpt":{"rendered":"<p>Bransoletka z drobnymi, fioletowymi kamieniami &#8211; ametystem, spinelem, kunzytem i fosfosyderytem, przeplatanymi z\u0142otymi hematytami. Kamienie zasupe\u0142kowane s\u0105 na fioletowej, mocnej nici jubilerskiej.<\/p>\n","protected":false},"featured_media":5135,"comment_status":"open","ping_status":"closed","template":"","meta":{"advanced_seo_description":"","jetpack_seo_html_title":"","jetpack_seo_noindex":false},"product_brand":[],"product_cat":[229],"product_tag":[38,1886,889,1885,1887,241,512,39,31],"class_list":{"0":"post-5144","1":"product","2":"type-product","3":"status-publish","4":"has-post-thumbnail","6":"product_cat-sprzedane","7":"product_tag-ametyst","8":"product_tag-bransoletka-z-ametystami-spinelami-fosfosyderytami-kunzytami","9":"product_tag-bransoletka-z-drobnymi-kamieniami","10":"product_tag-bransoletka-z-fioletowymi-kamieniami","11":"product_tag-bransoletka-z-kamieniami-natura","12":"product_tag-fosfosyderyt","13":"product_tag-kunzyt","14":"product_tag-spinel","15":"product_tag-zloty-hematyt","17":"first","18":"outofstock","19":"shipping-taxable","20":"purchasable","21":"product-type-simple"},"jetpack_sharing_enabled":true,"_links":{"self":[{"href":"https:\/\/koraledetale.pl\/index.php?rest_route=\/wp\/v2\/product\/5144","targetHints":{"allow":["GET"]}}],"collection":[{"href":"https:\/\/koraledetale.pl\/index.php?rest_route=\/wp\/v2\/product"}],"about":[{"href":"https:\/\/koraledetale.pl\/index.php?rest_route=\/wp\/v2\/types\/product"}],"replies":[{"embeddable":true,"href":"https:\/\/koraledetale.pl\/index.php?rest_route=%2Fwp%2Fv2%2Fcomments&post=5144"}],"wp:featuredmedia":[{"embeddable":true,"href":"https:\/\/koraledetale.pl\/index.php?rest_route=\/wp\/v2\/media\/5135"}],"wp:attachment":[{"href":"https:\/\/koraledetale.pl\/index.php?rest_route=%2Fwp%2Fv2%2Fmedia&parent=5144"}],"wp:term":[{"taxonomy":"product_brand","embeddable":true,"href":"https:\/\/koraledetale.pl\/index.php?rest_route=%2Fwp%2Fv2%2Fproduct_brand&post=5144"},{"taxonomy":"product_cat","embeddable":true,"href":"https:\/\/koraledetale.pl\/index.php?rest_route=%2Fwp%2Fv2%2Fproduct_cat&post=5144"},{"taxonomy":"product_tag","embeddable":true,"href":"https:\/\/koraledetale.pl\/index.php?rest_route=%2Fwp%2Fv2%2Fproduct_tag&post=5144"}],"curies":[{"name":"wp","href":"https:\/\/api.w.org\/{rel}","templated":true}]}}