{"id":4981,"date":"2024-01-10T15:54:38","date_gmt":"2024-01-10T15:54:38","guid":{"rendered":"https:\/\/koraledetale.pl\/?post_type=product&#038;p=4981"},"modified":"2024-02-09T09:59:28","modified_gmt":"2024-02-09T09:59:28","slug":"naszyjnik-ja-z-turmalinami-i-ametystem","status":"publish","type":"product","link":"https:\/\/koraledetale.pl\/?product=naszyjnik-ja-z-turmalinami-i-ametystem","title":{"rendered":"Naszyjnik JA z turmalinami i ametystem"},"content":{"rendered":"<p>Wielko\u015b\u0107 kamieni:<\/p>\n<ul>\n<li>turmalin \u2013 4 mm i 6 mm (przy pzred\u0142u\u017cce),<\/li>\n<li>ametyst &#8211; 15x11x9 mm,<\/li>\n<li>hematyt \u2013 4\u00d72 mm, 3,5 mm i 2 mm.<\/li>\n<\/ul>\n<p>D\u0142ugo\u015b\u0107 naszyjnika: 100 &#8211; 107 cm.<\/p>\n<p>Wszystkie elementy metalowe wykonane s\u0105 z nieuczulaj\u0105cej stali szlachetnej.<\/p>\n<p>Naszyjnik mo\u017cesz nosi\u0107 jako d\u0142ugi, okr\u0119ci\u0107 go dwa razy wok\u00f3\u0142 szyi (uzyskasz w ten spos\u00f3b warstwy \u015bredniej d\u0142ugo\u015bci) lub trzy razy &#8211; tworz\u0105c choker.<\/p>\n","protected":false},"excerpt":{"rendered":"<p>D\u0142ugi naszyjnik z kolorowych turmalin\u00f3w przeplatanych z\u0142otymi hematytami, zasupe\u0142kowanych na mocnej nici jubilerskiej. Zwie\u0144czeniem naszyjnika jest ozdobne k\u00f3\u0142ko z zawieszk\u0105 &#8211; bry\u0142k\u0105 ametystu oraz \u0142a\u0144cuszkiem (pe\u0142ni\u0105cym r\u00f3wnie\u017c rol\u0119 przed\u0142u\u017cki), zwie\u0144czonym zielonym turmalinem.<\/p>\n","protected":false},"featured_media":4974,"comment_status":"open","ping_status":"closed","template":"","meta":{"advanced_seo_description":"","jetpack_seo_html_title":"","jetpack_seo_noindex":false},"product_brand":[],"product_cat":[229],"product_tag":[38,1384,1839,1388,1767,1838,87,1383,1500,31],"class_list":{"0":"post-4981","1":"product","2":"type-product","3":"status-publish","4":"has-post-thumbnail","6":"product_cat-sprzedane","7":"product_tag-ametyst","8":"product_tag-dlugi-naszyjnik-z-turmalinami","9":"product_tag-kolorowy-naszyjnik","10":"product_tag-naszyjnik-z-kolorowymi-kamieniami-naturalnymi","11":"product_tag-naszyjnik-z-kolorowymi-turmalinami","12":"product_tag-naszyjnikz-turmalinami-i-ametystem","13":"product_tag-turmalin","14":"product_tag-warstwowy-naszyjnik-z-turmalinami","15":"product_tag-wielofunkcyjny-naszyjnik-z-turmalinami","16":"product_tag-zloty-hematyt","18":"first","19":"outofstock","20":"shipping-taxable","21":"purchasable","22":"product-type-simple"},"jetpack_sharing_enabled":true,"_links":{"self":[{"href":"https:\/\/koraledetale.pl\/index.php?rest_route=\/wp\/v2\/product\/4981","targetHints":{"allow":["GET"]}}],"collection":[{"href":"https:\/\/koraledetale.pl\/index.php?rest_route=\/wp\/v2\/product"}],"about":[{"href":"https:\/\/koraledetale.pl\/index.php?rest_route=\/wp\/v2\/types\/product"}],"replies":[{"embeddable":true,"href":"https:\/\/koraledetale.pl\/index.php?rest_route=%2Fwp%2Fv2%2Fcomments&post=4981"}],"wp:featuredmedia":[{"embeddable":true,"href":"https:\/\/koraledetale.pl\/index.php?rest_route=\/wp\/v2\/media\/4974"}],"wp:attachment":[{"href":"https:\/\/koraledetale.pl\/index.php?rest_route=%2Fwp%2Fv2%2Fmedia&parent=4981"}],"wp:term":[{"taxonomy":"product_brand","embeddable":true,"href":"https:\/\/koraledetale.pl\/index.php?rest_route=%2Fwp%2Fv2%2Fproduct_brand&post=4981"},{"taxonomy":"product_cat","embeddable":true,"href":"https:\/\/koraledetale.pl\/index.php?rest_route=%2Fwp%2Fv2%2Fproduct_cat&post=4981"},{"taxonomy":"product_tag","embeddable":true,"href":"https:\/\/koraledetale.pl\/index.php?rest_route=%2Fwp%2Fv2%2Fproduct_tag&post=4981"}],"curies":[{"name":"wp","href":"https:\/\/api.w.org\/{rel}","templated":true}]}}