{"id":4963,"date":"2024-01-09T10:18:30","date_gmt":"2024-01-09T10:18:30","guid":{"rendered":"https:\/\/koraledetale.pl\/?post_type=product&#038;p=4963"},"modified":"2024-03-19T09:37:11","modified_gmt":"2024-03-19T09:37:11","slug":"mala-na-wewnetrzny-spokoj-z-howlitami","status":"publish","type":"product","link":"https:\/\/koraledetale.pl\/?product=mala-na-wewnetrzny-spokoj-z-howlitami","title":{"rendered":"Mala na WEWN\u0118TRZNY SPOK\u00d3J z howlitami"},"content":{"rendered":"<p>Wielko\u015b\u0107 kamieni:<\/p>\n<ul>\n<li>howlit \u2013 4,5 mm i 8 mm (guru).<\/li>\n<\/ul>\n<p>D\u0142ugo\u015b\u0107 mali \u2013 60 cm + guru z zawieszk\u0105 \u2013 3,1cm.<\/p>\n","protected":false},"excerpt":{"rendered":"<p>Kieszonkowa mala z niedu\u017cych kuleczek howlit\u00f3w turkusowych, zasupe\u0142kowanych na czerwonej nici. Zwie\u0144czeniem naszyjnika jest koralik guru, r\u00f3wnie\u017c z howlitu, oraz zawieszka z symbolem OM.<\/p>\n","protected":false},"featured_media":4964,"comment_status":"open","ping_status":"closed","template":"","meta":{"advanced_seo_description":"","jetpack_seo_html_title":"","jetpack_seo_noindex":false},"product_brand":[],"product_cat":[229],"product_tag":[463,1834,1837,772,1835,1836],"class_list":{"0":"post-4963","1":"product","2":"type-product","3":"status-publish","4":"has-post-thumbnail","6":"product_cat-sprzedane","7":"product_tag-howlit-turkusowy","8":"product_tag-mala-z-howlitami-turkusowymi","9":"product_tag-mala-z-om","10":"product_tag-naszyjnik-do-medytacji","11":"product_tag-naszyjnik-ze-108-koralikami","12":"product_tag-om","14":"first","15":"outofstock","16":"shipping-taxable","17":"purchasable","18":"product-type-simple"},"jetpack_sharing_enabled":true,"_links":{"self":[{"href":"https:\/\/koraledetale.pl\/index.php?rest_route=\/wp\/v2\/product\/4963","targetHints":{"allow":["GET"]}}],"collection":[{"href":"https:\/\/koraledetale.pl\/index.php?rest_route=\/wp\/v2\/product"}],"about":[{"href":"https:\/\/koraledetale.pl\/index.php?rest_route=\/wp\/v2\/types\/product"}],"replies":[{"embeddable":true,"href":"https:\/\/koraledetale.pl\/index.php?rest_route=%2Fwp%2Fv2%2Fcomments&post=4963"}],"wp:featuredmedia":[{"embeddable":true,"href":"https:\/\/koraledetale.pl\/index.php?rest_route=\/wp\/v2\/media\/4964"}],"wp:attachment":[{"href":"https:\/\/koraledetale.pl\/index.php?rest_route=%2Fwp%2Fv2%2Fmedia&parent=4963"}],"wp:term":[{"taxonomy":"product_brand","embeddable":true,"href":"https:\/\/koraledetale.pl\/index.php?rest_route=%2Fwp%2Fv2%2Fproduct_brand&post=4963"},{"taxonomy":"product_cat","embeddable":true,"href":"https:\/\/koraledetale.pl\/index.php?rest_route=%2Fwp%2Fv2%2Fproduct_cat&post=4963"},{"taxonomy":"product_tag","embeddable":true,"href":"https:\/\/koraledetale.pl\/index.php?rest_route=%2Fwp%2Fv2%2Fproduct_tag&post=4963"}],"curies":[{"name":"wp","href":"https:\/\/api.w.org\/{rel}","templated":true}]}}