{"id":4751,"date":"2023-11-02T10:08:39","date_gmt":"2023-11-02T10:08:39","guid":{"rendered":"https:\/\/koraledetale.pl\/?post_type=product&#038;p=4751"},"modified":"2023-11-02T20:52:05","modified_gmt":"2023-11-02T20:52:05","slug":"naszyjnik-tesknota-za-latem-z-turmalinami","status":"publish","type":"product","link":"https:\/\/koraledetale.pl\/?product=naszyjnik-tesknota-za-latem-z-turmalinami","title":{"rendered":"Naszyjnik T\u0118SKNOTA ZA LATEM z turmalinami"},"content":{"rendered":"<p>Wielko\u015b\u0107 kamieni:<\/p>\n<ul>\n<li>turmalin &#8211; 6,5 mm,<\/li>\n<li>hematyt &#8211; 2,5 mm.<\/li>\n<\/ul>\n<p>Maksymalna d\u0142ugo\u015b\u0107 naszyjnika &#8211; 51 cm.<\/p>\n<p>Wszystkie elementy metalowe wykonane s\u0105 z nieuczulaj\u0105cej stali szlachetnej.<\/p>\n","protected":false},"excerpt":{"rendered":"<p>Naszyjnik z du\u017cych, fasetowanych kulek kolorowego turmalinu, przeplatanymi z\u0142otymi hematytami, zwie\u0144czony zawieszk\u0105 w kszta\u0142cie grotu.<\/p>\n<p>Naszyjnik zapniesz w dowolnym miejscu pomi\u0119dzy kamieniami, dzi\u0119ki czemu wyczarujesz ozdob\u0119 pasuj\u0105c\u0105 do wielu stylizacji i rodzaj\u00f3w dekoltu.<\/p>\n","protected":false},"featured_media":4754,"comment_status":"open","ping_status":"closed","template":"","meta":{"advanced_seo_description":"","jetpack_seo_html_title":"","jetpack_seo_noindex":false},"product_brand":[],"product_cat":[229],"product_tag":[1768,66,187,1767,87,31],"class_list":{"0":"post-4751","1":"product","2":"type-product","3":"status-publish","4":"has-post-thumbnail","6":"product_cat-sprzedane","7":"product_tag-kolorowy-naszyjnik-z-kamieniami","8":"product_tag-naszyjnik-z-kamieniami-naturalnymi","9":"product_tag-naszyjnik-z-kolorowymi-kamieniami","10":"product_tag-naszyjnik-z-kolorowymi-turmalinami","11":"product_tag-turmalin","12":"product_tag-zloty-hematyt","14":"first","15":"outofstock","16":"shipping-taxable","17":"purchasable","18":"product-type-simple"},"jetpack_sharing_enabled":true,"_links":{"self":[{"href":"https:\/\/koraledetale.pl\/index.php?rest_route=\/wp\/v2\/product\/4751","targetHints":{"allow":["GET"]}}],"collection":[{"href":"https:\/\/koraledetale.pl\/index.php?rest_route=\/wp\/v2\/product"}],"about":[{"href":"https:\/\/koraledetale.pl\/index.php?rest_route=\/wp\/v2\/types\/product"}],"replies":[{"embeddable":true,"href":"https:\/\/koraledetale.pl\/index.php?rest_route=%2Fwp%2Fv2%2Fcomments&post=4751"}],"wp:featuredmedia":[{"embeddable":true,"href":"https:\/\/koraledetale.pl\/index.php?rest_route=\/wp\/v2\/media\/4754"}],"wp:attachment":[{"href":"https:\/\/koraledetale.pl\/index.php?rest_route=%2Fwp%2Fv2%2Fmedia&parent=4751"}],"wp:term":[{"taxonomy":"product_brand","embeddable":true,"href":"https:\/\/koraledetale.pl\/index.php?rest_route=%2Fwp%2Fv2%2Fproduct_brand&post=4751"},{"taxonomy":"product_cat","embeddable":true,"href":"https:\/\/koraledetale.pl\/index.php?rest_route=%2Fwp%2Fv2%2Fproduct_cat&post=4751"},{"taxonomy":"product_tag","embeddable":true,"href":"https:\/\/koraledetale.pl\/index.php?rest_route=%2Fwp%2Fv2%2Fproduct_tag&post=4751"}],"curies":[{"name":"wp","href":"https:\/\/api.w.org\/{rel}","templated":true}]}}