{"id":4733,"date":"2023-10-26T10:27:00","date_gmt":"2023-10-26T10:27:00","guid":{"rendered":"https:\/\/koraledetale.pl\/?post_type=product&#038;p=4733"},"modified":"2024-07-01T18:19:34","modified_gmt":"2024-07-01T18:19:34","slug":"naszyjnik-roza-o-poranku-z-perlami-opalami-i-turmalinami","status":"publish","type":"product","link":"https:\/\/koraledetale.pl\/?product=naszyjnik-roza-o-poranku-z-perlami-opalami-i-turmalinami","title":{"rendered":"Naszyjnik R\u00d3\u017bA O PORANKU z per\u0142ami, opalami i turmalinami"},"content":{"rendered":"<p>Wielko\u015b\u0107 kamieni:<\/p>\n<ul>\n<li>per\u0142a \u2013 ok. 7\u00d76 mm,<\/li>\n<li>opal \u2013 9\u00d75 mm,<\/li>\n<li>turmalin \u2013 8\u00d75 mm,<\/li>\n<li>hematyt \u2013 2,5 mm.<\/li>\n<\/ul>\n<p>D\u0142ugo\u015b\u0107 naszyjnika: 45,5 &#8211; 50,5 cm + zawieszka z k\u00f3\u0142kiem &#8211; 4 cm.<\/p>\n<p>Wszystkie elementy metalowe wykonane s\u0105 z nieuczulaj\u0105cej stali szlachetnej.<\/p>\n","protected":false},"excerpt":{"rendered":"<p>Naszyjnik z r\u00f3\u017cowymi per\u0142ami, z wplecionymi r\u00f3\u017cowymi opalami, malinowymi turmalinami i z\u0142otymi hematytami, zasupe\u0142kowanymi na r\u00f3\u017cowej, mocnej nici jubilerskiej. Zwie\u0144czeniem naszyjnika jest jednostronnie m\u0142otkowana, okr\u0105g\u0142a zawieszka na grubym k\u00f3\u0142ku.<\/p>\n","protected":false},"featured_media":4731,"comment_status":"open","ping_status":"closed","template":"","meta":{"advanced_seo_description":"","jetpack_seo_html_title":"","jetpack_seo_noindex":false},"product_brand":[],"product_cat":[229],"product_tag":[1758,1759,1757,806,1718,75,87],"class_list":{"0":"post-4733","1":"product","2":"type-product","3":"status-publish","4":"has-post-thumbnail","6":"product_cat-sprzedane","7":"product_tag-naszyjnik-duzych-z-perel","8":"product_tag-naszyjnik-z-rozowymi-kamieniami-naturalnymi","9":"product_tag-naszyjnik-z-rozowymi-perlami-opalami-i-turmalinami","10":"product_tag-opal","11":"product_tag-perlowy-naszyjnik","12":"product_tag-rozowa-perla","13":"product_tag-turmalin","15":"first","16":"outofstock","17":"shipping-taxable","18":"purchasable","19":"product-type-simple"},"jetpack_sharing_enabled":true,"_links":{"self":[{"href":"https:\/\/koraledetale.pl\/index.php?rest_route=\/wp\/v2\/product\/4733","targetHints":{"allow":["GET"]}}],"collection":[{"href":"https:\/\/koraledetale.pl\/index.php?rest_route=\/wp\/v2\/product"}],"about":[{"href":"https:\/\/koraledetale.pl\/index.php?rest_route=\/wp\/v2\/types\/product"}],"replies":[{"embeddable":true,"href":"https:\/\/koraledetale.pl\/index.php?rest_route=%2Fwp%2Fv2%2Fcomments&post=4733"}],"wp:featuredmedia":[{"embeddable":true,"href":"https:\/\/koraledetale.pl\/index.php?rest_route=\/wp\/v2\/media\/4731"}],"wp:attachment":[{"href":"https:\/\/koraledetale.pl\/index.php?rest_route=%2Fwp%2Fv2%2Fmedia&parent=4733"}],"wp:term":[{"taxonomy":"product_brand","embeddable":true,"href":"https:\/\/koraledetale.pl\/index.php?rest_route=%2Fwp%2Fv2%2Fproduct_brand&post=4733"},{"taxonomy":"product_cat","embeddable":true,"href":"https:\/\/koraledetale.pl\/index.php?rest_route=%2Fwp%2Fv2%2Fproduct_cat&post=4733"},{"taxonomy":"product_tag","embeddable":true,"href":"https:\/\/koraledetale.pl\/index.php?rest_route=%2Fwp%2Fv2%2Fproduct_tag&post=4733"}],"curies":[{"name":"wp","href":"https:\/\/api.w.org\/{rel}","templated":true}]}}

Naszyjnik RÓŻA O PORANKU z perłami, opalami i turmalinami

<p>Wielkość kamieni:</p>
<ul>
<li>perła – ok. 7×6 mm,</li>
<li>opal – 9×5 mm,</li>
<li>turmalin – 8×5 mm,</li>
<li>hematyt – 2,5 mm.</li>
</ul>
<p>Długość naszyjnika: 45,5 &#8211; 50,5 cm + zawieszka z kółkiem &#8211; 4 cm.</p>
<p>Wszystkie elementy metalowe wykonane są z nieuczulającej stali szlachetnej.</p>

<p>Naszyjnik z różowymi perłami, z wplecionymi różowymi opalami, malinowymi turmalinami i złotymi hematytami, zasupełkowanymi na różowej, mocnej nici jubilerskiej. Zwieńczeniem naszyjnika jest jednostronnie młotkowana, okrągła zawieszka na grubym kółku.</p>
