{"id":4678,"date":"2023-10-16T14:02:17","date_gmt":"2023-10-16T14:02:17","guid":{"rendered":"https:\/\/koraledetale.pl\/?post_type=product&#038;p=4678"},"modified":"2023-10-26T10:53:38","modified_gmt":"2023-10-26T10:53:38","slug":"naszyjnik-czarny-z-czerwonym-ii-z-hematytami","status":"publish","type":"product","link":"https:\/\/koraledetale.pl\/?product=naszyjnik-czarny-z-czerwonym-ii-z-hematytami","title":{"rendered":"Naszyjnik CZARNY Z CZERWONYM II z hematytami"},"content":{"rendered":"<p>Wielko\u015b\u0107 hematyt\u00f3w \u2013 4 mm i 3,5 mm.<\/p>\n<p>D\u0142ugo\u015b\u0107 naszyjnika \u2013 84 cm + zawieszka \u2013 2 cm (z nitk\u0105 &#8211; 4 cm).<\/p>\n<p>Wszystkie elementy metalowe wykonane s\u0105 ze stali chirurgicznej (szlachetnej).<\/p>\n","protected":false},"excerpt":{"rendered":"<p>D\u0142ugi naszyjnik z fasetowanych, grafitowych i g\u0142adkich, z\u0142otych hematyt\u00f3w, zasup\u0142anych na czerwonej, mocnej nitce jubilerskiej, z hams\u0105 i czerwon\u0105 nitk\u0105 na szcz\u0119\u015bcie.<\/p>\n","protected":false},"featured_media":4679,"comment_status":"open","ping_status":"closed","template":"","meta":{"advanced_seo_description":"","jetpack_seo_html_title":"","jetpack_seo_noindex":false},"product_brand":[],"product_cat":[229],"product_tag":[606,1732,1733,1730,1731,33,67],"class_list":{"0":"post-4678","1":"product","2":"type-product","3":"status-publish","4":"has-post-thumbnail","6":"product_cat-sprzedane","7":"product_tag-czerwona-nitka","8":"product_tag-dlugi-naszyjnik-z-ciemnych-kamieni","9":"product_tag-dlugi-naszyjnik-z-czarnych-kamieni","10":"product_tag-dlugi-naszyjnik-z-hematytami-i-hamsa","11":"product_tag-dlugi-naszyjnik-z-hematytami-na-czerwonej-nitce","12":"product_tag-hamsa","13":"product_tag-hematyt","15":"first","16":"outofstock","17":"shipping-taxable","18":"purchasable","19":"product-type-simple"},"jetpack_sharing_enabled":true,"_links":{"self":[{"href":"https:\/\/koraledetale.pl\/index.php?rest_route=\/wp\/v2\/product\/4678","targetHints":{"allow":["GET"]}}],"collection":[{"href":"https:\/\/koraledetale.pl\/index.php?rest_route=\/wp\/v2\/product"}],"about":[{"href":"https:\/\/koraledetale.pl\/index.php?rest_route=\/wp\/v2\/types\/product"}],"replies":[{"embeddable":true,"href":"https:\/\/koraledetale.pl\/index.php?rest_route=%2Fwp%2Fv2%2Fcomments&post=4678"}],"wp:featuredmedia":[{"embeddable":true,"href":"https:\/\/koraledetale.pl\/index.php?rest_route=\/wp\/v2\/media\/4679"}],"wp:attachment":[{"href":"https:\/\/koraledetale.pl\/index.php?rest_route=%2Fwp%2Fv2%2Fmedia&parent=4678"}],"wp:term":[{"taxonomy":"product_brand","embeddable":true,"href":"https:\/\/koraledetale.pl\/index.php?rest_route=%2Fwp%2Fv2%2Fproduct_brand&post=4678"},{"taxonomy":"product_cat","embeddable":true,"href":"https:\/\/koraledetale.pl\/index.php?rest_route=%2Fwp%2Fv2%2Fproduct_cat&post=4678"},{"taxonomy":"product_tag","embeddable":true,"href":"https:\/\/koraledetale.pl\/index.php?rest_route=%2Fwp%2Fv2%2Fproduct_tag&post=4678"}],"curies":[{"name":"wp","href":"https:\/\/api.w.org\/{rel}","templated":true}]}}