{"id":4661,"date":"2023-10-11T08:30:32","date_gmt":"2023-10-11T08:30:32","guid":{"rendered":"https:\/\/koraledetale.pl\/?post_type=product&#038;p=4661"},"modified":"2025-05-18T11:03:27","modified_gmt":"2025-05-18T11:03:27","slug":"perly-z-sercem-v","status":"publish","type":"product","link":"https:\/\/koraledetale.pl\/?product=perly-z-sercem-v","title":{"rendered":"Naszyjnik PER\u0141Y Z SERCEM V"},"content":{"rendered":"<p>Wielko\u015b\u0107 kamieni:<\/p>\n<ul>\n<li>per\u0142a \u2013 ok. 19\u00d77 mm,<\/li>\n<li>hematyt \u2013 4&#215;2 mm i 2 mm.<\/li>\n<\/ul>\n<p>D\u0142ugo\u015b\u0107 naszyjnika \u2013 42 cm + zawieszka 1,8 cm.<\/p>\n<p>Wszystkie elementy metalowe wykonane s\u0105 z nieuczulaj\u0105cej stali szlachetnej.<\/p>\n","protected":false},"excerpt":{"rendered":"<p>Choker z du\u017cych r\u00f3\u017cowych pere\u0142 z ozdobnym zapi\u0119ciem typu toggle, z zawieszk\u0105 w kszta\u0142cie serca i okr\u0105g\u0142ym elementem dodaj\u0105cym naszyjnikowi nowoczesnego charakteru.<\/p>\n","protected":false},"featured_media":4663,"comment_status":"open","ping_status":"closed","template":"","meta":{"advanced_seo_description":"","jetpack_seo_html_title":"","jetpack_seo_noindex":false},"product_brand":[],"product_cat":[229],"product_tag":[111,110,887,57,1718,519,1447,520],"class_list":{"0":"post-4661","1":"product","2":"type-product","3":"status-publish","4":"has-post-thumbnail","6":"product_cat-sprzedane","7":"product_tag-choker-z-perlami","8":"product_tag-naszyjnik-z-perel","9":"product_tag-naszyjnik-z-sercem","10":"product_tag-perla","11":"product_tag-perlowy-naszyjnik","12":"product_tag-perly-z-sercem","13":"product_tag-perly-z-zawieszka","14":"product_tag-serce","16":"first","17":"outofstock","18":"shipping-taxable","19":"product-type-simple"},"jetpack_sharing_enabled":true,"_links":{"self":[{"href":"https:\/\/koraledetale.pl\/index.php?rest_route=\/wp\/v2\/product\/4661","targetHints":{"allow":["GET"]}}],"collection":[{"href":"https:\/\/koraledetale.pl\/index.php?rest_route=\/wp\/v2\/product"}],"about":[{"href":"https:\/\/koraledetale.pl\/index.php?rest_route=\/wp\/v2\/types\/product"}],"replies":[{"embeddable":true,"href":"https:\/\/koraledetale.pl\/index.php?rest_route=%2Fwp%2Fv2%2Fcomments&post=4661"}],"wp:featuredmedia":[{"embeddable":true,"href":"https:\/\/koraledetale.pl\/index.php?rest_route=\/wp\/v2\/media\/4663"}],"wp:attachment":[{"href":"https:\/\/koraledetale.pl\/index.php?rest_route=%2Fwp%2Fv2%2Fmedia&parent=4661"}],"wp:term":[{"taxonomy":"product_brand","embeddable":true,"href":"https:\/\/koraledetale.pl\/index.php?rest_route=%2Fwp%2Fv2%2Fproduct_brand&post=4661"},{"taxonomy":"product_cat","embeddable":true,"href":"https:\/\/koraledetale.pl\/index.php?rest_route=%2Fwp%2Fv2%2Fproduct_cat&post=4661"},{"taxonomy":"product_tag","embeddable":true,"href":"https:\/\/koraledetale.pl\/index.php?rest_route=%2Fwp%2Fv2%2Fproduct_tag&post=4661"}],"curies":[{"name":"wp","href":"https:\/\/api.w.org\/{rel}","templated":true}]}}