{"id":4618,"date":"2023-09-27T13:53:50","date_gmt":"2023-09-27T13:53:50","guid":{"rendered":"https:\/\/koraledetale.pl\/?post_type=product&#038;p=4618"},"modified":"2024-07-28T19:48:58","modified_gmt":"2024-07-28T19:48:58","slug":"kolczyki-zielone-ii-z-peridotem","status":"publish","type":"product","link":"https:\/\/koraledetale.pl\/?product=kolczyki-zielone-ii-z-peridotem","title":{"rendered":"Kolczyki ZIELONE II z peridotem i blaszkami"},"content":{"rendered":"<p>Wielko\u015b\u0107 peridotu: 6\u00d72 mm i 3 mm.<\/p>\n<p>\u015arednica blaszek: 8 mm.<\/p>\n<p>D\u0142ugo\u015b\u0107 kolczyk\u00f3w: 1,9 cm.<\/p>\n<p>Wszystkie elementy metalowe wykonane s\u0105 z nieuczulaj\u0105cej stali szlachetnej.<\/p>\n","protected":false},"excerpt":{"rendered":"<p>Niewielkie, asymetryczne kolczyki na sztyftach z peridotami i blaszkami.<\/p>\n","protected":false},"featured_media":4616,"comment_status":"open","ping_status":"closed","template":"","meta":{"advanced_seo_description":"","jetpack_seo_html_title":"","jetpack_seo_noindex":false},"product_brand":[],"product_cat":[229],"product_tag":[1006,1692,1693,1597,500],"class_list":{"0":"post-4618","1":"product","2":"type-product","3":"status-publish","4":"has-post-thumbnail","6":"product_cat-sprzedane","7":"product_tag-asymetryczne-kolczyki-na-sztyftach","8":"product_tag-asymetryczne-kolczyki-z-peridotem","9":"product_tag-asymtryczne-kolczyki-z-zielonym-kamieniem","10":"product_tag-dlugie-kolczyki-na-sztyfcie-ze-stalii-szlachetnej","11":"product_tag-peridot","13":"first","14":"outofstock","15":"shipping-taxable","16":"purchasable","17":"product-type-simple"},"jetpack_sharing_enabled":true,"_links":{"self":[{"href":"https:\/\/koraledetale.pl\/index.php?rest_route=\/wp\/v2\/product\/4618","targetHints":{"allow":["GET"]}}],"collection":[{"href":"https:\/\/koraledetale.pl\/index.php?rest_route=\/wp\/v2\/product"}],"about":[{"href":"https:\/\/koraledetale.pl\/index.php?rest_route=\/wp\/v2\/types\/product"}],"replies":[{"embeddable":true,"href":"https:\/\/koraledetale.pl\/index.php?rest_route=%2Fwp%2Fv2%2Fcomments&post=4618"}],"wp:featuredmedia":[{"embeddable":true,"href":"https:\/\/koraledetale.pl\/index.php?rest_route=\/wp\/v2\/media\/4616"}],"wp:attachment":[{"href":"https:\/\/koraledetale.pl\/index.php?rest_route=%2Fwp%2Fv2%2Fmedia&parent=4618"}],"wp:term":[{"taxonomy":"product_brand","embeddable":true,"href":"https:\/\/koraledetale.pl\/index.php?rest_route=%2Fwp%2Fv2%2Fproduct_brand&post=4618"},{"taxonomy":"product_cat","embeddable":true,"href":"https:\/\/koraledetale.pl\/index.php?rest_route=%2Fwp%2Fv2%2Fproduct_cat&post=4618"},{"taxonomy":"product_tag","embeddable":true,"href":"https:\/\/koraledetale.pl\/index.php?rest_route=%2Fwp%2Fv2%2Fproduct_tag&post=4618"}],"curies":[{"name":"wp","href":"https:\/\/api.w.org\/{rel}","templated":true}]}}