{"id":4564,"date":"2023-09-18T09:52:02","date_gmt":"2023-09-18T09:52:02","guid":{"rendered":"https:\/\/koraledetale.pl\/?post_type=product&#038;p=4564"},"modified":"2023-12-13T19:34:46","modified_gmt":"2023-12-13T19:34:46","slug":"lancuszek-zloto-z-kwarcem-z-rutylem","status":"publish","type":"product","link":"https:\/\/koraledetale.pl\/?product=lancuszek-zloto-z-kwarcem-z-rutylem","title":{"rendered":"\u0141a\u0144cuszek Z\u0141OTO z kwarcem z rutylem"},"content":{"rendered":"<p>Wielko\u015b\u0107 kwarcu &#8211; 10x7x4 mm.<\/p>\n<p>D\u0142ugo\u015b\u0107 \u0142a\u0144cuszka: 41,5 &#8211; 46 cm + zawieszka &#8211; 3 cm.<\/p>\n<p>Wszystkie elementy metalowe wykonane s\u0105 z nieuczulaj\u0105cej stali szlachetnej.<\/p>\n","protected":false},"excerpt":{"rendered":"<p>\u0141a\u0144cuszek z zawieszk\u0105 &#8211; fasetowanym kwarcem z zatopionymi z\u0142otymi igie\u0142kami rutylu, zawieszonym na okr\u0105g\u0142ym elemencie.<\/p>\n","protected":false},"featured_media":4561,"comment_status":"open","ping_status":"closed","template":"","meta":{"advanced_seo_description":"","jetpack_seo_html_title":"","jetpack_seo_noindex":false},"product_brand":[],"product_cat":[229],"product_tag":[480,1674,1672,1673],"class_list":{"0":"post-4564","1":"product","2":"type-product","3":"status-publish","4":"has-post-thumbnail","6":"product_cat-sprzedane","7":"product_tag-kwarc-z-rutylem","8":"product_tag-naszyjnik-z-kwarcem-z-rutylem","9":"product_tag-lancuszek-z-kamieniem-naturalnym","10":"product_tag-lancuszek-z-kwarcem-z-rutylem","12":"first","13":"outofstock","14":"shipping-taxable","15":"purchasable","16":"product-type-simple"},"jetpack_sharing_enabled":true,"_links":{"self":[{"href":"https:\/\/koraledetale.pl\/index.php?rest_route=\/wp\/v2\/product\/4564","targetHints":{"allow":["GET"]}}],"collection":[{"href":"https:\/\/koraledetale.pl\/index.php?rest_route=\/wp\/v2\/product"}],"about":[{"href":"https:\/\/koraledetale.pl\/index.php?rest_route=\/wp\/v2\/types\/product"}],"replies":[{"embeddable":true,"href":"https:\/\/koraledetale.pl\/index.php?rest_route=%2Fwp%2Fv2%2Fcomments&post=4564"}],"wp:featuredmedia":[{"embeddable":true,"href":"https:\/\/koraledetale.pl\/index.php?rest_route=\/wp\/v2\/media\/4561"}],"wp:attachment":[{"href":"https:\/\/koraledetale.pl\/index.php?rest_route=%2Fwp%2Fv2%2Fmedia&parent=4564"}],"wp:term":[{"taxonomy":"product_brand","embeddable":true,"href":"https:\/\/koraledetale.pl\/index.php?rest_route=%2Fwp%2Fv2%2Fproduct_brand&post=4564"},{"taxonomy":"product_cat","embeddable":true,"href":"https:\/\/koraledetale.pl\/index.php?rest_route=%2Fwp%2Fv2%2Fproduct_cat&post=4564"},{"taxonomy":"product_tag","embeddable":true,"href":"https:\/\/koraledetale.pl\/index.php?rest_route=%2Fwp%2Fv2%2Fproduct_tag&post=4564"}],"curies":[{"name":"wp","href":"https:\/\/api.w.org\/{rel}","templated":true}]}}