{"id":4548,"date":"2023-09-12T07:50:37","date_gmt":"2023-09-12T07:50:37","guid":{"rendered":"https:\/\/koraledetale.pl\/?post_type=product&#038;p=4548"},"modified":"2023-12-15T00:00:27","modified_gmt":"2023-12-15T00:00:27","slug":"naszyjnik-bezmiar-z-rodochrozytami","status":"publish","type":"product","link":"https:\/\/koraledetale.pl\/?product=naszyjnik-bezmiar-z-rodochrozytami","title":{"rendered":"Naszyjnik BEZMIAR z rodochrozytami"},"content":{"rendered":"<p>Wielko\u015b\u0107 kamieni:<\/p>\n<ul>\n<li>rodochrozyt &#8211; 6&#215;4 mm,<\/li>\n<li>hematyt &#8211; 2,5 mm, 3 mm i 3&#215;1 mm.<\/li>\n<\/ul>\n<p>D\u0142ugo\u015b\u0107 naszyjnika: 41 &#8211; 45,5 cm.<\/p>\n<p>Naszyjnik mo\u017cna nosi\u0107 na wiele sposob\u00f3w, na przyk\u0142ad jako klasyczny choker, z przed\u0142u\u017ck\u0105 po boku, z przed\u0142u\u017ck\u0105 po \u015brodku, z zawieszk\u0105 z zapi\u0119ciem (szczeg\u00f3lnie polecam zawieszk\u0119 z r\u00f3\u017cowym chalcedonem).<\/p>\n<p>Wszystkie elementy metalowe wykonane s\u0105 z nieuczulaj\u0105cej stali szlachetnej.<\/p>\n","protected":false},"excerpt":{"rendered":"<p>Zapinany pod szyj\u0105 naszyjnik z fasetowanych oponek rodochrozyt\u00f3w, przeplatanych z\u0142otymi hematytami, z doczepion\u0105 zawieszk\u0105 na ko\u0144cu \u0142a\u0144cuszka, kt\u00f3ry pe\u0142ni r\u00f3wnie\u017c rol\u0119 przed\u0142u\u017cki.<\/p>\n","protected":false},"featured_media":4551,"comment_status":"open","ping_status":"closed","template":"","meta":{"advanced_seo_description":"","jetpack_seo_html_title":"","jetpack_seo_noindex":false},"product_brand":[],"product_cat":[229],"product_tag":[],"class_list":{"0":"post-4548","1":"product","2":"type-product","3":"status-publish","4":"has-post-thumbnail","6":"product_cat-sprzedane","8":"first","9":"outofstock","10":"shipping-taxable","11":"purchasable","12":"product-type-simple"},"jetpack_sharing_enabled":true,"_links":{"self":[{"href":"https:\/\/koraledetale.pl\/index.php?rest_route=\/wp\/v2\/product\/4548","targetHints":{"allow":["GET"]}}],"collection":[{"href":"https:\/\/koraledetale.pl\/index.php?rest_route=\/wp\/v2\/product"}],"about":[{"href":"https:\/\/koraledetale.pl\/index.php?rest_route=\/wp\/v2\/types\/product"}],"replies":[{"embeddable":true,"href":"https:\/\/koraledetale.pl\/index.php?rest_route=%2Fwp%2Fv2%2Fcomments&post=4548"}],"wp:featuredmedia":[{"embeddable":true,"href":"https:\/\/koraledetale.pl\/index.php?rest_route=\/wp\/v2\/media\/4551"}],"wp:attachment":[{"href":"https:\/\/koraledetale.pl\/index.php?rest_route=%2Fwp%2Fv2%2Fmedia&parent=4548"}],"wp:term":[{"taxonomy":"product_brand","embeddable":true,"href":"https:\/\/koraledetale.pl\/index.php?rest_route=%2Fwp%2Fv2%2Fproduct_brand&post=4548"},{"taxonomy":"product_cat","embeddable":true,"href":"https:\/\/koraledetale.pl\/index.php?rest_route=%2Fwp%2Fv2%2Fproduct_cat&post=4548"},{"taxonomy":"product_tag","embeddable":true,"href":"https:\/\/koraledetale.pl\/index.php?rest_route=%2Fwp%2Fv2%2Fproduct_tag&post=4548"}],"curies":[{"name":"wp","href":"https:\/\/api.w.org\/{rel}","templated":true}]}}