{"id":4528,"date":"2023-09-06T08:36:39","date_gmt":"2023-09-06T08:36:39","guid":{"rendered":"https:\/\/koraledetale.pl\/?post_type=product&#038;p=4528"},"modified":"2024-08-03T16:34:48","modified_gmt":"2024-08-03T16:34:48","slug":"kolczyki-mieta-z-krysztalem-gorskim-i-angelitem","status":"publish","type":"product","link":"https:\/\/koraledetale.pl\/?product=kolczyki-mieta-z-krysztalem-gorskim-i-angelitem","title":{"rendered":"Kolczyki MI\u0118TA z kryszta\u0142em g\u00f3rskim i angelitem"},"content":{"rendered":"<p>Wielko\u015b\u0107 kamieni:<\/p>\n<ul>\n<li>kryszta\u0142 g\u00f3rski &#8211; 20x15x6 mm,<\/li>\n<li>angelit &#8211; 20&#215;9 mm.<\/li>\n<\/ul>\n<p>D\u0142ugo\u015b\u0107 kolczyk\u00f3w &#8211; 6,8 cm.<\/p>\n<p>Wszystkie elementy metalowe wykonane s\u0105 z nieuczulaj\u0105cej stali szlachetnej.<\/p>\n","protected":false},"excerpt":{"rendered":"<p>D\u0142ugie, efektowne kolczyki z kryszta\u0142em g\u00f3rskim i du\u017c\u0105 kropl\u0105 angelitu.<\/p>\n","protected":false},"featured_media":4527,"comment_status":"open","ping_status":"closed","template":"","meta":{"advanced_seo_description":"","jetpack_seo_html_title":"","jetpack_seo_noindex":false},"product_brand":[],"product_cat":[229],"product_tag":[1658,1655,815,1654,1656,702,1657],"class_list":{"0":"post-4528","1":"product","2":"type-product","3":"status-publish","4":"has-post-thumbnail","6":"product_cat-sprzedane","7":"product_tag-angelit","8":"product_tag-dlugie-kolczyki-z-jasnymi-kamieniami","9":"product_tag-dlugie-kolczyki-z-kamieniami-naturalnymi","10":"product_tag-dlugie-kolczyki-z-krysztalem-gorskim-i-angelitem","11":"product_tag-dlugie-kolczyki-z-mietowymi-kamieniami-naturalnymi","12":"product_tag-krysztal-gorski","13":"product_tag-mietowe-kolczyki","15":"first","16":"outofstock","17":"shipping-taxable","18":"purchasable","19":"product-type-simple"},"jetpack_sharing_enabled":true,"_links":{"self":[{"href":"https:\/\/koraledetale.pl\/index.php?rest_route=\/wp\/v2\/product\/4528","targetHints":{"allow":["GET"]}}],"collection":[{"href":"https:\/\/koraledetale.pl\/index.php?rest_route=\/wp\/v2\/product"}],"about":[{"href":"https:\/\/koraledetale.pl\/index.php?rest_route=\/wp\/v2\/types\/product"}],"replies":[{"embeddable":true,"href":"https:\/\/koraledetale.pl\/index.php?rest_route=%2Fwp%2Fv2%2Fcomments&post=4528"}],"wp:featuredmedia":[{"embeddable":true,"href":"https:\/\/koraledetale.pl\/index.php?rest_route=\/wp\/v2\/media\/4527"}],"wp:attachment":[{"href":"https:\/\/koraledetale.pl\/index.php?rest_route=%2Fwp%2Fv2%2Fmedia&parent=4528"}],"wp:term":[{"taxonomy":"product_brand","embeddable":true,"href":"https:\/\/koraledetale.pl\/index.php?rest_route=%2Fwp%2Fv2%2Fproduct_brand&post=4528"},{"taxonomy":"product_cat","embeddable":true,"href":"https:\/\/koraledetale.pl\/index.php?rest_route=%2Fwp%2Fv2%2Fproduct_cat&post=4528"},{"taxonomy":"product_tag","embeddable":true,"href":"https:\/\/koraledetale.pl\/index.php?rest_route=%2Fwp%2Fv2%2Fproduct_tag&post=4528"}],"curies":[{"name":"wp","href":"https:\/\/api.w.org\/{rel}","templated":true}]}}