{"id":4441,"date":"2023-08-18T09:12:39","date_gmt":"2023-08-18T09:12:39","guid":{"rendered":"https:\/\/koraledetale.pl\/?post_type=product&#038;p=4441"},"modified":"2024-08-03T16:35:24","modified_gmt":"2024-08-03T16:35:24","slug":"kolczyki-oliwki-z-kwarcem-dymnym-i-apatytem","status":"publish","type":"product","link":"https:\/\/koraledetale.pl\/?product=kolczyki-oliwki-z-kwarcem-dymnym-i-apatytem","title":{"rendered":"Kolczyki OLIWKI z kwarcem dymnym i apatytem"},"content":{"rendered":"<p>Wielko\u015b\u0107 kamieni:<\/p>\n<ul>\n<li>kwarc dymny &#8211; 6 x 6 x 3 mm,<\/li>\n<li>apatyt &#8211; 4 mm.<\/li>\n<\/ul>\n<p>D\u0142ugo\u015b\u0107 kolczyk\u00f3w &#8211; 5 cm (przy przeci\u0105gni\u0119ciu \u0142a\u0144cuszka do po\u0142owy d\u0142ugo\u015bci. Mo\u017cna podci\u0105gn\u0105\u0107 wy\u017cej cz\u0119\u015b\u0107 kolczyka z kamieniami &#8211; w\u00f3wczas z ty\u0142u cz\u0119\u015b\u0107 z pr\u0119cikiem b\u0119dzie ni\u017cej, lub odwrotnie).<\/p>\n<p>Wszystkie elementy metalowe wykonane s\u0105 z nieuczulaj\u0105cej stali szlachetnej.<\/p>\n","protected":false},"excerpt":{"rendered":"<p>Przeci\u0105gane przez ucho kolczyki z \u0142ezk\u0105 kwarcu dymnego i zielonym apatytem. Dzi\u0119ki d\u0142ugiemu \u0142a\u0144cuszkowi mo\u017cesz nosi\u0107 kolczyki na wiele sposob\u00f3w.<\/p>\n","protected":false},"featured_media":4439,"comment_status":"open","ping_status":"closed","template":"","meta":{"advanced_seo_description":"","jetpack_seo_html_title":"","jetpack_seo_noindex":false},"product_brand":[],"product_cat":[229],"product_tag":[834,866,95,1628,63,1540],"class_list":{"0":"post-4441","1":"product","2":"type-product","3":"status-publish","4":"has-post-thumbnail","6":"product_cat-sprzedane","7":"product_tag-dlugie-kolczyki-ze-stali-chirurgicznej","8":"product_tag-dlugie-kolczyki-ze-stali-szlachetnej","9":"product_tag-kolczyki-z-kamieniami-naturalnymi","10":"product_tag-kolczyki-z-kwarcami-dymnymi-i-apatytami","11":"product_tag-kwarc-dymny","12":"product_tag-zielony-apatyt","14":"first","15":"outofstock","16":"shipping-taxable","17":"purchasable","18":"product-type-simple"},"jetpack_sharing_enabled":true,"_links":{"self":[{"href":"https:\/\/koraledetale.pl\/index.php?rest_route=\/wp\/v2\/product\/4441","targetHints":{"allow":["GET"]}}],"collection":[{"href":"https:\/\/koraledetale.pl\/index.php?rest_route=\/wp\/v2\/product"}],"about":[{"href":"https:\/\/koraledetale.pl\/index.php?rest_route=\/wp\/v2\/types\/product"}],"replies":[{"embeddable":true,"href":"https:\/\/koraledetale.pl\/index.php?rest_route=%2Fwp%2Fv2%2Fcomments&post=4441"}],"wp:featuredmedia":[{"embeddable":true,"href":"https:\/\/koraledetale.pl\/index.php?rest_route=\/wp\/v2\/media\/4439"}],"wp:attachment":[{"href":"https:\/\/koraledetale.pl\/index.php?rest_route=%2Fwp%2Fv2%2Fmedia&parent=4441"}],"wp:term":[{"taxonomy":"product_brand","embeddable":true,"href":"https:\/\/koraledetale.pl\/index.php?rest_route=%2Fwp%2Fv2%2Fproduct_brand&post=4441"},{"taxonomy":"product_cat","embeddable":true,"href":"https:\/\/koraledetale.pl\/index.php?rest_route=%2Fwp%2Fv2%2Fproduct_cat&post=4441"},{"taxonomy":"product_tag","embeddable":true,"href":"https:\/\/koraledetale.pl\/index.php?rest_route=%2Fwp%2Fv2%2Fproduct_tag&post=4441"}],"curies":[{"name":"wp","href":"https:\/\/api.w.org\/{rel}","templated":true}]}}