{"id":4388,"date":"2023-07-26T15:18:22","date_gmt":"2023-07-26T15:18:22","guid":{"rendered":"https:\/\/koraledetale.pl\/?post_type=product&#038;p=4388"},"modified":"2023-08-05T16:23:16","modified_gmt":"2023-08-05T16:23:16","slug":"naszyjnik-barbie-z-chalcedonem-i-rozowym-kwarcem","status":"publish","type":"product","link":"https:\/\/koraledetale.pl\/?product=naszyjnik-barbie-z-chalcedonem-i-rozowym-kwarcem","title":{"rendered":"Naszyjnik R\u00d3\u017b i JU\u017b z chalcedonem i r\u00f3\u017cowym kwarcem"},"content":{"rendered":"<p>Wielko\u015b\u0107 kamieni:<\/p>\n<ul>\n<li>chalcedon &#8211; 12,5 x 8 mm,<\/li>\n<li>kwarc r\u00f3\u017cowy &#8211; 3,5 mm,<\/li>\n<li>hematyt &#8211; 2,5 mm.<\/li>\n<\/ul>\n<p>Naszyjnik posiada \u0142atw\u0105 regulacj\u0119 d\u0142ugo\u015bci poprzez przesuni\u0119cie hematytowej kulki, dzi\u0119ki czemu dopasujesz go do rodzaju dekoltu. Maksymalna d\u0142ugo\u015b\u0107 naszyjnika \u2013 60 cm.<\/p>\n<p>Wszystkie elementy metalowe wykonane s\u0105 z nieuczulaj\u0105cej stali szlachetnej.<\/p>\n","protected":false},"excerpt":{"rendered":"<p>Regulowany naszyjnik z r\u00f3\u017cowymi kwarcami i \u0142ezk\u0105 chalcedonu. Kamienie zasupe\u0142kowane s\u0105 na mocnej nici jubilerskiej.<\/p>\n","protected":false},"featured_media":4386,"comment_status":"open","ping_status":"closed","template":"","meta":{"advanced_seo_description":"","jetpack_seo_html_title":"","jetpack_seo_noindex":false},"product_brand":[],"product_cat":[229],"product_tag":[216,541,1602,1603,1124,31],"class_list":{"0":"post-4388","1":"product","2":"type-product","3":"status-publish","4":"has-post-thumbnail","6":"product_cat-sprzedane","7":"product_tag-kwarc-rozowy","8":"product_tag-regulowany-naszyjnik-z-kamieniami-naturalnymi","9":"product_tag-regulowany-naszyjnik-z-rozowymi-kamieniami","10":"product_tag-regulowany-naszyjnik-z-rozowymi-kwarcami-i-chalcedonem","11":"product_tag-rozowy-chalcedon","12":"product_tag-zloty-hematyt","14":"first","15":"outofstock","16":"shipping-taxable","17":"purchasable","18":"product-type-simple"},"jetpack_sharing_enabled":true,"_links":{"self":[{"href":"https:\/\/koraledetale.pl\/index.php?rest_route=\/wp\/v2\/product\/4388","targetHints":{"allow":["GET"]}}],"collection":[{"href":"https:\/\/koraledetale.pl\/index.php?rest_route=\/wp\/v2\/product"}],"about":[{"href":"https:\/\/koraledetale.pl\/index.php?rest_route=\/wp\/v2\/types\/product"}],"replies":[{"embeddable":true,"href":"https:\/\/koraledetale.pl\/index.php?rest_route=%2Fwp%2Fv2%2Fcomments&post=4388"}],"wp:featuredmedia":[{"embeddable":true,"href":"https:\/\/koraledetale.pl\/index.php?rest_route=\/wp\/v2\/media\/4386"}],"wp:attachment":[{"href":"https:\/\/koraledetale.pl\/index.php?rest_route=%2Fwp%2Fv2%2Fmedia&parent=4388"}],"wp:term":[{"taxonomy":"product_brand","embeddable":true,"href":"https:\/\/koraledetale.pl\/index.php?rest_route=%2Fwp%2Fv2%2Fproduct_brand&post=4388"},{"taxonomy":"product_cat","embeddable":true,"href":"https:\/\/koraledetale.pl\/index.php?rest_route=%2Fwp%2Fv2%2Fproduct_cat&post=4388"},{"taxonomy":"product_tag","embeddable":true,"href":"https:\/\/koraledetale.pl\/index.php?rest_route=%2Fwp%2Fv2%2Fproduct_tag&post=4388"}],"curies":[{"name":"wp","href":"https:\/\/api.w.org\/{rel}","templated":true}]}}