{"id":4379,"date":"2023-07-25T15:26:53","date_gmt":"2023-07-25T15:26:53","guid":{"rendered":"https:\/\/koraledetale.pl\/?post_type=product&#038;p=4379"},"modified":"2023-07-29T20:20:59","modified_gmt":"2023-07-29T20:20:59","slug":"bransoletka-wszystko-rozowe-z-rodonitami-perlami-i-rozowymi-kwarcami","status":"publish","type":"product","link":"https:\/\/koraledetale.pl\/?product=bransoletka-wszystko-rozowe-z-rodonitami-perlami-i-rozowymi-kwarcami","title":{"rendered":"Bransoletka WSZYSTKO R\u00d3\u017bOWE z rodonitami, per\u0142ami i r\u00f3\u017cowymi kwarcami"},"content":{"rendered":"<p>Wielko\u015b\u0107 kamieni:<\/p>\n<ul>\n<li>rodonit \u2013 3,5 mm,<\/li>\n<li>per\u0142a \u2013 5\u00d74 mm,<\/li>\n<li>kwarc r\u00f3\u017cowy \u2013 3,5 mm,<\/li>\n<li>hematyt \u2013 2,5 mm i 4\u00d71 mm.<\/li>\n<\/ul>\n<p>D\u0142ugo\u015b\u0107 naszyjnika: 41 \u2013 45 cm + zawieszka 2,3 cm.<\/p>\n<p>Wszystkie elementy metalowe wykonane s\u0105 z nieuczulaj\u0105cej stali szlachetnej.<\/p>\n","protected":false},"excerpt":{"rendered":"<p>Bransoletka z fasetowanych rodonit\u00f3w, przeplatanych r\u00f3\u017cowymi per\u0142ami, r\u00f3\u017cowymi kwarcami i z\u0142otymi hematytami.<\/p>\n","protected":false},"featured_media":4376,"comment_status":"open","ping_status":"closed","template":"","meta":{"advanced_seo_description":"","jetpack_seo_html_title":"","jetpack_seo_noindex":false},"product_brand":[],"product_cat":[229],"product_tag":[133,1601,212,216,823,75,31],"class_list":{"0":"post-4379","1":"product","2":"type-product","3":"status-publish","4":"has-post-thumbnail","6":"product_cat-sprzedane","7":"product_tag-bransoletka-z-kamieni-naturalnych","8":"product_tag-bransoletka-z-rodonitami-perlami-i-rozowymi-kwarcami","9":"product_tag-bransoletka-z-rozowymi-kamieniami","10":"product_tag-kwarc-rozowy","11":"product_tag-rodonit","12":"product_tag-rozowa-perla","13":"product_tag-zloty-hematyt","15":"first","16":"outofstock","17":"shipping-taxable","18":"purchasable","19":"product-type-simple"},"jetpack_sharing_enabled":true,"_links":{"self":[{"href":"https:\/\/koraledetale.pl\/index.php?rest_route=\/wp\/v2\/product\/4379","targetHints":{"allow":["GET"]}}],"collection":[{"href":"https:\/\/koraledetale.pl\/index.php?rest_route=\/wp\/v2\/product"}],"about":[{"href":"https:\/\/koraledetale.pl\/index.php?rest_route=\/wp\/v2\/types\/product"}],"replies":[{"embeddable":true,"href":"https:\/\/koraledetale.pl\/index.php?rest_route=%2Fwp%2Fv2%2Fcomments&post=4379"}],"wp:featuredmedia":[{"embeddable":true,"href":"https:\/\/koraledetale.pl\/index.php?rest_route=\/wp\/v2\/media\/4376"}],"wp:attachment":[{"href":"https:\/\/koraledetale.pl\/index.php?rest_route=%2Fwp%2Fv2%2Fmedia&parent=4379"}],"wp:term":[{"taxonomy":"product_brand","embeddable":true,"href":"https:\/\/koraledetale.pl\/index.php?rest_route=%2Fwp%2Fv2%2Fproduct_brand&post=4379"},{"taxonomy":"product_cat","embeddable":true,"href":"https:\/\/koraledetale.pl\/index.php?rest_route=%2Fwp%2Fv2%2Fproduct_cat&post=4379"},{"taxonomy":"product_tag","embeddable":true,"href":"https:\/\/koraledetale.pl\/index.php?rest_route=%2Fwp%2Fv2%2Fproduct_tag&post=4379"}],"curies":[{"name":"wp","href":"https:\/\/api.w.org\/{rel}","templated":true}]}}