{"id":4246,"date":"2023-06-21T11:00:28","date_gmt":"2023-06-21T11:00:28","guid":{"rendered":"https:\/\/koraledetale.pl\/?post_type=product&#038;p=4246"},"modified":"2023-12-14T11:16:31","modified_gmt":"2023-12-14T11:16:31","slug":"bransoletka-summer-vibes-ii-z-turkusowymi-howlitami-i-rozowymi-kwarcami","status":"publish","type":"product","link":"https:\/\/koraledetale.pl\/?product=bransoletka-summer-vibes-ii-z-turkusowymi-howlitami-i-rozowymi-kwarcami","title":{"rendered":"Bransoletka SUMMER VIBES II z turkusowymi howlitami i r\u00f3\u017cowymi kwarcami"},"content":{"rendered":"<p>Wielko\u015b\u0107 kamieni:<\/p>\n<ul>\n<li>howlit \u2013 4,5 mm,<\/li>\n<li>kwarc r\u00f3\u017cowy \u2013 5 mm,<\/li>\n<li>hematyt \u2013 2 mm.<\/li>\n<\/ul>\n<p>Obw\u00f3d bransoletki: 17 cm + chwosty 3 cm.<\/p>\n","protected":false},"excerpt":{"rendered":"<p>Elastyczna bransoletka z g\u0142adkimi kuleczkami howlitu turkusowego i r\u00f3\u017cowego kwarcu, przeplatanymi z\u0142otymi hematytami, z dwoma chwo\u015bcikami.<\/p>\n","protected":false},"featured_media":4242,"comment_status":"open","ping_status":"closed","template":"","meta":{"advanced_seo_description":"","jetpack_seo_html_title":"","jetpack_seo_noindex":false},"product_brand":[],"product_cat":[229],"product_tag":[1551,1552,1548,1550,463,216,31],"class_list":{"0":"post-4246","1":"product","2":"type-product","3":"status-publish","4":"has-post-thumbnail","6":"product_cat-sprzedane","7":"product_tag-bransoletka-na-gumce-z-kamieniami-naturalnymi","8":"product_tag-bransoletka-z-chwostami","9":"product_tag-bransoletka-z-howlitami-turkusowymi-i-kwarcami-rozowymi","10":"product_tag-bransoletka-z-rozowymi-i-turkusowymi-kamieniami","11":"product_tag-howlit-turkusowy","12":"product_tag-kwarc-rozowy","13":"product_tag-zloty-hematyt","15":"first","16":"outofstock","17":"shipping-taxable","18":"purchasable","19":"product-type-simple"},"jetpack_sharing_enabled":true,"_links":{"self":[{"href":"https:\/\/koraledetale.pl\/index.php?rest_route=\/wp\/v2\/product\/4246","targetHints":{"allow":["GET"]}}],"collection":[{"href":"https:\/\/koraledetale.pl\/index.php?rest_route=\/wp\/v2\/product"}],"about":[{"href":"https:\/\/koraledetale.pl\/index.php?rest_route=\/wp\/v2\/types\/product"}],"replies":[{"embeddable":true,"href":"https:\/\/koraledetale.pl\/index.php?rest_route=%2Fwp%2Fv2%2Fcomments&post=4246"}],"wp:featuredmedia":[{"embeddable":true,"href":"https:\/\/koraledetale.pl\/index.php?rest_route=\/wp\/v2\/media\/4242"}],"wp:attachment":[{"href":"https:\/\/koraledetale.pl\/index.php?rest_route=%2Fwp%2Fv2%2Fmedia&parent=4246"}],"wp:term":[{"taxonomy":"product_brand","embeddable":true,"href":"https:\/\/koraledetale.pl\/index.php?rest_route=%2Fwp%2Fv2%2Fproduct_brand&post=4246"},{"taxonomy":"product_cat","embeddable":true,"href":"https:\/\/koraledetale.pl\/index.php?rest_route=%2Fwp%2Fv2%2Fproduct_cat&post=4246"},{"taxonomy":"product_tag","embeddable":true,"href":"https:\/\/koraledetale.pl\/index.php?rest_route=%2Fwp%2Fv2%2Fproduct_tag&post=4246"}],"curies":[{"name":"wp","href":"https:\/\/api.w.org\/{rel}","templated":true}]}}