{"id":4245,"date":"2023-06-21T10:51:51","date_gmt":"2023-06-21T10:51:51","guid":{"rendered":"https:\/\/koraledetale.pl\/?post_type=product&#038;p=4245"},"modified":"2023-11-02T11:43:58","modified_gmt":"2023-11-02T11:43:58","slug":"bransoletka-summer-vibes-z-turkusowymi-howlitami-i-rozowymi-kwarcami","status":"publish","type":"product","link":"https:\/\/koraledetale.pl\/?product=bransoletka-summer-vibes-z-turkusowymi-howlitami-i-rozowymi-kwarcami","title":{"rendered":"Bransoletka SUMMER VIBES I z turkusowymi howlitami i r\u00f3\u017cowymi kwarcami"},"content":{"rendered":"<p>Wielko\u015b\u0107 kamieni:<\/p>\n<ul>\n<li>howlit \u2013 4,5 mm,<\/li>\n<li>kwarc r\u00f3\u017cowy \u2013 5 mm,<\/li>\n<li>hematyt \u2013 2 mm.<\/li>\n<\/ul>\n<p>Bransoletka posiada \u0142atwy spos\u00f3b regulacji obwodu przez przeci\u0105gni\u0119cie sznureczk\u00f3w przez w\u0119ze\u0142 makramowy. D\u0142ugo\u015b\u0107 bransoletki: 15 &#8211; 20 cm + chwosty 2,8 cm.<\/p>\n","protected":false},"excerpt":{"rendered":"<p>Bransoletka z g\u0142adkich kuleczek howlitu turkusowego i r\u00f3\u017cowego kwarcu, przeplatanych z\u0142otymi hematytami, zasupe\u0142kowanymi na mocnej nici jubilerskiej, zako\u0144czonej chwo\u015bcikami.<\/p>\n","protected":false},"featured_media":4240,"comment_status":"open","ping_status":"closed","template":"","meta":{"advanced_seo_description":"","jetpack_seo_html_title":"","jetpack_seo_noindex":false},"product_brand":[],"product_cat":[229],"product_tag":[1548,1549,1550,463,216,31],"class_list":{"0":"post-4245","1":"product","2":"type-product","3":"status-publish","4":"has-post-thumbnail","6":"product_cat-sprzedane","7":"product_tag-bransoletka-z-howlitami-turkusowymi-i-kwarcami-rozowymi","8":"product_tag-bransoletka-z-kamieniami-naturalnymi-i-chwostami","9":"product_tag-bransoletka-z-rozowymi-i-turkusowymi-kamieniami","10":"product_tag-howlit-turkusowy","11":"product_tag-kwarc-rozowy","12":"product_tag-zloty-hematyt","14":"first","15":"outofstock","16":"shipping-taxable","17":"purchasable","18":"product-type-simple"},"jetpack_sharing_enabled":true,"_links":{"self":[{"href":"https:\/\/koraledetale.pl\/index.php?rest_route=\/wp\/v2\/product\/4245","targetHints":{"allow":["GET"]}}],"collection":[{"href":"https:\/\/koraledetale.pl\/index.php?rest_route=\/wp\/v2\/product"}],"about":[{"href":"https:\/\/koraledetale.pl\/index.php?rest_route=\/wp\/v2\/types\/product"}],"replies":[{"embeddable":true,"href":"https:\/\/koraledetale.pl\/index.php?rest_route=%2Fwp%2Fv2%2Fcomments&post=4245"}],"wp:featuredmedia":[{"embeddable":true,"href":"https:\/\/koraledetale.pl\/index.php?rest_route=\/wp\/v2\/media\/4240"}],"wp:attachment":[{"href":"https:\/\/koraledetale.pl\/index.php?rest_route=%2Fwp%2Fv2%2Fmedia&parent=4245"}],"wp:term":[{"taxonomy":"product_brand","embeddable":true,"href":"https:\/\/koraledetale.pl\/index.php?rest_route=%2Fwp%2Fv2%2Fproduct_brand&post=4245"},{"taxonomy":"product_cat","embeddable":true,"href":"https:\/\/koraledetale.pl\/index.php?rest_route=%2Fwp%2Fv2%2Fproduct_cat&post=4245"},{"taxonomy":"product_tag","embeddable":true,"href":"https:\/\/koraledetale.pl\/index.php?rest_route=%2Fwp%2Fv2%2Fproduct_tag&post=4245"}],"curies":[{"name":"wp","href":"https:\/\/api.w.org\/{rel}","templated":true}]}}