{"id":4224,"date":"2023-06-18T10:10:20","date_gmt":"2023-06-18T10:10:20","guid":{"rendered":"https:\/\/koraledetale.pl\/?post_type=product&#038;p=4224"},"modified":"2023-06-26T11:28:45","modified_gmt":"2023-06-26T11:28:45","slug":"bransoletka-szum-lasu-z-turmalinami-apatytami-i-zoisytami","status":"publish","type":"product","link":"https:\/\/koraledetale.pl\/?product=bransoletka-szum-lasu-z-turmalinami-apatytami-i-zoisytami","title":{"rendered":"Bransoletka SZUM LASU z turmalinami, apatytami i zoisytami"},"content":{"rendered":"<p>Wielko\u015b\u0107 kamieni:<\/p>\n<ul>\n<li>turmalin &#8211; 3 mm i ok. 4,5&#215;3 mm,<\/li>\n<li>zoisyt &#8211; 3,5 mm,<\/li>\n<li>apatyt &#8211; 3,8 mm,<\/li>\n<li>hematyt &#8211; 2 mm.<\/li>\n<\/ul>\n<p>D\u0142ugo\u015b\u0107 bransoletki &#8211; 16,7 &#8211; 19,2 cm.<\/p>\n<p>Wszystkie elementy metalowe wykonane s\u0105 z nieuczulaj\u0105cej stali chirurgicznej (szlachetnej).<\/p>\n","protected":false},"excerpt":{"rendered":"<p>Bransoletka z fasetowanymi zielonymi apatytami, przeplatanymi nieco mniejszymi zoisytami, turmalinami oraz wi\u0119kszymi, ciosanymi turmalinami i z\u0142otymi hematytami.<\/p>\n","protected":false},"featured_media":4219,"comment_status":"open","ping_status":"closed","template":"","meta":{"advanced_seo_description":"","jetpack_seo_html_title":"","jetpack_seo_noindex":false},"product_brand":[],"product_cat":[229],"product_tag":[1539,656,1538,87,1540,126,31],"class_list":{"0":"post-4224","1":"product","2":"type-product","3":"status-publish","4":"has-post-thumbnail","6":"product_cat-sprzedane","7":"product_tag-bransoletka-z-apatytami-turmalinami-i-zoisytami","8":"product_tag-bransoletka-z-zielonymi-kamieniami-naturalnymi","9":"product_tag-bransoletka-z-zielonymi-krysztalami","10":"product_tag-turmalin","11":"product_tag-zielony-apatyt","12":"product_tag-zoisyt","13":"product_tag-zloty-hematyt","15":"first","16":"outofstock","17":"shipping-taxable","18":"purchasable","19":"product-type-simple"},"jetpack_sharing_enabled":true,"_links":{"self":[{"href":"https:\/\/koraledetale.pl\/index.php?rest_route=\/wp\/v2\/product\/4224","targetHints":{"allow":["GET"]}}],"collection":[{"href":"https:\/\/koraledetale.pl\/index.php?rest_route=\/wp\/v2\/product"}],"about":[{"href":"https:\/\/koraledetale.pl\/index.php?rest_route=\/wp\/v2\/types\/product"}],"replies":[{"embeddable":true,"href":"https:\/\/koraledetale.pl\/index.php?rest_route=%2Fwp%2Fv2%2Fcomments&post=4224"}],"wp:featuredmedia":[{"embeddable":true,"href":"https:\/\/koraledetale.pl\/index.php?rest_route=\/wp\/v2\/media\/4219"}],"wp:attachment":[{"href":"https:\/\/koraledetale.pl\/index.php?rest_route=%2Fwp%2Fv2%2Fmedia&parent=4224"}],"wp:term":[{"taxonomy":"product_brand","embeddable":true,"href":"https:\/\/koraledetale.pl\/index.php?rest_route=%2Fwp%2Fv2%2Fproduct_brand&post=4224"},{"taxonomy":"product_cat","embeddable":true,"href":"https:\/\/koraledetale.pl\/index.php?rest_route=%2Fwp%2Fv2%2Fproduct_cat&post=4224"},{"taxonomy":"product_tag","embeddable":true,"href":"https:\/\/koraledetale.pl\/index.php?rest_route=%2Fwp%2Fv2%2Fproduct_tag&post=4224"}],"curies":[{"name":"wp","href":"https:\/\/api.w.org\/{rel}","templated":true}]}}